000
CXUS53 KDDC 012232 CCA
CLMGCK

CLIMATE REPORT
NATIONAL WEATHER SERVICE DODGE CITY KS
1037 AM CDT MON JUN 1 2015

...................................

...THE GARDEN CITY REGIONAL ARPT KS CLIMATE SUMMARY FOR THE MONTH OF MAY 2015...

CLIMATE NORMAL PERIOD 1981 TO 2010
CLIMATE RECORD PERIOD 1948 TO 2015

WEATHER         OBSERVED          NORMAL  DEPART  LAST YEAR`S
                 VALUE   DATE(S)  VALUE   FROM    VALUE  DATE(S)
                                          NORMAL
................................................................
TEMPERATURE (F)
RECORD
 HIGH             106   05/26/1953
 LOW               25   05/13/1966
HIGHEST            89   05/02        MM      MM      100  05/19
LOWEST             37   05/12        MM      MM       29  05/02
AVG. MAXIMUM     71.4              76.5    -5.1     81.5
AVG. MINIMUM     48.5              50.1    -1.6     48.3
MEAN             60.0              63.3    -3.3     64.9
DAYS MAX >= 90      0               2.9    -2.9       10
DAYS MAX <= 32      0               0.0     0.0        0
DAYS MIN <= 32      0               0.2    -0.2        2
DAYS MIN <= 0       0               0.0     0.0        0

PRECIPITATION (INCHES)
RECORD
 MAXIMUM         7.96   1990
 MINIMUM         0.14   2012
TOTALS           7.37              2.88    4.49     0.69
DAYS >= .01        15               9.2     5.8        4
DAYS >= .10        11               5.0     6.0        1
DAYS >= .50         6               2.0     4.0        1
DAYS >= 1.00        3               0.8     2.2        0
GREATEST
 24 HR. TOTAL    1.52   05/04 TO 05/05           05/22 TO 05/22
                                                          05/22 TO 05/22
                                                          05/22 TO 05/22

DEGREE_DAYS
HEATING TOTAL     173               129      44      116
 SINCE 7/1       4961              5191    -230     5387
COOLING TOTAL      23                77     -54      122
 SINCE 1/1         30                89     -59      143
...................................................

WIND (MPH)
AVERAGE WIND SPEED              13.2
HIGHEST WIND SPEED/DIRECTION    51/080    DATE  05/09
HIGHEST GUST SPEED/DIRECTION    62/040    DATE  05/27


WEATHER CONDITIONS. NUMBER OF DAYS WITH
THUNDERSTORM             12     MIXED PRECIP               0
HEAVY RAIN                8     RAIN                      11
LIGHT RAIN               14     FREEZING RAIN              0
LT FREEZING RAIN          0     HAIL                       0
HEAVY SNOW                0     SNOW                       0
LIGHT SNOW                0     SLEET                      0
FOG                      18     FOG W/VIS <= 1/4 MILE      3
HAZE                      3

-  INDICATES NEGATIVE NUMBERS.
R  INDICATES RECORD WAS SET OR TIED.
MM INDICATES DATA IS MISSING.
T  INDICATES TRACE AMOUNT.

$$
