823
CXUS51 KPHI 011219
CLMGED


CLIMATE REPORT
NATIONAL WEATHER SERVICE MOUNT HOLLY NJ
718 AM EST THU FEB 1 2018

...................................

...THE GEORGETOWN DE CLIMATE SUMMARY FOR THE MONTH OF JANUARY 2018...

CLIMATE NORMAL PERIOD 1981 TO 2010
CLIMATE RECORD PERIOD 1948 TO 2018

WEATHER         OBSERVED          NORMAL  DEPART  LAST YEAR`S
                 VALUE   DATE(S)  VALUE   FROM    VALUE
                                          NORMAL
.............................................................
TEMPERATURE (F)
RECORD
 HIGH              77   01/30/2002
 LOW              -13   01/28/1987
HIGHEST            69                MM      MM       69
LOWEST              0                MM      MM        2
AVG. MAXIMUM     44.1              43.5     0.6     47.6
AVG. MINIMUM     24.4              26.6    -2.2     33.1
MEAN             34.3              35.0    -0.7     40.4
DAYS MAX >= 90      0               0.0     0.0        0
DAYS MAX <= 32      7               5.4     1.6        3
DAYS MIN <= 32     23              21.4     1.6       13
DAYS MIN <= 0       1               0.0     1.0        0

PRECIPITATION (INCHES)
RECORD
 MAXIMUM           MM   MM
 MINIMUM           MM   MM
TOTALS           2.85              2.92   -0.07     3.13
DAILY AVG.       0.09              0.09    0.00     0.10
DAYS >= .01         9               9.0     0.0       11
DAYS >= .10         6               4.9     1.1        7
DAYS >= .50         2               2.2    -0.2        4
DAYS >= 1.00        0               0.8    -0.8        0
GREATEST
 24 HR. TOTAL    0.85   01/28 TO 01/28              0.76

DEGREE_DAYS
HEATING TOTAL     945               928      17      756
 SINCE 7/1       2416              2510     -94     2154
COOLING TOTAL       0                 0       0        0
 SINCE 1/1          0                 0       0        0
..............................................................

WIND (MPH)
AVERAGE WIND SPEED              7.8
HIGHEST WIND SPEED/DIRECTION    30/220    DATE  01/27
HIGHEST GUST SPEED/DIRECTION    40/300    DATE  01/04

SKY COVER
POSSIBLE SUNSHINE (PERCENT)   MM
AVERAGE SKY COVER           0.40
NUMBER OF DAYS FAIR           15
NUMBER OF DAYS PC              9
NUMBER OF DAYS CLOUDY          7

AVERAGE RH (PERCENT)     62

WEATHER CONDITIONS. NUMBER OF DAYS WITH
THUNDERSTORM              0     MIXED PRECIP               0
HEAVY RAIN                2     RAIN                       3
LIGHT RAIN                7     FREEZING RAIN              0
LT FREEZING RAIN          0     HEAVY SNOW                 1
SNOW                      1     LIGHT SNOW                 6
SLEET                     0     FOG                       13
FOG W/VIS <= 1/4 MILE     2     HAZE                       3

-  INDICATES NEGATIVE NUMBERS.
R  INDICATES RECORD WAS SET OR TIED.
MM INDICATES DATA IS MISSING.
T  INDICATES TRACE AMOUNT.

$$
