000
CXUS51 KPHI 011145
CLMGED


CLIMATE REPORT
NATIONAL WEATHER SERVICE MOUNT HOLLY NJ
743 AM EDT FRI SEP 1 2017

...................................

...THE GEORGETOWN DE CLIMATE SUMMARY FOR THE MONTH OF AUGUST 2017...

CLIMATE NORMAL PERIOD 1981 TO 2010
CLIMATE RECORD PERIOD 1948 TO 2017

WEATHER         OBSERVED          NORMAL  DEPART  LAST YEAR`S
                 VALUE   DATE(S)  VALUE   FROM    VALUE
                                          NORMAL
.............................................................
TEMPERATURE (F)
RECORD
 HIGH             100   08/03/2006
                        08/13/2002
                        08/31/1953
 LOW               42   08/30/1986
                        08/29/1986
                        08/31/1976
HIGHEST            93                MM      MM       96
LOWEST             57                MM      MM       58
AVG. MAXIMUM     83.9              84.8    -0.9     88.6
AVG. MINIMUM     66.3              66.4    -0.1     68.6
MEAN             75.1              75.6    -0.5     78.6
DAYS MAX >= 90      3               5.8    -2.8       11
DAYS MAX <= 32      0               0.0     0.0        0
DAYS MIN <= 32      0               0.0     0.0        0
DAYS MIN <= 0       0               0.0     0.0        0

PRECIPITATION (INCHES)
RECORD
 MAXIMUM           MM   MM
 MINIMUM           MM   MM
TOTALS           7.41              3.53    3.88     3.88
DAILY AVG.       0.24              0.11    0.13     0.13
DAYS >= .01         9              12.4    -3.4        8
DAYS >= .10         6               5.1     0.9        5
DAYS >= .50         5               2.5     2.5        4
DAYS >= 1.00        4               1.4     2.6        1
GREATEST
 24 HR. TOTAL    1.81   08/03 TO 08/03              1.59

DEGREE_DAYS
HEATING TOTAL       0                 1      -1        0
 SINCE 7/1          0                 1      -1        0
COOLING TOTAL     320               329      -9      429
 SINCE 1/1       1233              1029     204     1214
..............................................................

WIND (MPH)
AVERAGE WIND SPEED              5.4
HIGHEST WIND SPEED/DIRECTION    31/130    DATE  08/03
HIGHEST GUST SPEED/DIRECTION    44/140    DATE  08/03

SKY COVER
POSSIBLE SUNSHINE (PERCENT)   MM
AVERAGE SKY COVER           0.40
NUMBER OF DAYS FAIR           18
NUMBER OF DAYS PC             10
NUMBER OF DAYS CLOUDY          3

AVERAGE RH (PERCENT)     73

WEATHER CONDITIONS. NUMBER OF DAYS WITH
THUNDERSTORM              0     MIXED PRECIP               0
HEAVY RAIN                6     RAIN                       6
LIGHT RAIN               13     FREEZING RAIN              0
LT FREEZING RAIN          0     HEAVY SNOW                 0
SNOW                      0     LIGHT SNOW                 0
SLEET                     0     FOG                       18
FOG W/VIS <= 1/4 MILE     2     HAZE                       3

-  INDICATES NEGATIVE NUMBERS.
R  INDICATES RECORD WAS SET OR TIED.
MM INDICATES DATA IS MISSING.
T  INDICATES TRACE AMOUNT.

$$
