000
CXUS55 KGGW 011042 CCA
CLMGGW

CLIMATE REPORT
NATIONAL WEATHER SERVICE GLASGOW MT
202 AM MST THU DEC 1 2016

...................................

...THE GLASGOW CLIMATE SUMMARY FOR THE MONTH OF NOVEMBER 2016...

CLIMATE NORMAL PERIOD 1981 TO 2010
CLIMATE RECORD PERIOD 1893 TO 2016

WEATHER         OBSERVED          NORMAL  DEPART  LAST YEAR`S
                 VALUE   DATE(S)  VALUE   FROM    VALUE  DATE(S)
                                          NORMAL
................................................................
TEMPERATURE (F)
RECORD
 HIGH              84   11/11/1903
 LOW              -41   11/27/1896
HIGHEST            67   11/09                         64  11/01
                        11/03
LOWEST             21   11/30                         -5  11/26
                        11/26
                        11/19
AVG. MAXIMUM     50.6              39.7    10.9     42.6
AVG. MINIMUM     29.1              19.0    10.1     21.2
MEAN             39.8              29.3    10.5     31.9
DAYS MAX >= 90      0                                  0
DAYS MAX <= 32      2                                  7
DAYS MIN <= 32     20                                 25
DAYS MIN <= 0       0                                  3

PRECIPITATION (INCHES)
RECORD
 MAXIMUM         1.75   1896
 MINIMUM         0.00   1928
TOTALS           0.06              0.40   -0.34     0.60
DAILY AVG.       0.00              0.01   -0.01     0.02
DAYS >= .01         1                                  6
DAYS >= .10         0                                  1
DAYS >= .50         0                                  0
DAYS >= 1.00        0                                  0
GREATEST
 24 HR. TOTAL    0.69   10/31 TO 11/01

SNOWFALL (INCHES)
RECORDS
 TOTAL           23.3   1996
 SNOW DEPTH        13   11/25/1996
                        11/24/1996
                        11/23/1996
TOTALS              T               5.1    -5.1      1.0
 LIQUID EQUIV      MM              0.50      MM     0.10
SINCE 7/1         0.4               6.6    -6.2      1.0
 LIQUID 7/1      0.04              0.70   -0.66     0.10
SNOWDEPTH AVG.      0                                  0
DAYS >= TRACE       3                                  4
DAYS >= 1.0         0                                  0
GREATEST
 SNOW DEPTH         0   MM                             1  11/30
                                                          11/29
                                                          11/28
 24 HR TOTAL        T   11/30 TO 11/30

DEGREE_DAYS
HEATING TOTAL     746              1069    -323      987
 SINCE 7/1       1619              1993    -374     1662
COOLING TOTAL       0                 0       0        0
 SINCE 1/1        434               533     -99      619
.................................................................

WIND (MPH)
AVERAGE WIND SPEED              11.3
RESULTANT WIND SPEED/DIRECTION   2/248
HIGHEST WIND SPEED/DIRECTION    38/300    DATE  11/06
HIGHEST GUST SPEED/DIRECTION    48/290    DATE  11/06

SKY COVER
POSSIBLE SUNSHINE (PERCENT)   MM
AVERAGE SKY COVER           0.20
NUMBER OF DAYS FAIR           22
NUMBER OF DAYS PC              5
NUMBER OF DAYS CLOUDY          3

AVERAGE RH (PERCENT)     69

WEATHER CONDITIONS. NUMBER OF DAYS WITH
THUNDERSTORM              0     MIXED PRECIP               0
HEAVY RAIN                0     RAIN                       0
LIGHT RAIN                3     FREEZING RAIN              0
LT FREEZING RAIN          0     HAIL                       0
HEAVY SNOW                0     SNOW                       0
LIGHT SNOW                3     SLEET                      0
FOG                       8     FOG W/VIS <= 1/4 MILE      2
HAZE                      2

-  INDICATES NEGATIVE NUMBERS.
R  INDICATES RECORD WAS SET OR TIED.
MM INDICATES DATA IS MISSING.
T  INDICATES TRACE AMOUNT.

&&

TEMPERATURES FOR NOVEMBER WERE WELL ABOVE NORMAL, BUT THE MONTH WAS
DRIER THAN NORMAL. IN FACT, IT WAS THE 4TH WARMEST NOVEMBER ON
RECORD. 0.06 INCHES OF PRECIPITATION FELL IN GLASGOW DURING THE
MONTH, WHICH WAS 0.34 INCHES BELOW NORMAL. THE HIGHEST AMOUNT FELL
ON THE 14TH WITH 0.06 INCHES, AND THIS WAS ALSO THE ONLY MEASUREABLE
RAINFALL OF THE MONTH. LIGHT SNOW WAS RECORDED ON 3 DAYS OF THE
MONTH, ALTHOUGH ONLY A TRACE WAS RECORDED ON EACH OF THESE INSTANCES.

THE AVERAGE TEMPERATURE FOR THE MONTH WAS 39.8 DEGREES, WHICH WAS
10.5 DEGREES WARMER THAN NORMAL. THE AVERAGE HIGH WAS 50.6 DEGREES,
WITH AN AVERAGE LOW OF 29.1 DEGREES. THE WARMEST TEMPERATURE OF THE
MONTH WAS 67 DEGREES WHICH WAS REACHED ON THE 3RD AND THE 9TH. THE
COLDEST TEMPERATURE OF THE MONTH WAS 21 DEGREES REACHED ON 5
DAYS...THE 17TH, 18TH, 19TH, 26TH, AND 30TH. OF NOTE IS THIS IS THE
ONLY NOVEMBER ON RECORD IN WHICH THE LOW TEMPERATURE DID NOT DROP
BELOW 20 DEGREES. PREVIOUSLY, THE WARMEST LOW TEMPERATURE DURING
NOVEMBER WAS 18 DEGREES, WHICH OCCURRED IN 1999 AND 1962.

THE WIND GUSTED TO 30 MPH OR GREATER ON 11 DAYS, WITH A PEAK WIND
OF 48 MPH ON THE 6TH.

LOOKING AHEAD TO DECEMBER, NORMAL HIGH TEMPERATURES START THE MONTH
IN THE LOWER 30S WITH LOWS IN THE LOWER TEENS. BY THE END OF THE
MONTH, NORMAL HIGHS ARE IN THE LOWER 20S WITH LOWS IN THE MID SINGLE
DIGITS. MOISTURE FOR THE MONTH AVERAGES 0.38 INCHES WITH AN AVERAGE
SNOWFALL OF 8.0 INCHES.

$$
