000
CXUS53 KGLD 030656 CCA
CLMGLD

CLIMATE REPORT
NATIONAL WEATHER SERVICE GOODLAND
109 PM MDT WED OCT 1 2014

...................................

...THE GOODLAND KS CLIMATE SUMMARY FOR THE MONTH OF SEPTEMBER 2014...

CLIMATE NORMAL PERIOD 1981 TO 2010
CLIMATE RECORD PERIOD 1895 TO 2014

WEATHER         OBSERVED          NORMAL  DEPART  LAST YEAR`S
                 VALUE   DATE(S)  VALUE   FROM    VALUE  DATE(S)
                                          NORMAL
................................................................
TEMPERATURE (F)
RECORD
 HIGH             105   09/02/1939
 LOW               19   09/30/1985
HIGHEST           100   09/03        95       5      100  09/07
                                                          09/06
LOWEST             34   09/12        35      -1       40  09/28
AVG. MAXIMUM     79.3              79.1     0.2     82.9
AVG. MINIMUM     51.4              50.1     1.3     55.7
MEAN             65.3              64.6     0.7     69.3
DAYS MAX >= 90      3               5.0    -2.0        8
DAYS MAX <= 32      0               0.0     0.0        0
DAYS MIN <= 32      0               0.5    -0.5        0
DAYS MIN <= 0       0               0.0     0.0        0

PRECIPITATION (INCHES)
RECORD
 MAXIMUM         6.49   2013
 MINIMUM         0.01   1922
TOTALS           2.04              1.22    0.82     6.49
DAILY AVG.       0.07              0.04    0.03     0.22
DAYS >= .01         8               5.5     2.5        8
DAYS >= .10         4               2.9     1.1        5
DAYS >= .50         2               0.6     1.4        3
DAYS >= 1.00        0               0.2    -0.2        2
GREATEST
 24 HR. TOTAL    0.77   09/11 TO 09/12              4.85

SNOWFALL (INCHES)
RECORDS
 TOTAL            5.8   1995
TOTALS              T               0.4    -0.4      0.0
SINCE 7/1           T               0.4    -0.4      0.0
SNOWDEPTH AVG.      0                                  0
DAYS >= 1.0         0               0.1    -0.1        0
GREATEST
 SNOW DEPTH         0                                  0
 24 HR TOTAL        T   09/12 TO 09/12           09/30 TO 09/30

DEGREE_DAYS
HEATING TOTAL     100               112     -12       47
 SINCE 7/1        113               124     -11       54
COOLING TOTAL     117               100      17      183
 SINCE 1/1        919               933     -14     1181
.................................................

WIND (MPH)
AVERAGE WIND SPEED              11.1
HIGHEST WIND SPEED/DIRECTION    37/160    DATE  09/29
HIGHEST GUST SPEED/DIRECTION    47/160    DATE  09/29

SKY COVER
AVERAGE SKY COVER           0.20

AVERAGE RH (PERCENT)     66

WEATHER CONDITIONS. NUMBER OF DAYS WITH
THUNDERSTORM              7     MIXED PRECIP               0
HEAVY RAIN                3     RAIN                       2
LIGHT RAIN               10     FREEZING RAIN              0
LT FREEZING RAIN          0     HAIL                       0
HEAVY SNOW                0     SNOW                       0
LIGHT SNOW                1     SLEET                      0
FOG                      12     FOG W/VIS <= 1/4 MILE      3
HAZE                      3

-  INDICATES NEGATIVE NUMBERS.
R  INDICATES RECORD WAS SET OR TIED.
MM INDICATES DATA IS MISSING.
T  INDICATES TRACE AMOUNT.

$$
