000
CXUS52 KJAX 012108 RRA
CLMGNV

CLIMATE REPORT
NATIONAL WEATHER SERVICE JACKSONVILLE FL
508 PM EDT MON AUG 1 2016

...................................

...THE GAINESVILLE CLIMATE SUMMARY FOR THE MONTH OF JULY 2016...

CLIMATE NORMAL PERIOD 1981 TO 2010
CLIMATE RECORD PERIOD 1890 TO 2016

WEATHER         OBSERVED          NORMAL  DEPART  LAST YEAR`S
                 VALUE   DATE(S)  VALUE   FROM    VALUE  DATE(S)
                                          NORMAL
................................................................
TEMPERATURE (F)
RECORD
 HIGH             102   07/21/1942
 LOW               60   07/15/1897
HIGHEST            98   07/31        91       7       96  07/12
                                                          07/11
LOWEST             68   07/25        71      -3       65  07/06
AVG. MAXIMUM     94.6              90.9     3.7     91.8
AVG. MINIMUM     72.5              71.5     1.0     72.4
MEAN             83.6              81.2     2.4     82.1
DAYS MAX >= 90     29              20.5     8.5       26
DAYS MAX <= 32      0               0.0     0.0        0
DAYS MIN <= 32      0               0.0     0.0        0
DAYS MIN <= 0       0               0.0     0.0        0

PRECIPITATION (INCHES)
RECORD
 MAXIMUM        16.65   2013
 MINIMUM         1.44   1977
TOTALS           1.49              6.07   -4.58     8.09
DAILY AVG.       0.05              0.20   -0.15     0.26
DAYS >= .01         9              15.4    -6.4       22
DAYS >= .10         4              10.2    -6.2       16
DAYS >= .50         0               4.0    -4.0        7
DAYS >= 1.00        0               1.6    -1.6        2
GREATEST
 24 HR. TOTAL    0.54

SNOWFALL (INCHES)
RECORDS
 TOTAL             MM   MM
TOTALS            0.0               0.0     0.0      0.0
SINCE 7/1         0.0               0.0     0.0      0.0
SNOWDEPTH AVG.      0                MM      MM        0
DAYS >= 1.0         0               0.0     0.0        0
GREATEST
 SNOW DEPTH         0   MM                             0  MM
 24 HR TOTAL      0.0

DEGREE_DAYS
HEATING TOTAL       0                 0       0        0
 SINCE 7/1          0                 0       0        0
COOLING TOTAL     584               502      82      540
 SINCE 1/1       1689              1451     238     1765
.................................................................

WIND (MPH)
AVERAGE WIND SPEED              4.5
HIGHEST WIND SPEED/DIRECTION    32/280    DATE  07/13
HIGHEST GUST SPEED/DIRECTION    44/290    DATE  07/13

SKY COVER
POSSIBLE SUNSHINE (PERCENT)   MM
AVERAGE SKY COVER           0.20
NUMBER OF DAYS FAIR           30
NUMBER OF DAYS PC              1
NUMBER OF DAYS CLOUDY          0

AVERAGE RH (PERCENT)     72

WEATHER CONDITIONS. NUMBER OF DAYS WITH
THUNDERSTORM              0     MIXED PRECIP               0
HEAVY RAIN                3     RAIN                       2
LIGHT RAIN               19     FREEZING RAIN              0
LT FREEZING RAIN          0     HAIL                       0
HEAVY SNOW                0     SNOW                       0
LIGHT SNOW                0     SLEET                      0
FOG                       9     FOG W/VIS <= 1/4 MILE      0
HAZE                      2

-  INDICATES NEGATIVE NUMBERS.
R  INDICATES RECORD WAS SET OR TIED.
MM INDICATES DATA IS MISSING.
T  INDICATES TRACE AMOUNT.

$$
