000
CXUS53 KGRB 010913
CLMGRB

CLIMATE REPORT
NATIONAL WEATHER SERVICE GREEN BAY
410 AM CDT SAT NOV 1 2014

...................................

...THE GREEN BAY WI CLIMATE SUMMARY FOR THE MONTH OF OCTOBER 2014...

CLIMATE NORMAL PERIOD 1981 TO 2010
CLIMATE RECORD PERIOD 1886 TO 2014

WEATHER         OBSERVED          NORMAL  DEPART  LAST YEAR`S
                 VALUE   DATE(S)  VALUE   FROM    VALUE  DATE(S)
                                          NORMAL
................................................................
TEMPERATURE (F)
RECORD
 HIGH              88   10/06/1963
 LOW                8   10/25/1887
HIGHEST            68   10/27        77      -9       81  10/01
LOWEST             29   10/22        24       5       24  10/28
AVG. MAXIMUM     56.3              56.6    -0.3     58.9
AVG. MINIMUM     39.7              37.7     2.0     39.2
MEAN             48.0              47.1     0.9     49.1
DAYS MAX >= 90      0               0.0     0.0        0
DAYS MAX <= 32      0               0.1    -0.1        0
DAYS MIN <= 32      5               8.5    -3.5        8
DAYS MIN <= 0       0               0.0     0.0        0

PRECIPITATION (INCHES)
RECORD
 MAXIMUM         5.40   1886
 MINIMUM            T   1952
TOTALS           2.51              2.44    0.07     2.95
DAILY AVG.       0.08              0.08    0.00     0.10
DAYS >= .01        12              10.5     1.5       10
DAYS >= .10         6               5.6     0.4        5
DAYS >= .50         1               1.3    -0.3        3
DAYS >= 1.00        1               0.4     0.6        1
GREATEST
 24 HR. TOTAL    1.26   10/13 TO 10/14

SNOWFALL (INCHES)
RECORDS
 TOTAL           10.3   1887
TOTALS              T               0.2    -0.2        T
SINCE 7/1           T               0.2    -0.2        T
SNOWDEPTH AVG.      0                MM      MM        0
DAYS >= 1.0         0               0.1    -0.1        0
GREATEST
 SNOW DEPTH         0   MM                             0  MM
 24 HR TOTAL        T   10/31 TO 10/31

DEGREE_DAYS
HEATING TOTAL     520               556     -36      487
 SINCE 7/1        746               826     -80      698
COOLING TOTAL       0                 3      -3        2
 SINCE 1/1        362               398     -36      535
.................................................................

WIND (MPH)
AVERAGE WIND SPEED              8.9
HIGHEST WIND SPEED/DIRECTION    41/020    DATE  10/14
HIGHEST GUST SPEED/DIRECTION    53/030    DATE  10/14

SKY COVER
POSSIBLE SUNSHINE (PERCENT)   MM
AVERAGE SKY COVER           0.60
NUMBER OF DAYS FAIR           10
NUMBER OF DAYS PC              6
NUMBER OF DAYS CLOUDY         15

AVERAGE RH (PERCENT)     75

WEATHER CONDITIONS. NUMBER OF DAYS WITH
THUNDERSTORM              1     MIXED PRECIP               0
HEAVY RAIN                4     RAIN                       6
LIGHT RAIN               16     FREEZING RAIN              0
LT FREEZING RAIN          0     HAIL                       0
HEAVY SNOW                0     SNOW                       0
LIGHT SNOW                1     SLEET                      0
FOG                      15     FOG W/VIS <= 1/4 MILE      2
HAZE                      4

-  INDICATES NEGATIVE NUMBERS.
R  INDICATES RECORD WAS SET OR TIED.
MM INDICATES DATA IS MISSING.
T  INDICATES TRACE AMOUNT.

$$
