000
CXUS53 KGRB 010751
CLMGRB


CLIMATE REPORT
NATIONAL WEATHER SERVICE GREEN BAY
249 AM CDT SAT APR 1 2017

...................................

...THE GREEN BAY WI CLIMATE SUMMARY FOR THE MONTH OF MARCH 2017...

CLIMATE NORMAL PERIOD 1981 TO 2010
CLIMATE RECORD PERIOD 1886 TO 2017

WEATHER         OBSERVED          NORMAL  DEPART  LAST YEAR`S
                 VALUE   DATE(S)  VALUE   FROM    VALUE  DATE(S)
                                          NORMAL
................................................................
TEMPERATURE (F)
RECORD
 HIGH              82   03/21/2012
                        03/29/1910
 LOW              -24   03/03/2014
HIGHEST            59   03/07        59       0       66  03/08
LOWEST              6   03/04         0       6        6  03/02
                        03/03
AVG. MAXIMUM     38.8              39.2    -0.4     44.6
AVG. MINIMUM     24.6              22.4     2.2     29.1
MEAN             31.7              30.8     0.9     36.8
DAYS MAX >= 90      0               0.0     0.0        0
DAYS MAX <= 32      8               7.2     0.8        3
DAYS MIN <= 32     23              26.3    -3.3       17
DAYS MIN <= 0       0               1.1    -1.1        0

PRECIPITATION (INCHES)
RECORD
 MAXIMUM         5.69   1888
 MINIMUM         0.15   1999
TOTALS           2.30              1.85    0.45     4.05
DAILY AVG.       0.07              0.06    0.01     0.13
DAYS >= .01        12              10.6     1.4       14
DAYS >= .10         7               4.6     2.4        9
DAYS >= .50         2               1.2     0.8        4
DAYS >= 1.00        0               0.3    -0.3        0
GREATEST
 24 HR. TOTAL    0.55   03/24 TO 03/24

SNOWFALL (INCHES)
RECORDS
 TOTAL           48.2   1888
TOTALS            9.0               8.1     0.9     11.8
SINCE 7/1        53.2              48.3     4.9     45.6
SNOWDEPTH AVG.      1                 3      -2        1
DAYS >= 1.0         2               2.6    -0.6        4
GREATEST
 SNOW DEPTH         6   03/02                          7  03/25
 24 HR TOTAL      5.9   MM

DEGREE_DAYS
HEATING TOTAL    1024              1060     -36      865
 SINCE 7/1       5597              6900   -1303     5676
COOLING TOTAL       0                 0       0        0
 SINCE 1/1          0                 0       0        0
.................................................................

WIND (MPH)
AVERAGE WIND SPEED              10.9
HIGHEST WIND SPEED/DIRECTION    43/280    DATE  03/08
HIGHEST GUST SPEED/DIRECTION    57/280    DATE  03/08

SKY COVER
POSSIBLE SUNSHINE (PERCENT)   MM
AVERAGE SKY COVER           0.50
NUMBER OF DAYS FAIR           13
NUMBER OF DAYS PC              8
NUMBER OF DAYS CLOUDY         10

AVERAGE RH (PERCENT)     73

WEATHER CONDITIONS. NUMBER OF DAYS WITH
THUNDERSTORM              0     MIXED PRECIP               0
HEAVY RAIN                0     RAIN                       2
LIGHT RAIN               14     FREEZING RAIN              0
LT FREEZING RAIN          0     HAIL                       0
HEAVY SNOW                1     SNOW                       2
LIGHT SNOW               10     SLEET                      0
FOG                      12     FOG W/VIS <= 1/4 MILE      1
HAZE                      2

-  INDICATES NEGATIVE NUMBERS.
R  INDICATES RECORD WAS SET OR TIED.
MM INDICATES DATA IS MISSING.
T  INDICATES TRACE AMOUNT.

$$
