000
CXUS54 KJAN 030232
CLMHBG


CLIMATE REPORT
NATIONAL WEATHER SERVICE JACKSON MS
930 PM CDT TUE SEP 2 2014

...................................

...THE HATTIESBURG CLIMATE SUMMARY FOR THE MONTH OF AUGUST 2014...

CLIMATE NORMAL PERIOD 1981 TO 2010
CLIMATE RECORD PERIOD 1948 TO 2014

WEATHER         OBSERVED          NORMAL  DEPART  LAST YEAR`S
                 VALUE   DATE(S)  VALUE   FROM    VALUE  DATE(S)
                                          NORMAL
................................................................
TEMPERATURE (F)
RECORD
 HIGH             106   08/30/1951
 LOW               55   08/15/2004
                        08/28/1952
HIGHEST           100   08/24        MM      MM       97  08/07
LOWEST             63   08/15        71      -8       62  08/27
                        08/14
AVG. MAXIMUM     94.0              92.2     1.8     90.2
AVG. MINIMUM     71.4              70.8     0.6     71.4
MEAN             82.7              81.5     1.2     80.8
DAYS MAX >= 90     30              22.5     7.5       19
DAYS MAX <= 32      0               0.0     0.0        0
DAYS MIN <= 32      0               0.0     0.0        0
DAYS MIN <= 0       0               0.0     0.0        0

PRECIPITATION (INCHES)
RECORD
 MAXIMUM        14.68   2012
 MINIMUM         0.19   1976
TOTALS           1.60              4.73   -3.13     4.03
DAILY AVG.       0.05              0.15   -0.10     0.13
DAYS >= .01        10                MM      MM       11
DAYS >= .10         5                MM      MM        7
DAYS >= .50         1                MM      MM        2
DAYS >= 1.00        0                MM      MM        2
GREATEST
 24 HR. TOTAL    0.54   08/29 TO 08/30              1.70

SNOWFALL (INCHES)
TOTALS            0.0
GREATEST
 24 HR TOTAL      0.0

DEGREE_DAYS
HEATING TOTAL       0                 0       0        0
 SINCE 7/1          0                 0       0        0
COOLING TOTAL     557               511      46      499
 SINCE 1/1       1879              1871       8     1779
.................................................................

WIND (MPH)
AVERAGE WIND SPEED              3.6
HIGHEST WIND SPEED/DIRECTION    30/330    DATE  08/18
HIGHEST GUST SPEED/DIRECTION    41/330    DATE  08/18

SKY COVER
POSSIBLE SUNSHINE (PERCENT)   MM
AVERAGE SKY COVER           0.20
NUMBER OF DAYS FAIR           27
NUMBER OF DAYS PC              4
NUMBER OF DAYS CLOUDY          0

AVERAGE RH (PERCENT)     70

WEATHER CONDITIONS. NUMBER OF DAYS WITH
THUNDERSTORM             15     MIXED PRECIP               0
HEAVY RAIN                5     RAIN                       4
LIGHT RAIN               17     FREEZING RAIN              0
LT FREEZING RAIN          0     HAIL                       0
HEAVY SNOW                0     SNOW                       0
LIGHT SNOW                0     SLEET                      0
FOG                      19     FOG W/VIS <= 1/4 MILE      8
HAZE                     12

-  INDICATES NEGATIVE NUMBERS.
R  INDICATES RECORD WAS SET OR TIED.
MM INDICATES DATA IS MISSING.
T  INDICATES TRACE AMOUNT.

$$
