000
CXUS56 KHNX 020244
CLMHJO

CLIMATE REPORT
NATIONAL WEATHER SERVICE SAN JOAQUIN VALLEY - HANFORD CA
630 PM PDT FRI AUG 1 2014

...................................

...THE HANFORD CA AIRPORT CLIMATE SUMMARY FOR THE MONTH OF JULY
2014...

CLIMATE NORMAL PERIOD 1981 TO 2010
CLIMATE RECORD PERIOD 1998 TO 2014

WEATHER         OBSERVED          NORMAL  DEPART  LAST YEAR`S
                 VALUE   DATE(S)  VALUE   FROM    VALUE  DATE(S)
                                          NORMAL
................................................................
TEMPERATURE (F)
RECORD
 HIGH             111   07/02/2013
                        07/25/2006
                        07/24/2006
                        07/23/2006
 LOW               55   07/01/2010
                        07/23/2008
                        07/08/2003

HIGHEST           108   07/08        MM      MM      111  07/02
LOWEST             62   07/08        MM      MM       58  07/12
AVG. MAXIMUM     99.8              95.6     4.2    101.2
AVG. MINIMUM     67.1              62.8     4.3     66.4
MEAN             83.4              79.2     4.2     83.8
DAYS MAX >= 90     31              26.4     4.6       31
DAYS MIN <= 32      0               0.0     0.0        0

PRECIPITATION (INCHES)
RECORD
 MAXIMUM         0.10   2001
TOTALS              T              0.02   -0.02        T
DAYS >= .01         0                MM      MM        0
DAYS >= .10         0                MM      MM        0
DAYS >= .50         0                MM      MM        0
DAYS >= 1.00        0                MM      MM        0
GREATEST
 24 HR. TOTAL       T   07/19 TO 07/19

SNOWFALL (INCHES)
RECORDS
 TOTAL             MM   MM
TOTALS            0.0                MM

DEGREE_DAYS
HEATING TOTAL       0                 0       0        0
 SINCE 7/1          0                 0       0        0
COOLING TOTAL     578               440     138      592
 SINCE 1/1       1247               920     327     1257
.................................................................

WIND (MPH)
AVERAGE WIND SPEED              6.6
HIGHEST WIND SPEED/DIRECTION    21/330    DATE  07/23
HIGHEST GUST SPEED/DIRECTION    27/330    DATE  07/23

AVERAGE RH (PERCENT)     43

WEATHER CONDITIONS. NUMBER OF DAYS WITH
THUNDERSTORM              0     RAIN                       1
HAIL                      0     FOG                        0
FOG W/VIS <= 1/4 MILE     0     HAZE                      12

-  INDICATES NEGATIVE NUMBERS.
R  INDICATES RECORD WAS SET OR TIED.
MM INDICATES DATA IS MISSING.
T  INDICATES TRACE AMOUNT.

$$

SANGER/OCHS

WEATHER.GOV/HANFORD
