000
CXUS54 KHGX 012253
CLMHOU

CLIMATE REPORT
NATIONAL WEATHER SERVICE HOUSTON/GALVESTON TX
453 PM CST SUN FEB 1 2015

...................................

...THE HOUSTON INTERCONTINENTAL CLIMATE SUMMARY FOR THE MONTH OF JANUARY 2015...

CLIMATE NORMAL PERIOD 1981 TO 2010
CLIMATE RECORD PERIOD 1892 TO 2015

WEATHER         OBSERVED          NORMAL  DEPART  LAST YEAR`S
                 VALUE   DATE(S)  VALUE   FROM    VALUE  DATE(S)
                                          NORMAL
................................................................
TEMPERATURE (F)
RECORD
 HIGH              84   01/26/1975
                        01/30/1911
 LOW                5   01/18/1930
HIGHEST            81   01/27        62      19       77  01/20
LOWEST             28   01/08        MM      MM       21  01/07
AVG. MAXIMUM     59.3              62.9    -3.6     61.9
AVG. MINIMUM     40.4              43.2    -2.8     37.1
MEAN             49.8              53.1    -3.3     49.5
DAYS MAX >= 90      0               0.0     0.0        0
DAYS MAX <= 32      0               0.0     0.0        0
DAYS MIN <= 32      2               3.7    -1.7       10
DAYS MIN <= 0       0               0.0     0.0        0

PRECIPITATION (INCHES)
RECORD
 MAXIMUM        13.11   1891
 MINIMUM         0.07   1909
TOTALS           3.17              3.38   -0.21     0.96
DAILY AVG.       0.10              0.11   -0.01     0.03
DAYS >= .01        10               9.6     0.4        7
DAYS >= .10         5               5.4    -0.4        3
DAYS >= .50         4               2.3     1.7        0
DAYS >= 1.00        0               1.0    -1.0        0

SNOWFALL (INCHES)
RECORDS
 TOTAL            2.0   1973
TOTALS            0.0                 T     0.0        T
SINCE 7/1         0.0               0.1    -0.1        T
SNOWDEPTH AVG.      0                MM      MM        0
DAYS >= 1.0         0               0.0     0.0        0
GREATEST
 SNOW DEPTH         0   MM                             0  MM
 24 HR TOTAL      0.0   01/30 TO 01/30

DEGREE_DAYS
HEATING TOTAL     464               385      79      473
 SINCE 7/1        969               924      45     1165
COOLING TOTAL       0                15     -15        0
 SINCE 1/1          0                12     -12        0
.................................................................

WIND (MPH)
AVERAGE WIND SPEED              6.8
RESULTANT WIND SPEED/DIRECTION   3/015
HIGHEST WIND SPEED/DIRECTION    29/120    DATE  01/21
HIGHEST GUST SPEED/DIRECTION    37/110    DATE  01/21

SKY COVER
AVERAGE SKY COVER           0.70

AVERAGE RH (PERCENT)     71

WEATHER CONDITIONS. NUMBER OF DAYS WITH
THUNDERSTORM              0     MIXED PRECIP               0
HEAVY RAIN                4     RAIN                       5
LIGHT RAIN               15     FREEZING RAIN              0
LT FREEZING RAIN          0     HAIL                       0
HEAVY SNOW                0     SNOW                       0
LIGHT SNOW                0     SLEET                      0
FOG                      23     FOG W/VIS <= 1/4 MILE      6
HAZE                      7

-  INDICATES NEGATIVE NUMBERS.
R  INDICATES RECORD WAS SET OR TIED.
MM INDICATES DATA IS MISSING.
T  INDICATES TRACE AMOUNT.
...................................


&&
...THE HOUSTON/HOBBY AIRPORT CLIMATE SUMMARY FOR THE MONTH OF JANUARY 2015...

CLIMATE NORMAL PERIOD 1981 TO 2010
CLIMATE RECORD PERIOD 1930 TO 2015

WEATHER         OBSERVED          NORMAL  DEPART  LAST YEAR`S
                 VALUE   DATE(S)  VALUE   FROM    VALUE  DATE(S)
                                          NORMAL
................................................................
TEMPERATURE (F)
RECORD
 HIGH              85   01/23/1972
 LOW                5   01/23/1940
HIGHEST            79   01/27        MM      MM       77  01/20
LOWEST             30   01/08        MM      MM       25  01/07
AVG. MAXIMUM     59.0              63.0    -4.0     62.5
AVG. MINIMUM     42.2              45.1    -2.9     39.7
MEAN             50.6              54.1    -3.5     51.1
DAYS MAX >= 90      0               0.0     0.0        0
DAYS MAX <= 32      0               0.0     0.0        0
DAYS MIN <= 32      1               2.1    -1.1        7
DAYS MIN <= 0       0               0.0     0.0        0

PRECIPITATION (INCHES)
RECORD
 MAXIMUM         6.72   2007
 MINIMUM         0.37   2009
TOTALS           5.13              3.87    1.26     0.53
DAILY AVG.       0.17              0.12    0.05     0.02
DAYS >= .01         9               9.2    -0.2       11
DAYS >= .10         5               5.8    -0.8        1
DAYS >= .50         3               2.5     0.5        0
DAYS >= 1.00        2               1.2     0.8        0

SNOWFALL (INCHES)
RECORDS
 TOTAL            0.0   2002
TOTALS            0.0               0.0     0.0      0.0
SINCE 7/1         0.0               0.0     0.0      0.0
SNOWDEPTH AVG.      0                MM      MM        0
DAYS >= 1.0         0               0.0     0.0        0
GREATEST
 SNOW DEPTH         0   MM                             0  MM
 24 HR TOTAL      0.0   01/30 TO 01/30

DEGREE_DAYS
HEATING TOTAL     436               355      81      423
 SINCE 7/1        874               831      43     1039
COOLING TOTAL       0                16     -16        0
 SINCE 1/1          0                10     -10        0
.................................................................

WIND (MPH)
AVERAGE WIND SPEED              7.8
RESULTANT WIND SPEED/DIRECTION   3/017
HIGHEST WIND SPEED/DIRECTION    30/030    DATE  01/22
HIGHEST GUST SPEED/DIRECTION    38/020    DATE  01/22

SKY COVER
AVERAGE SKY COVER           0.70

AVERAGE RH (PERCENT)     73

WEATHER CONDITIONS. NUMBER OF DAYS WITH
THUNDERSTORM              0     MIXED PRECIP               0
HEAVY RAIN                3     RAIN                       6
LIGHT RAIN               13     FREEZING RAIN              0
LT FREEZING RAIN          0     HAIL                       0
HEAVY SNOW                0     SNOW                       0
LIGHT SNOW                0     SLEET                      0
FOG                      16     FOG W/VIS <= 1/4 MILE      4
HAZE                      1

-  INDICATES NEGATIVE NUMBERS.
R  INDICATES RECORD WAS SET OR TIED.
MM INDICATES DATA IS MISSING.
T  INDICATES TRACE AMOUNT.

$$
