000
CXUS56 KSEW 011030
CLMHQM


CLIMATE REPORT
NATIONAL WEATHER SERVICE SEATTLE WA
230 AM PST THU DEC 1 2016

...................................

...THE HOQUIAM WA AIRPORT CLIMATE SUMMARY FOR THE MONTH OF NOVEMBER 2016...

CLIMATE NORMAL PERIOD 1981 TO 2010
CLIMATE RECORD PERIOD 1953 TO 2016

WEATHER         OBSERVED          NORMAL  DEPART  LAST YEAR`S
                 VALUE   DATE(S)  VALUE   FROM    VALUE  DATE(S)
                                          NORMAL
................................................................
TEMPERATURE (F)
RECORD
 HIGH              70   11/03/1970
                        11/02/1970
 LOW               12   11/15/1995
HIGHEST            63   11/08        MM      MM       59  11/13
                                                          11/06
                                                          11/02
LOWEST             38   11/27        MM      MM       28  11/29
                                                          11/28
                                                          11/25
AVG. MAXIMUM     55.1              51.1     4.0     52.4
AVG. MINIMUM     46.1              40.4     5.7     38.6
MEAN             50.6              45.8     4.8     45.5
DAYS MAX >= 90      0               0.0     0.0        0
DAYS MAX <= 32      0               0.3    -0.3        0
DAYS MIN <= 32      0               3.0    -3.0        8
DAYS MIN <= 0       0               0.0     0.0        0

PRECIPITATION (INCHES)
RECORD
 MAXIMUM        21.17   2006
 MINIMUM         2.51   1976
TOTALS          15.92             11.17    4.75    10.94
DAILY AVG.       0.53              0.37    0.16     0.36
DAYS >= .01        28              21.6     6.4       21
DAYS >= .10        27              17.2     9.8       13
DAYS >= .50        12               7.5     4.5        7
DAYS >= 1.00        4               3.1     0.9        5
GREATEST
 24 HR. TOTAL    2.75   11/23 TO 11/24

DEGREE_DAYS
HEATING TOTAL     424               577    -153      577
COOLING TOTAL       0                 0       0        0
 SINCE 1/1         50                23      27       35
.................................................................

WIND (MPH)
AVERAGE WIND SPEED              9.8
HIGHEST WIND SPEED/DIRECTION    39/210    DATE  11/12
HIGHEST GUST SPEED/DIRECTION    47/170    DATE  11/27

SKY COVER
POSSIBLE SUNSHINE (PERCENT)   MM
AVERAGE SKY COVER           0.70
NUMBER OF DAYS FAIR            1
NUMBER OF DAYS PC             13
NUMBER OF DAYS CLOUDY         16

AVERAGE RH (PERCENT)     90

WEATHER CONDITIONS. NUMBER OF DAYS WITH
THUNDERSTORM              0     MIXED PRECIP               0
HEAVY RAIN                9     RAIN                      21
LIGHT RAIN               28     FREEZING RAIN              0
LT FREEZING RAIN          0     HAIL                       0
HEAVY SNOW                0     SNOW                       0
LIGHT SNOW                0     SLEET                      0
FOG                      30     FOG W/VIS <= 1/4 MILE      1
HAZE                      0

-  INDICATES NEGATIVE NUMBERS.
R  INDICATES RECORD WAS SET OR TIED.
MM INDICATES DATA IS MISSING.
T  INDICATES TRACE AMOUNT.

$$
