000
CXUS44 KBRO 011128
CLMHRL


CLIMATE REPORT
NATIONAL WEATHER SERVICE BROWNSVILLE TX
626 AM CDT MON MAY 1 2017

...................................

...THE HARLINGEN CLIMATE SUMMARY FOR THE MONTH OF APRIL 2017...

CLIMATE NORMAL PERIOD 1981 TO 2010
CLIMATE RECORD PERIOD 1912 TO 2017

WEATHER         OBSERVED          NORMAL  DEPART  LAST YEAR`S
                 VALUE   DATE(S)  VALUE   FROM    VALUE  DATE(S)
                                          NORMAL
................................................................
TEMPERATURE (F)
HIGHEST           104   04/26        95       9       97  04/27
LOWEST             52   04/06        48       4       50  04/03
AVG. MAXIMUM     89.2              85.8     3.4     88.2
AVG. MINIMUM     65.5              64.9     0.6     66.9
MEAN             77.4              75.3     2.1     77.6
DAYS MAX >= 90     14               9.1     4.9       12
DAYS MAX <= 32      0               0.0     0.0        0
DAYS MIN <= 32      0               0.0     0.0        0
DAYS MIN <= 0       0               0.0     0.0        0

PRECIPITATION (INCHES)
TOTALS           0.87              1.67   -0.80     0.49
DAILY AVG.       0.03              0.06   -0.03     0.02
DAYS >= .01         6                MM      MM        6
DAYS >= .10         3                MM      MM
DAYS >= .50         0                MM      MM
DAYS >= 1.00        0                MM      MM
GREATEST
 24 HR. TOTAL    0.31   04/02 TO 04/02           04/23 TO 04/24

DEGREE_DAYS
HEATING TOTAL       0                 8      -8        2
 SINCE 7/1        234               622    -388      389
COOLING TOTAL     379               319      60      387
 SINCE 1/1       1036               614     422      812

.................................................

WIND (MPH)
AVERAGE WIND SPEED              12.8
HIGHEST WIND SPEED/DIRECTION    40/360    DATE  04/30
HIGHEST GUST SPEED/DIRECTION    49/360    DATE  04/30

SKY COVER
AVERAGE SKY COVER           0.40
NUMBER OF DAYS FAIR           16
NUMBER OF DAYS PC             11
NUMBER OF DAYS CLOUDY          3

AVERAGE RH (PERCENT)     71

WEATHER CONDITIONS. NUMBER OF DAYS WITH
THUNDERSTORM              0     MIXED PRECIP               0
HEAVY RAIN                3     RAIN                       0
LIGHT RAIN                9     FREEZING RAIN              0
LT FREEZING RAIN          0     HAIL                       0
HEAVY SNOW                0     SNOW                       0
LIGHT SNOW                0     SLEET                      0
FOG                      17     FOG W/VIS <= 1/4 MILE      2
HAZE                      5

-  INDICATES NEGATIVE NUMBERS.
R  INDICATES RECORD WAS SET OR TIED.
MM INDICATES DATA IS MISSING.
T  INDICATES TRACE AMOUNT.

$$
