000
CXUS53 KGID 012238 CCA
CLMHSI

CLIMATE REPORT...CORRECTION
NATIONAL WEATHER SERVICE HASTINGS NE
1048 AM CST SUN JAN 1 2017
CORRECTED GREATEST SNOW DEPTH AND NUMBER OF THUNDERSTORM DAYS

...................................

...THE HASTINGS NE CLIMATE SUMMARY FOR THE MONTH OF DECEMBER 2016...

CLIMATE NORMAL PERIOD 1981 TO 2010
CLIMATE RECORD PERIOD 1894 TO 2016

WEATHER         OBSERVED          NORMAL  DEPART  LAST YEAR`S
                 VALUE   DATE(S)  VALUE   FROM    VALUE  DATE(S)
                                          NORMAL
................................................................
TEMPERATURE (F)
RECORD
 HIGH              80   12/23/1964
 LOW              -23   12/23/1989
                        12/22/1989
HIGHEST            57   12/25        63      -6       68  12/09
LOWEST            -13   12/18        -9      -4       10  12/29
AVG. MAXIMUM     37.7              37.0     0.7     41.7
AVG. MINIMUM     15.6              18.2    -2.6     24.4
MEAN             26.6              27.6    -1.0     33.0
DAYS MAX >= 90      0               0.0     0.0        0
DAYS MAX <= 32     10              10.3    -0.3        9
DAYS MIN <= 32     31              29.4     1.6       25
DAYS MIN <= 0       2               1.6     0.4        0

PRECIPITATION (INCHES)
RECORD
 MAXIMUM         4.93   1913
 MINIMUM         0.00   1976
                        1929
                        1922
TOTALS           0.61              0.61    0.00     2.18
DAILY AVG.       0.02              0.02    0.00     0.07
DAYS >= .01         4                MM      MM       10
DAYS >= .10         2                MM      MM        4
DAYS >= .50         0                MM      MM        1
DAYS >= 1.00        0                MM      MM        1
GREATEST
 24 HR. TOTAL    0.32   12/25 TO 12/25
                        12/24 TO 12/25
                        12/25 TO 12/25

SNOWFALL (INCHES)
RECORDS
 TOTAL           31.0   1973
TOTALS            1.0               6.1    -5.1      4.6
SINCE 7/1         1.1               9.9    -8.8      8.8
SNOWDEPTH AVG.      0                MM      MM        1
DAYS >= 1.0         0                MM      MM        2
GREATEST
 SNOW DEPTH         T  12/23                           3  12/31
                       12/19                              12/30
                       12/18                              12/29
                       12/17
                       12/4
DEGREE_DAYS
HEATING TOTAL    1182              1159      23      984
 SINCE 7/1       2049              2440    -391     1910
COOLING TOTAL       0                 0       0        0
 SINCE 1/1       1195              1077     118     1097
.................................................................

WIND (MPH)
AVERAGE WIND SPEED              10.5
HIGHEST WIND SPEED/DIRECTION    47/250    DATE  12/25
HIGHEST GUST SPEED/DIRECTION    63/250    DATE  12/25

SKY COVER
POSSIBLE SUNSHINE (PERCENT)   MM
AVERAGE SKY COVER           0.20
NUMBER OF DAYS FAIR           24
NUMBER OF DAYS PC              4
NUMBER OF DAYS CLOUDY          3

AVERAGE RH (PERCENT)     63

WEATHER CONDITIONS. NUMBER OF DAYS WITH
THUNDERSTORM              1     MIXED PRECIP               0
HEAVY RAIN                1     RAIN                       2
LIGHT RAIN                3     FREEZING RAIN              1
LT FREEZING RAIN          1     HAIL                       0
HEAVY SNOW                0     SNOW                       1
LIGHT SNOW                2     SLEET                      0
FOG                       7     FOG W/VIS <= 1/4 MILE      2
HAZE                      1

-  INDICATES NEGATIVE NUMBERS.
R  INDICATES RECORD WAS SET OR TIED.
MM INDICATES DATA IS MISSING.
T  INDICATES TRACE AMOUNT.

$$
DOXEY
