000
CXUS54 KHUN 011517
CLMHSV


CLIMATE REPORT
NATIONAL WEATHER SERVICE HUNTSVILLE AL
1016 AM CDT SAT AUG 1 2015

...................................

...THE HUNTSVILLE CLIMATE SUMMARY FOR THE MONTH OF JULY 2015...

CLIMATE NORMAL PERIOD 1981 TO 2010
CLIMATE RECORD PERIOD 1894 TO 2015

WEATHER         OBSERVED          NORMAL  DEPART  LAST YEAR`S
                 VALUE   DATE(S)  VALUE   FROM    VALUE
                                          NORMAL
.............................................................
TEMPERATURE (F)
RECORD
 HIGH             111   07/29/1930
 LOW               49   07/22/1944
HIGHEST           100   07/28        MM      MM       94
LOWEST             68   07/31        MM      MM       56
AVG. MAXIMUM     93.3              90.7     2.6     87.6
AVG. MINIMUM     73.5              70.4     3.1     67.4
MEAN             83.4              80.6     2.8     77.5
DAYS MAX >= 90     23              17.8     5.2       12
DAYS MAX <= 32      0               0.0     0.0        0
DAYS MIN <= 32      0               0.0     0.0        0
DAYS MIN <= 0       0               0.0     0.0        0

PRECIPITATION (INCHES)
RECORD
 MAXIMUM        14.81   1967
 MINIMUM         0.60   1902
TOTALS           5.81              4.05    1.76     4.47
DAILY AVG.       0.19              0.13    0.06     0.14
DAYS >= .01        10              10.5    -0.5        8
DAYS >= .10         7               6.9     0.1        6
DAYS >= .50         5               2.9     2.1        4
DAYS >= 1.00        1               1.0     0.0        2
GREATEST
 24 HR. TOTAL    1.67   07/02 TO 07/03              1.70

SNOWFALL (INCHES)
RECORDS
 TOTAL              T   2002
 24 HR TOTAL      0.0   MM
TOTALS            0.0               0.0     0.0      0.0
SINCE 7/1         0.0               0.0     0.0      0.0
DAYS >= TRACE       0               0.0     0.0        0
DAYS >= 1.0         0               0.0     0.0        0
GREATEST
 SNOW DEPTH         0   MM                             0
 24 HR TOTAL      0.0   07/31 TO 07/31

DEGREE_DAYS
HEATING TOTAL       0                 0       0        0
 SINCE 7/1          0                 0       0        0
COOLING TOTAL     576               482      94      393
 SINCE 1/1       1398              1125     273     1065

FREEZE DATES
RECORD
 EARLIEST     10/09/2000
 LATEST       05/02/1909
EARLIEST                        11/05
LATEST                          03/30
..............................................................

WIND (MPH)
AVERAGE WIND SPEED              5.1
HIGHEST WIND SPEED/DIRECTION    38/360    DATE  07/14
HIGHEST GUST SPEED/DIRECTION    52/360    DATE  07/14

AVERAGE RH (PERCENT)     68


-  INDICATES NEGATIVE NUMBERS.
R  INDICATES RECORD WAS SET OR TIED.
MM INDICATES DATA IS MISSING.
T  INDICATES TRACE AMOUNT.

$$
