000
CXUS51 KRLX 032019
CLMHTS


CLIMATE REPORT
NATIONAL WEATHER SERVICE CHARLESTON WV
418 PM EDT WED MAY 3 2017

...................................

...THE HUNTINGTON CLIMATE SUMMARY FOR THE MONTH OF APRIL 2017...

CLIMATE NORMAL PERIOD 1981 TO 2010
CLIMATE RECORD PERIOD 1897 TO 2017

WEATHER         OBSERVED          NORMAL  DEPART  LAST YEAR`S
                 VALUE   DATE(S)  VALUE   FROM    VALUE  DATE(S)
                                          NORMAL
................................................................
TEMPERATURE (F)
RECORD
 HIGH              92   04/21/1985
                        04/26/1957
                        04/30/1942
 LOW               15   04/05/1898
HIGHEST            89   04/30        MM      MM       86  04/20
                                                          04/19
                                                          04/18
LOWEST             31   04/08        MM      MM       25  04/10
AVG. MAXIMUM     73.5              67.9     5.6     70.3
AVG. MINIMUM     51.3              44.5     6.8     44.9
MEAN             62.4              56.2     6.2     57.6
DAYS MAX >= 90      0               0.2    -0.2        0
DAYS MAX <= 32      0               0.0     0.0        0
DAYS MIN <= 32      1               2.7    -1.7        5
DAYS MIN <= 0       0               0.0     0.0        0

PRECIPITATION (INCHES)
RECORD
 MAXIMUM         9.98   2011
 MINIMUM         0.74   1976
TOTALS           1.83              3.44   -1.61     4.24
DAILY AVG.       0.06              0.11   -0.05     0.14
DAYS >= .01        13              12.8     0.2       15
DAYS >= .10         8               8.1    -0.1        8
DAYS >= .50         0               2.0    -2.0        2
DAYS >= 1.00        0               0.5    -0.5        1
GREATEST
 24 HR. TOTAL    0.94   03/31 TO 04/01              1.41

SNOWFALL (INCHES)
RECORDS
 TOTAL           14.4   1987
TOTALS            0.0               0.9    -0.9        T
SINCE 7/1         5.9              23.6   -17.7     23.8
DAYS >= 1.0         0               0.2    -0.2        0
GREATEST
 SNOW DEPTH         0   MM                            -1  04/09
 24 HR TOTAL      0.0   04/30 TO 04/30           04/09 TO 04/09
                                                          04/09 TO 04/09
                                                          04/09 TO 04/09

DEGREE_DAYS
HEATING TOTAL     139               291    -152      251
 SINCE 7/1       3340              4388   -1048     3661
COOLING TOTAL      68                27      41       38
 SINCE 1/1         71                32      39       47
..........................................................

WIND (MPH)
AVERAGE WIND SPEED              6.4
HIGHEST WIND SPEED/DIRECTION    23/180    DATE  04/27
HIGHEST GUST SPEED/DIRECTION    35/260    DATE  04/06

SKY COVER
POSSIBLE SUNSHINE (PERCENT)   MM
AVERAGE SKY COVER           0.40
NUMBER OF DAYS FAIR           12
NUMBER OF DAYS PC             13
NUMBER OF DAYS CLOUDY          5

AVERAGE RH (PERCENT)     62

WEATHER CONDITIONS. NUMBER OF DAYS WITH
THUNDERSTORM              0     MIXED PRECIP               0
HEAVY RAIN                3     RAIN                       8
LIGHT RAIN               14     FREEZING RAIN              0
LT FREEZING RAIN          0     HAIL                       0
HEAVY SNOW                0     SNOW                       0
LIGHT SNOW                0     SLEET                      0
FOG                      13     FOG W/VIS <= 1/4 MILE      1
HAZE                      3

-  INDICATES NEGATIVE NUMBERS.
R  INDICATES RECORD WAS SET OR TIED.
MM INDICATES DATA IS MISSING.
T  INDICATES TRACE AMOUNT.

$$
