000
CXUS53 KIND 011644
CLMHUF


CLIMATE REPORT
NATIONAL WEATHER SERVICE INDIANAPOLIS IN
1238 PM EDT WED JUL 1 2015

...................................

...THE TERRE HAUTE IN CLIMATE SUMMARY FOR THE MONTH OF JUNE 2015...

CLIMATE NORMAL PERIOD 1981 TO 2010
CLIMATE RECORD PERIOD 9999 TO 9999

WEATHER         OBSERVED          NORMAL  DEPART  LAST YEAR`S
                 VALUE   DATE(S)  VALUE   FROM    VALUE  DATE(S)
                                          NORMAL
................................................................
TEMPERATURE (F)
HIGHEST            90   06/11                         91  06/19
                        06/07                             06/17
LOWEST             49   06/03                         50  06/14
                        06/02
AVG. MAXIMUM     81.6              83.1    -1.5     83.4
AVG. MINIMUM     64.2              61.7     2.5     65.0
MEAN             72.9              72.4     0.5     74.2
DAYS MAX >= 90      2               3.8    -1.8        4
DAYS MAX <= 32      0               0.0     0.0        0
DAYS MIN <= 32      0               0.0     0.0        0
DAYS MIN <= 0       0               0.0     0.0        0

PRECIPITATION (INCHES)
TOTALS           7.64              4.44    3.20     7.92
DAILY AVG.       0.27              0.15    0.12     0.26
DAYS >= .01        15                MM      MM       12
DAYS >= .10        11                MM      MM       10
DAYS >= .50         6                MM      MM        6
DAYS >= 1.00        3                MM      MM        2
GREATEST
 24 HR. TOTAL    1.96   06/18 TO 06/19

DEGREE_DAYS
HEATING TOTAL      13                13       0        2
 SINCE 7/1       5850              5368     482     6039
COOLING TOTAL     256               235      21      287
 SINCE 1/1        400               321      79      414
.................................................................

WIND (MPH)
AVERAGE WIND SPEED              6.9
HIGHEST WIND SPEED/DIRECTION    32/250    DATE  06/25
HIGHEST GUST SPEED/DIRECTION    44/290    DATE  06/07

SKY COVER
POSSIBLE SUNSHINE (PERCENT)   MM
AVERAGE SKY COVER           0.40
NUMBER OF DAYS FAIR           16
NUMBER OF DAYS PC             12
NUMBER OF DAYS CLOUDY          2

AVERAGE RH (PERCENT)     77

WEATHER CONDITIONS. NUMBER OF DAYS WITH
THUNDERSTORM             15     MIXED PRECIP               0
HEAVY RAIN                9     RAIN                       9
LIGHT RAIN               18     FREEZING RAIN              0
LT FREEZING RAIN          0     HAIL                       0
HEAVY SNOW                0     SNOW                       0
LIGHT SNOW                0     SLEET                      0
FOG                      22     FOG W/VIS <= 1/4 MILE      0
HAZE                      2

-  INDICATES NEGATIVE NUMBERS.
R  INDICATES RECORD WAS SET OR TIED.
MM INDICATES DATA IS MISSING.
T  INDICATES TRACE AMOUNT.

$$
