000
CXUS55 KTFX 011915
CLMHVR


CLIMATE REPORT
NATIONAL WEATHER SERVICE GREAT FALLS MT
1212 PM MST SUN MAR 1 2015

...................................

...THE HAVRE MT CLIMATE SUMMARY FOR THE MONTH OF FEBRUARY 2015...

CLIMATE NORMAL PERIOD 1981 TO 2010
CLIMATE RECORD PERIOD 1880 TO 2015

WEATHER         OBSERVED          NORMAL  DEPART  LAST YEAR`S
                 VALUE   DATE(S)  VALUE   FROM    VALUE
                                          NORMAL
.............................................................
TEMPERATURE (F)
RECORD
 HIGH              74   02/27/1992
 LOW              -55   02/03/1887
HIGHEST            57   02/13        38      19       47
LOWEST            -19   02/04         6     -25      -25
AVG. MAXIMUM     35.3              33.6     1.7     23.9
AVG. MINIMUM     14.2              10.9     3.3      1.2
MEAN             24.8              22.2     2.6     12.6
DAYS MAX >= 90      0               0.0     0.0        0
DAYS MAX <= 32     13              11.5     1.5       17
DAYS MIN <= 32     26              26.5    -0.5       28
DAYS MIN <= 0       6               6.6    -0.6       16

PRECIPITATION (INCHES)
RECORD
 MAXIMUM           MM   MM
 MINIMUM           MM   MM
TOTALS           0.33              0.28    0.05     0.24
DAYS >= .01         7               5.6     1.4
DAYS >= .10         1               1.0     0.0
DAYS >= .50         0               0.0     0.0
DAYS >= 1.00        0               0.0     0.0
GREATEST
 24 HR. TOTAL    0.14   02/02 TO 02/03

SNOWFALL (INCHES)
RECORDS
 TOTAL             MM   5
 24 HR TOTAL       MM
 SNOW DEPTH        MM   MM
TOTALS            5.2               5.8    -0.6      4.2
SNOWDEPTH AVG.      1
DAYS >= TRACE      11               5.6     5.4
DAYS >= 1.0         3               2.3     0.7
GREATEST
 SNOW DEPTH         5   02/06                          7
                        02/05
                        02/04
 24 HR TOTAL      2.2   MM

DEGREE_DAYS
HEATING TOTAL    1119              1197     -78     1463
 SINCE 7/1       5668              6120    -452     6241
COOLING TOTAL       0                 0       0        0
 SINCE 1/1          0                 0       0        0
..............................................................

WIND (MPH)
AVERAGE WIND SPEED              9.8
HIGHEST WIND SPEED/DIRECTION    37/360    DATE  02/25
HIGHEST GUST SPEED/DIRECTION    45/350    DATE  02/25

SKY COVER
AVERAGE SKY COVER           0.50

AVERAGE RH (PERCENT)     73

WEATHER CONDITIONS. NUMBER OF DAYS WITH
THUNDERSTORM              0     MIXED PRECIP               0
HEAVY RAIN                0     RAIN                       0
LIGHT RAIN                3     FREEZING RAIN              0
LT FREEZING RAIN          1     HAIL                       0
HEAVY SNOW                0     SNOW                       0
LIGHT SNOW               11     SLEET                      0
FOG                       7     FOG W/VIS <= 1/4 MILE      1
HAZE                      3

-  INDICATES NEGATIVE NUMBERS.
R  INDICATES RECORD WAS SET OR TIED.
MM INDICATES DATA IS MISSING.
T  INDICATES TRACE AMOUNT.

&&

A PERSISTENT UPPER LEVEL RIDGE OF HIGH PRESSURE POSITIONED OVER THE
PACIFIC NORTHWEST COASTLINE RESULTED IN WARMER THAN AVERAGE
TEMPERATURES FOR HAVRE IN FEBRUARY 2015. TEMPERATURES WERE WARMEST
DURING THE SECOND WEEK OF THE MONTH. A NEW DAILY RECORD HIGH
TEMPERATURE OF 55 DEGREES WAS SET ON THE 13TH. A DAILY RECORD WARM
MINIMUM TEMPERATURE OF 37 DEGREES WAS TIED ON THE 7TH. A SERIES OF
ARCTIC COLD FRONTS DURING THE FIRST AND LAST WEEKS OF THE MONTH
BROUGHT THE AVERAGE MONTHLY TEMPERATURE DOWN TO 24.8 FAHRENHEIT...
YIELDING THE 32ND WARMEST FEBRUARY OF RECORD. MONTHLY TOTAL
PRECIPITATION WAS SLIGHTLY ABOVE AVERAGE WHILE SNOWFALL WAS BELOW
AVERAGE.

$$
