000
CXUS53 KUNR 031840
CLMICR


CLIMATE REPORT
NATIONAL WEATHER SERVICE RAPID CITY SD
1139 AM MST FRI FEB 3 2017

...................................

...THE WINNER REGIONAL AIRPORT SD CLIMATE SUMMARY FOR THE MONTH OF JANUARY 2017...

CLIMATE NORMAL PERIOD 1981 TO 2010
CLIMATE RECORD PERIOD 9999 TO 9999

WEATHER         OBSERVED          NORMAL  DEPART  LAST YEAR`S
                 VALUE   DATE(S)  VALUE   FROM    VALUE  DATE(S)
                                          NORMAL
................................................................
TEMPERATURE (F)
HIGHEST            55   01/18                         46  01/29
LOWEST             -5   01/04                         -8  01/17
                                                          01/09
AVG. MAXIMUM     32.7              35.5    -2.8     32.0
AVG. MINIMUM     15.0              13.9     1.1     16.9
MEAN             23.9              24.7    -0.8     24.4
DAYS MAX >= 90      0                                  0
DAYS MAX <= 32     12                                 15
DAYS MIN <= 32     29                                 30
DAYS MIN <= 0       5                                  5

PRECIPITATION (INCHES)
TOTALS           1.08              0.25    0.83     0.07
DAILY AVG.       0.03              0.01    0.02     0.00
DAYS >= .01         4                                  3
DAYS >= .10         1                                  0
DAYS >= .50         1                                  0
DAYS >= 1.00        0                                  0
GREATEST
 24 HR. TOTAL    0.98   01/24 TO 01/24              0.04

DEGREE_DAYS
HEATING TOTAL    1268              1249      19     1251
 SINCE 7/1       3322              3955    -633     3470
COOLING TOTAL       0                 0       0        0
 SINCE 1/1          0                 0       0        0
.................................................................

WIND (MPH)
AVERAGE WIND SPEED              11.8
HIGHEST WIND SPEED/DIRECTION    37/190    DATE  01/08
HIGHEST GUST SPEED/DIRECTION    47/190    DATE  01/08

AVERAGE RH (PERCENT)     71

WEATHER CONDITIONS. NUMBER OF DAYS WITH
THUNDERSTORM              0     MIXED PRECIP               0
HEAVY RAIN                0     RAIN                       0
LIGHT RAIN                0     FREEZING RAIN              0
LT FREEZING RAIN          0     HAIL                       0
HEAVY SNOW                1     SNOW                       1
LIGHT SNOW               11     SLEET                      0
FOG                      10     FOG W/VIS <= 1/4 MILE      2
HAZE                      8

-  INDICATES NEGATIVE NUMBERS.
R  INDICATES RECORD WAS SET OR TIED.
MM INDICATES DATA IS MISSING.
T  INDICATES TRACE AMOUNT.

$$
