000
CXUS55 KVEF 051559
CLMIGM


CLIMATE REPORT
NATIONAL WEATHER SERVICE LAS VEGAS, NV
858 AM PDT TUE APR 5 2016

...................................

...THE KINGMAN AZ CLIMATE SUMMARY FOR THE MONTH OF MARCH 2016...

CLIMATE NORMAL PERIOD 1981 TO 2010
CLIMATE RECORD PERIOD 1901 TO 2016

WEATHER         OBSERVED          NORMAL  DEPART  LAST YEAR`S
                 VALUE   DATE(S)  VALUE   FROM    VALUE  DATE(S)
                                          NORMAL
................................................................
TEMPERATURE (F)
RECORD
 HIGH              90   03/16/1934
 LOW               11   03/04/1976
HIGHEST            83   03/20        MM      MM       85  03/30
                                                          03/28
LOWEST             28   03/31        MM      MM       29  03/05
AVG. MAXIMUM     72.1              65.6     6.5     72.7
AVG. MINIMUM     39.5              37.6     1.9     40.9
MEAN             55.8              51.6     4.2     56.8
DAYS MAX >= 90      0               0.0     0.0        0
DAYS MAX <= 32      0               0.0     0.0        0
DAYS MIN <= 32      5               5.7    -0.7        4
DAYS MIN <= 0       0               0.0     0.0        0

PRECIPITATION (INCHES)
RECORD
 MAXIMUM         4.82   1992
 MINIMUM         0.00   1997
                        1984
                        1972
TOTALS           0.16              0.76   -0.60     1.27
DAILY AVG.       0.01              0.02   -0.01     0.04
DAYS >= .01         4                MM      MM        3
DAYS >= .10         0                MM      MM        2
DAYS >= .50         0                MM      MM        2
DAYS >= 1.00        0                MM      MM        0
GREATEST
 24 HR. TOTAL    0.10   03/11 TO 03/12

SNOWFALL (INCHES)
RECORDS
 TOTAL           10.0   1952
 24 HR TOTAL      7.0
TOTALS            0.0                MM      MM      0.0
SINCE 7/1           T
SNOWDEPTH AVG.      0
DAYS >= TRACE       0
DAYS >= 1.0         0
GREATEST
 SNOW DEPTH         0
 24 HR TOTAL      0.0   03/31 TO 03/31
 STORM TOTAL       MM
 (MM/DD(HH))

DEGREE_DAYS
HEATING TOTAL     279               418    -139      248
 SINCE 7/1       2631              2831    -200     2228
COOLING TOTAL       2                 3      -1        2
 SINCE 1/1          2                 3      -1        2

FREEZE DATES
RECORD
 EARLIEST     10/22/1996
 LATEST       05/21/1975
EARLIEST                        11/14
LATEST                          04/04
.................................................................

WIND (MPH)
AVERAGE WIND SPEED              10.3
HIGHEST WIND SPEED/DIRECTION    45/210    DATE  03/28
HIGHEST GUST SPEED/DIRECTION    59/200    DATE  03/28

SKY COVER
POSSIBLE SUNSHINE (PERCENT)   MM
AVERAGE SKY COVER           0.10
NUMBER OF DAYS FAIR           30
NUMBER OF DAYS PC              1
NUMBER OF DAYS CLOUDY          0

AVERAGE RH (PERCENT)     29

WEATHER CONDITIONS. NUMBER OF DAYS WITH
THUNDERSTORM              0     MIXED PRECIP               0
HEAVY RAIN                0     RAIN                       1
LIGHT RAIN                4     FREEZING RAIN              0
LT FREEZING RAIN          0     HAIL                       0
HEAVY SNOW                0     SNOW                       0
LIGHT SNOW                0     SLEET                      0
FOG                       0     FOG W/VIS <= 1/4 MILE      0
HAZE                      2

-  INDICATES NEGATIVE NUMBERS.
R  INDICATES RECORD WAS SET OR TIED.
MM INDICATES DATA IS MISSING.
T  INDICATES TRACE AMOUNT.

$$
