295
CXUS53 KDVN 012024
CLMIOW


CLIMATE REPORT
NATIONAL WEATHER SERVICE QUAD CITIES IA IL
321 PM CDT MON AUG 1 2016

...................................

...THE IOWA CITY IA CLIMATE SUMMARY FOR THE MONTH OF JULY 2016...

CLIMATE NORMAL PERIOD 1981 TO 2010
CLIMATE RECORD PERIOD 9999 TO 9999

WEATHER         OBSERVED          NORMAL  DEPART
                 VALUE   DATE(S)  VALUE   FROM
                                          NORMAL
................................................
TEMPERATURE (F)
HIGHEST            94   07/21        85       9
LOWEST             58   07/03        65      -7
AVG. MAXIMUM     82.9              84.6    -1.7
AVG. MINIMUM     66.1              65.0     1.1
MEAN             74.5              74.8    -0.3
DAYS MAX >= 90      3
DAYS MAX <= 32      0
DAYS MIN <= 32      0
DAYS MIN <= 0       0

PRECIPITATION (INCHES)
TOTALS           3.34              4.95   -1.61
DAILY AVG.       0.11              0.16   -0.05
DAYS >= .01         9
DAYS >= .10         7
DAYS >= .50         2
DAYS >= 1.00        0
GREATEST
 24 HR. TOTAL    0.97   07/22 TO 07/22

DEGREE_DAYS
HEATING TOTAL       2                 2       0
 SINCE 7/1          2                 2       0
COOLING TOTAL     304               306      -2
 SINCE 1/1        664               578      86
.................................................

WIND (MPH)
AVERAGE WIND SPEED              6.5
HIGHEST WIND SPEED/DIRECTION    40/290    DATE  07/13
HIGHEST GUST SPEED/DIRECTION    59/340    DATE  07/06

SKY COVER
POSSIBLE SUNSHINE (PERCENT)   MM
AVERAGE SKY COVER           0.30
NUMBER OF DAYS FAIR           21
NUMBER OF DAYS PC              8
NUMBER OF DAYS CLOUDY          2

AVERAGE RH (PERCENT)     78

WEATHER CONDITIONS. NUMBER OF DAYS WITH
THUNDERSTORM             12     HAIL                       0
SLEET                     0     FOG                       15
FOG W/VIS <= 1/4 MILE     0     HAZE                       0

-  INDICATES NEGATIVE NUMBERS.
R  INDICATES RECORD WAS SET OR TIED.
MM INDICATES DATA IS MISSING.
T  INDICATES TRACE AMOUNT.

$$
