000
CXUS53 KDVN 011724 RRA
CLMIOW

CLIMATE REPORT
NATIONAL WEATHER SERVICE QUAD CITIES IA IL
955 AM CST SUN JAN 1 2017

...................................

...THE IOWA CITY IA CLIMATE SUMMARY FOR THE MONTH OF DECEMBER 2016...

CLIMATE NORMAL PERIOD 1981 TO 2010
CLIMATE RECORD PERIOD 9999 TO 9999

WEATHER         OBSERVED          NORMAL  DEPART
                 VALUE   DATE(S)  VALUE   FROM
                                          NORMAL
................................................
TEMPERATURE (F)
HIGHEST            52   12/25        39      13
LOWEST            -12   12/18        14     -26
AVG. MAXIMUM     32.3              33.0    -0.7
AVG. MINIMUM     18.7              17.5     1.2
MEAN             25.5              25.2     0.3
DAYS MAX >= 90      0
DAYS MAX <= 32     13
DAYS MIN <= 32     26
DAYS MIN <= 0       2

PRECIPITATION (INCHES)
TOTALS           0.84              1.52   -0.68
DAILY AVG.       0.03              0.05   -0.02
DAYS >= .01         7
DAYS >= .10         3
DAYS >= .50         0
DAYS >= 1.00        0
GREATEST
 24 HR. TOTAL    0.38   12/04


DEGREE_DAYS
HEATING TOTAL    1218              1232     -14
 SINCE 7/1       2020              2539    -519
COOLING TOTAL       0                 0       0
 SINCE 1/1       1192               912     280
.................................................

WIND (MPH)
AVERAGE WIND SPEED              9.4
HIGHEST WIND SPEED/DIRECTION    32/300    DATE  12/29
HIGHEST GUST SPEED/DIRECTION    45/290    DATE  12/29

SKY COVER
POSSIBLE SUNSHINE (PERCENT)   MM
AVERAGE SKY COVER           0.50
NUMBER OF DAYS FAIR           16
NUMBER OF DAYS PC              2
NUMBER OF DAYS CLOUDY         13

AVERAGE RH (PERCENT)     75

WEATHER CONDITIONS. NUMBER OF DAYS WITH
THUNDERSTORM              0     HAIL                       0
SLEET                     0     FOG                       11
FOG W/VIS <= 1/4 MILE     1     HAZE                       2

-  INDICATES NEGATIVE NUMBERS.
R  INDICATES RECORD WAS SET OR TIED.
MM INDICATES DATA IS MISSING.
T  INDICATES TRACE AMOUNT.

$$
