746
CXUS53 KEAX 010714
CLMIRK

CLIMATE REPORT
NATIONAL WEATHER SERVICE KANSAS CITY/PLEASANT HILL MO
106 AM CST WED FEB 1 2017

...................................

...THE KIRKSVILLE CLIMATE SUMMARY FOR THE MONTH OF JANUARY 2017...

CLIMATE NORMAL PERIOD 1981 TO 2010
CLIMATE RECORD PERIOD 9999 TO 9999

WEATHER         OBSERVED          NORMAL  DEPART  LAST YEAR`S
                 VALUE   DATE(S)  VALUE   FROM    VALUE  DATE(S)
                                          NORMAL
................................................................
TEMPERATURE (F)
HIGHEST            58   01/30        57       1       57  01/14
LOWEST             -5   01/07        -5       0       -5  01/18
AVG. MAXIMUM     38.0              35.3     2.7     34.8
AVG. MINIMUM     22.0              17.0     5.0     17.5
MEAN             30.0              26.1     3.9     26.2
DAYS MAX >= 90      0               0.0     0.0        0
DAYS MAX <= 32     10              13.3    -3.3       12
DAYS MIN <= 32     24              28.1    -4.1       27
DAYS MIN <= 0       3               3.6    -0.6        3

PRECIPITATION (INCHES)
TOTALS           1.63              1.27    0.36     1.09
DAILY AVG.       0.05              0.04    0.01     0.04
DAYS >= .01         9               6.6     2.4        6
DAYS >= .10         2               3.0    -1.0        3
DAYS >= .50         1               0.6     0.4        0
DAYS >= 1.00        1               0.3     0.7        0
GREATEST
 24 HR. TOTAL    1.21   01/16 TO 01/16
                        01/15 TO 01/16
                        01/16 TO 01/16

DEGREE_DAYS
HEATING TOTAL    1079              1204    -125     1196
 SINCE 7/1       2880              3547    -667     2825
COOLING TOTAL       0                 0       0        0
 SINCE 1/1          0                 0       0        0
.................................................................

WIND (MPH)
AVERAGE WIND SPEED              8.7
HIGHEST WIND SPEED/DIRECTION    31/280    DATE  01/10
HIGHEST GUST SPEED/DIRECTION    44/280    DATE  01/10

SKY COVER
POSSIBLE SUNSHINE (PERCENT)   MM
AVERAGE SKY COVER           0.60
NUMBER OF DAYS FAIR            6
NUMBER OF DAYS PC             13
NUMBER OF DAYS CLOUDY         12

AVERAGE RH (PERCENT)     79

WEATHER CONDITIONS. NUMBER OF DAYS WITH
THUNDERSTORM              1     MIXED PRECIP               0
HEAVY RAIN                1     RAIN                       1
LIGHT RAIN                6     FREEZING RAIN              2
LT FREEZING RAIN          3     HAIL                       0
HEAVY SNOW                0     SNOW                       0
LIGHT SNOW                3     SLEET                      0
FOG                      22     FOG W/VIS <= 1/4 MILE      6
HAZE                      4

-  INDICATES NEGATIVE NUMBERS.
R  INDICATES RECORD WAS SET OR TIED.
MM INDICATES DATA IS MISSING.
T  INDICATES TRACE AMOUNT.

$$
