000
CXUS53 KEAX 010747 RRA
CLMIRK

CLIMATE REPORT
NATIONAL WEATHER SERVICE KANSAS CITY/PLEASANT HILL MO
242 AM CDT SUN OCT 1 2017

...................................

...THE KIRKSVILLE CLIMATE SUMMARY FOR THE MONTH OF SEPTEMBER 2017...

CLIMATE NORMAL PERIOD 1981 TO 2010
CLIMATE RECORD PERIOD 9999 TO 9999

WEATHER         OBSERVED          NORMAL  DEPART  LAST YEAR`S
                 VALUE   DATE(S)  VALUE   FROM    VALUE  DATE(S)
                                          NORMAL
................................................................
TEMPERATURE (F)
HIGHEST            93   09/23        89       4       91  09/06
                        09/22
                        09/21
LOWEST             43   09/28        37       6       46  09/26
                        09/07
AVG. MAXIMUM     82.2              75.8     6.4     80.3
AVG. MINIMUM     55.3              53.1     2.2     59.0
MEAN             68.8              64.5     4.3     69.7
DAYS MAX >= 90      6               1.6     4.4        1
DAYS MAX <= 32      0               0.0     0.0        0
DAYS MIN <= 32      0               0.2    -0.2        0
DAYS MIN <= 0       0               0.0     0.0        0

PRECIPITATION (INCHES)
TOTALS           0.23              4.11   -3.88     2.12
DAILY AVG.       0.01              0.14   -0.13     0.07
DAYS >= .01         3               9.1    -6.1        6
DAYS >= .10         1               4.9    -3.9        5
DAYS >= .50         0               2.5    -2.5        2
DAYS >= 1.00        0               1.5    -1.5        0
GREATEST
 24 HR. TOTAL    0.14   09/17 TO 09/17

DEGREE_DAYS
HEATING TOTAL      37               100     -63       29
 SINCE 7/1         38               107     -69       35
COOLING TOTAL     156                83      73      176
 SINCE 1/1       1081               927     154     1254
.................................................................

WIND (MPH)
AVERAGE WIND SPEED              6.4
HIGHEST WIND SPEED/DIRECTION    29/270    DATE  09/16
HIGHEST GUST SPEED/DIRECTION    42/260    DATE  09/16

SKY COVER
POSSIBLE SUNSHINE (PERCENT)   MM
AVERAGE SKY COVER           0.10
NUMBER OF DAYS FAIR           27
NUMBER OF DAYS PC              3
NUMBER OF DAYS CLOUDY          0

AVERAGE RH (PERCENT)     69

WEATHER CONDITIONS. NUMBER OF DAYS WITH
THUNDERSTORM              3     MIXED PRECIP               0
HEAVY RAIN                0     RAIN                       1
LIGHT RAIN                4     FREEZING RAIN              0
LT FREEZING RAIN          0     HAIL                       0
HEAVY SNOW                0     SNOW                       0
LIGHT SNOW                0     SLEET                      0
FOG                      12     FOG W/VIS <= 1/4 MILE      4
HAZE                      4

-  INDICATES NEGATIVE NUMBERS.
R  INDICATES RECORD WAS SET OR TIED.
MM INDICATES DATA IS MISSING.
T  INDICATES TRACE AMOUNT.

$$
