000
CXCA52 TJSJ 010610
CLMISX


CLIMATE REPORT
NATIONAL WEATHER SERVICE SAN JUAN, PR
207 AM AST SUN FEB 1 2015

...................................

...THE HENRY E. ROHLSEN AP/ST CROIX CLIMATE SUMMARY FOR THE MONTH OF JANUARY 2015...

CLIMATE NORMAL PERIOD 1981 TO 2010
CLIMATE RECORD PERIOD 1951 TO 2015

WEATHER         OBSERVED          NORMAL  DEPART  LAST YEAR`S
                 VALUE   DATE(S)  VALUE   FROM    VALUE  DATE(S)
                                          NORMAL
................................................................
TEMPERATURE (F)
RECORD
 HIGH              92   01/30/1973
 LOW               61   01/21/2000
                        01/20/2000
                        01/11/1979
HIGHEST            87   01/03        87       0       87  01/04
                        01/02
LOWEST             69   01/31        75      -6       68  01/15
                        01/30
                        01/23
AVG. MAXIMUM     84.8              84.0     0.8     84.6
AVG. MINIMUM     71.7              72.4    -0.7     73.3
MEAN             78.3              78.2     0.1     79.0
DAYS MAX >= 90      0               0.0     0.0        0

PRECIPITATION (INCHES)
RECORD
 MAXIMUM         7.35   1963
 MINIMUM         0.49   2011
TOTALS           1.28              2.14   -0.86     1.13
DAILY AVG.       0.04              0.07   -0.03     0.04
DAYS >= .01        17              15.8     1.2       21
DAYS >= .10         5               6.5    -1.5        4
DAYS >= .50         0               0.7    -0.7        0
DAYS >= 1.00        0               0.2    -0.2        0
GREATEST
 24 HR. TOTAL    0.36   01/31 TO 01/31

SNOWFALL (INCHES)
TOTALS            0.0               0.0     0.0      0.0

DEGREE_DAYS
HEATING TOTAL       0                 0       0        0
COOLING TOTAL     406               409      -3      441
.................................................................

WIND (MPH)
AVERAGE WIND SPEED              9.6
HIGHEST WIND SPEED/DIRECTION    30/090    DATE  01/12
HIGHEST GUST SPEED/DIRECTION    40/080    DATE  01/05

SKY COVER
AVERAGE SKY COVER           0.20

AVERAGE RH (PERCENT)     76

WEATHER CONDITIONS. NUMBER OF DAYS WITH
THUNDERSTORM              0     MIXED PRECIP               0
HEAVY RAIN                0     RAIN                       0
LIGHT RAIN                7     FREEZING RAIN              0
LT FREEZING RAIN          0     HAIL                       0
HEAVY SNOW                0     SNOW                       0
LIGHT SNOW                0     SLEET                      0
FOG                       2     FOG W/VIS <= 1/4 MILE      0
HAZE                      2

-  INDICATES NEGATIVE NUMBERS.
R  INDICATES RECORD WAS SET OR TIED.
MM INDICATES DATA IS MISSING.
T  INDICATES TRACE AMOUNT.

$$
