000
CXUS53 KGLD 011755
CLMITR

CLIMATE REPORT
NATIONAL WEATHER SERVICE GOODLAND
1148 AM MDT TUE APR 1 2014

...................................

...THE BURLINGTON CLIMATE SUMMARY FOR THE MONTH OF MARCH 2014...

CLIMATE NORMAL PERIOD 1981 TO 2010
CLIMATE RECORD PERIOD 1896 TO 2014

WEATHER         OBSERVED          NORMAL  DEPART  LAST YEAR`S
                 VALUE   DATE(S)  VALUE   FROM    VALUE  DATE(S)
                                          NORMAL
................................................................
TEMPERATURE (F)
RECORD
 HIGH              93   03/19/1921
 LOW              -22   03/03/1960
HIGHEST            75   03/09        78      -3       79  03/15
LOWEST              0   03/02        10     -10       -3  03/24
                        03/01
AVG. MAXIMUM     55.9              54.3     1.6     52.6
AVG. MINIMUM     23.4              25.1    -1.7     21.3
MEAN             39.6              39.7    -0.1     37.0
DAYS MAX >= 90      0               0.0     0.0        0
DAYS MAX <= 32      3               1.8     1.2        4
DAYS MIN <= 32     28              25.5     2.5       27
DAYS MIN <= 0       2               0.3     1.7        2

PRECIPITATION (INCHES)
RECORD
 MAXIMUM         4.90   1981
 MINIMUM         0.00   1997
TOTALS           0.21              0.89   -0.68     2.10
DAILY AVG.       0.01              0.03   -0.02     0.07
DAYS >= .01         6                MM      MM        7
DAYS >= .10         1                MM      MM        4
DAYS >= .50         0                MM      MM        2
DAYS >= 1.00        0                MM      MM        1
GREATEST
 24 HR. TOTAL    0.10   03/07 TO 03/07              1.08


.................................................................



-  INDICATES NEGATIVE NUMBERS.
R  INDICATES RECORD WAS SET OR TIED.
MM INDICATES DATA IS MISSING.
T  INDICATES TRACE AMOUNT.

$$
