000
CXUS54 KJAN 011152
CLMJAN


CLIMATE REPORT
NATIONAL WEATHER SERVICE JACKSON MS
650 AM CDT SAT JUL 1 2017

...................................

...THE JACKSON CLIMATE SUMMARY FOR THE MONTH OF JUNE 2017...

CLIMATE NORMAL PERIOD 1981 TO 2010
CLIMATE RECORD PERIOD 1896 TO 2017

WEATHER         OBSERVED          NORMAL  DEPART  LAST YEAR`S
                 VALUE   DATE(S)  VALUE   FROM    VALUE  DATE(S)
                                          NORMAL
................................................................
TEMPERATURE (F)
RECORD
 HIGH             105   06/29/1988
                        06/20/1936
 LOW               48   06/03/1956
HIGHEST            93   06/30        96      -3       99  06/27
LOWEST             58   06/09        56       2       64  06/10
                        06/08                             06/09
AVG. MAXIMUM     86.4              89.5    -3.1     92.2
AVG. MINIMUM     68.6              68.6     0.0     71.6
MEAN             77.5              79.0    -1.5     81.9
DAYS MAX >= 90      8              15.1    -7.1       24
DAYS MAX <= 32      0               0.0     0.0        0
DAYS MIN <= 32      0               0.0     0.0        0
DAYS MIN <= 0       0               0.0     0.0        0

PRECIPITATION (INCHES)
RECORD
 MAXIMUM         9.69   1909
 MINIMUM            T   1930
TOTALS           8.42              4.12    4.30     3.03
DAILY AVG.       0.28              0.14    0.14     0.10
DAYS >= .01        18               9.4     8.6       11
DAYS >= .10        13               6.3     6.7        6
DAYS >= .50         6               2.7     3.3        2
DAYS >= 1.00        3               1.2     1.8        0
GREATEST
 24 HR. TOTAL    1.70   06/05 TO 06/05              1.05

SNOWFALL (INCHES)
RECORDS
 TOTAL            0.0   MM
TOTALS            0.0               0.0     0.0      0.0
SINCE 7/1         0.8               0.8     0.0        T
DAYS >= TRACE       0
DAYS >= 1.0         0               0.0     0.0        0
GREATEST
 24 HR TOTAL      0.0   06/30 TO 06/30

DEGREE_DAYS
HEATING TOTAL       0                 0       0        0
 SINCE 7/1       1328              2391   -1063     1587
COOLING TOTAL     381               422     -41      516
 SINCE 1/1        877               780      97      904
.................................................................

WIND (MPH)
AVERAGE WIND SPEED              6.2
HIGHEST WIND SPEED/DIRECTION    41/360    DATE  06/16
HIGHEST GUST SPEED/DIRECTION    51/350    DATE  06/16

SKY COVER
POSSIBLE SUNSHINE (PERCENT)   MM
AVERAGE SKY COVER           0.50
NUMBER OF DAYS FAIR            9
NUMBER OF DAYS PC             16
NUMBER OF DAYS CLOUDY          5

AVERAGE RH (PERCENT)     77

WEATHER CONDITIONS. NUMBER OF DAYS WITH
THUNDERSTORM             11     MIXED PRECIP               0
HEAVY RAIN               12     RAIN                      12
LIGHT RAIN               23     FREEZING RAIN              0
LT FREEZING RAIN          0     HAIL                       0
HEAVY SNOW                0     SNOW                       0
LIGHT SNOW                0     SLEET                      0
FOG                      19     FOG W/VIS <= 1/4 MILE      0
HAZE                      2

-  INDICATES NEGATIVE NUMBERS.
R  INDICATES RECORD WAS SET OR TIED.
MM INDICATES DATA IS MISSING.
T  INDICATES TRACE AMOUNT.

$$
