000
CXUS51 KOKX 011451 RRA
CLMJFK
CLIMATE REPORT
NATIONAL WEATHER SERVICE NEW YORK, NY
951 AM EST FRI MAR 01 2024
...................................
...THE KENNEDY NY CLIMATE SUMMARY FOR THE MONTH OF FEBRUARY 2024...
CLIMATE NORMAL PERIOD 1991 TO 2020
CLIMATE RECORD PERIOD 1948 TO 2024
WEATHER OBSERVED NORMAL DEPART LAST YEAR`S
VALUE DATE(S) VALUE FROM VALUE DATE(S)
NORMAL
................................................................
TEMPERATURE (F)
RECORD
HIGH 71 02/27/1997
LOW -2 02/08/1963
HIGHEST 56 02/28 MM MM 64 02/16
LOWEST 21 02/25 MM MM 4 02/04
AVG. MAXIMUM 44.0 41.7 2.3 47.0
AVG. MINIMUM 31.5 27.4 4.1 30.7
MEAN 37.8 34.5 3.3 38.8
DAYS MAX >= 90 0 0.0 0.0 0
DAYS MAX <= 32 0 4.0 -4.0 1
DAYS MIN <= 32 19 19.6 -0.6 17
DAYS MIN <= 0 0 0.0 0.0 0
PRECIPITATION (INCHES)
RECORD
MAXIMUM 6.02 2010
MINIMUM 0.46 2002
TOTALS 1.68 2.76 -1.08 1.54
DAILY AVG. 0.06 NAN NAN 0.06
DAYS >= .01 7 9.8 -2.8 11
DAYS >= .10 4 6.0 -2.0 5
DAYS >= .50 1 1.9 -0.9 0
DAYS >= 1.00 0 0.7 -0.7 0
GREATEST
24 HR. TOTAL 0.65 02/13 TO 02/13 0.61 02/27 TO 02/28
STORM TOTAL 0.65 0.37
(MM/DD(HH)) MM
SNOWFALL (INCHES)
RECORDS
TOTAL 32.1 2003
24 HR TOTAL 1.7 MM
TOTALS 10.4 8.6 1.8 1.7
LIQUID EQUIV 1.00 0.80 0.20 0.20
SINCE 7/1 12.8 21.0 -8.2
LIQUID 7/1 1.28 2.10 MM
DAYS >= TRACE 3 3.8 -0.8 6
DAYS >= 1.0 2 2.1 -0.1 1
GREATEST
SNOW DEPTH 6 02/17 2 02/28
24 HR TOTAL MM MM 1.7
STORM TOTAL 6.2 1.0
(MM/DD(HH)) MM
DEGREE DAYS
HEATING TOTAL 782 853 -71 726
SINCE 7/1 3163 3567 -404 MM
COOLING TOTAL 0 0 0 0
SINCE 1/1 0 0 0 MM
................................................................
WIND (MPH)
AVERAGE WIND SPEED 11.4
HIGHEST WIND SPEED/DIRECTION 41/290 DATE 02/28
HIGHEST GUST SPEED/DIRECTION 57/300 DATE 02/28
SKY COVER
POSSIBLE SUNSHINE (PERCENT) MM
AVERAGE SKY COVER 0.54
NUMBER OF DAYS FAIR 10
NUMBER OF DAYS PC 8
NUMBER OF DAYS CLOUDY 11
AVERAGE RH (PERCENT) 65
WEATHER CONDITIONS. NUMBER OF DAYS WITH
THUNDERSTORM 0 MIXED PRECIP 0
HEAVY RAIN 1 RAIN 3
LIGHT RAIN 7 FREEZING RAIN 0
LT FREEZING RAIN 0 HAIL 0
HEAVY SNOW 0 SNOW 2
LIGHT SNOW 3 SLEET 1
FOG 7 FOG W/VIS <= 1/4 MILE 1
HAZE 1
- INDICATES NEGATIVE NUMBERS.
R INDICATES RECORD WAS SET OR TIED.
MM INDICATES DATA IS MISSING.
T INDICATES TRACE AMOUNT.
$$