000
CXUS51 KCTP 010911
CLMJST

PHLCLMJST 000
TTAA00 KCTP 010853


CLIMATE REPORT
NATIONAL WEATHER SERVICE STATE COLLEGE PA
452 AM EDT WED NOV 1 2017

...................................

...THE JOHNSTOWN CLIMATE SUMMARY FOR THE MONTH OF OCTOBER 2017...

CLIMATE NORMAL PERIOD 1981 TO 2010
CLIMATE RECORD PERIOD 1892 TO 2017

WEATHER         OBSERVED          NORMAL  DEPART  LAST YEAR`S
                 VALUE   DATE(S)  VALUE   FROM    VALUE  DATE(S)
                                          NORMAL
................................................................
TEMPERATURE (F)
RECORD
 HIGH              94   10/01/1953
 LOW               19   10/20/1972
HIGHEST            79   10/07                         79  10/20
LOWEST             30   10/31                         30  10/26
AVG. MAXIMUM     64.3              58.1     6.2     62.5
AVG. MINIMUM     48.0              41.3     6.7     45.2
MEAN             56.1              49.7     6.4     53.8
DAYS MAX >= 90      0                MM      MM        0
DAYS MAX <= 32      0                MM      MM        0
DAYS MIN <= 32      1                MM      MM        1
DAYS MIN <= 0       0                MM      MM        0

PRECIPITATION (INCHES)
RECORD
 MAXIMUM         8.53   1913
 MINIMUM         0.11   1924
TOTALS           4.45              3.06    1.39     3.72
DAILY AVG.       0.14              0.10    0.04     0.12
DAYS >= .01         9                MM      MM       14
DAYS >= .10         8                MM      MM        8
DAYS >= .50         4                MM      MM        2
DAYS >= 1.00        1                MM      MM        1
GREATEST
 24 HR. TOTAL    1.51   10/29 TO 10/29

DEGREE_DAYS
HEATING TOTAL     288               477    -189      353
 SINCE 7/1        456               699    -243      430
COOLING TOTAL      22                 3      19       16
 SINCE 1/1        497               388     109      705
...................................................

WIND (MPH)
AVERAGE WIND SPEED              8.7
HIGHEST WIND SPEED/DIRECTION    31/270    DATE  10/30
HIGHEST GUST SPEED/DIRECTION    45/270    DATE  10/30

SKY COVER
POSSIBLE SUNSHINE (PERCENT)   MM
AVERAGE SKY COVER           0.40
NUMBER OF DAYS FAIR           12
NUMBER OF DAYS PC             10
NUMBER OF DAYS CLOUDY          9

AVERAGE RH (PERCENT)     72

WEATHER CONDITIONS. NUMBER OF DAYS WITH
THUNDERSTORM              0     MIXED PRECIP               0
HEAVY RAIN                6     RAIN                       8
LIGHT RAIN               13     FREEZING RAIN              0
LT FREEZING RAIN          0     HAIL                       0
HEAVY SNOW                0     SNOW                       0
LIGHT SNOW                0     SLEET                      0
FOG                      15     FOG W/VIS <= 1/4 MILE      8
HAZE                      1

-  INDICATES NEGATIVE NUMBERS.
R  INDICATES RECORD WAS SET OR TIED.
MM INDICATES DATA IS MISSING.
T  INDICATES TRACE AMOUNT.

&&

$$

MARTIN
