324
CXUS55 KVEF 011952
CLMLAS


CLIMATE REPORT
NATIONAL WEATHER SERVICE LAS VEGAS, NV
1251 PM PDT MON AUG 1 2016

...................................

...THE LAS VEGAS NV CLIMATE SUMMARY FOR THE MONTH OF JULY 2016...

CLIMATE NORMAL PERIOD 1981 TO 2010
CLIMATE RECORD PERIOD 1937 TO 2016

WEATHER         OBSERVED          NORMAL  DEPART  LAST YEAR`S
                 VALUE   DATE(S)  VALUE   FROM    VALUE  DATE(S)
                                          NORMAL
................................................................
TEMPERATURE (F)
RECORD
 HIGH             117   07/19/2005
                        07/24/1942
 LOW               56   07/21/1940
                        07/19/1937
HIGHEST           115   07/28       112       3      109  07/03
                        07/27
LOWEST             71   07/01        73      -2       74  07/19
                                                          07/10
AVG. MAXIMUM    107.1             104.2     2.9    101.2
AVG. MINIMUM     83.6              80.9     2.7     80.0
MEAN             95.4              92.5     2.9     90.6
DAYS MAX >= 90     31              30.4     0.6       30
DAYS MAX <= 32      0               0.0     0.0        0
DAYS MIN <= 32      0               0.0     0.0        0
DAYS MIN <= 0       0               0.0     0.0        0

PRECIPITATION (INCHES)
RECORD
 MAXIMUM         2.48   1984
 MINIMUM         0.00   1993
                        1981
                        1963
TOTALS           0.20              0.40   -0.20     0.19
DAILY AVG.       0.01              0.01    0.00     0.01
DAYS >= .01         2               2.5    -0.5        3
DAYS >= .10         1               1.0     0.0        1
DAYS >= .50         0               0.2    -0.2        0
DAYS >= 1.00        0               0.1    -0.1        0
GREATEST
 24 HR. TOTAL    0.61   06/30 TO 07/01

SNOWFALL (INCHES)
RECORDS
 TOTAL            0.0   2002
                        2001
 24 HR TOTAL       MM
TOTALS            0.0               0.0     0.0      0.0
SINCE 7/1         0.0
SNOWDEPTH AVG.      0
DAYS >= TRACE       0
DAYS >= 1.0         0
GREATEST
 SNOW DEPTH         0
 24 HR TOTAL      0.0   07/31 TO 07/31
 STORM TOTAL       MM
 (MM/DD(HH))

DEGREE_DAYS
HEATING TOTAL       0                 0       0        0
 SINCE 7/1          0                 0       0        0
COOLING TOTAL     948               854      94      802
 SINCE 1/1       2327              2054     273     2219

FREEZE DATES
RECORD
 EARLIEST     10/21/1949
 LATEST       04/12/1967
EARLIEST                        11/25
LATEST                          02/28
.................................................................

WIND (MPH)
AVERAGE WIND SPEED              8.5
HIGHEST WIND SPEED/DIRECTION    36/040    DATE  07/01
HIGHEST GUST SPEED/DIRECTION    51/330    DATE  07/01

SKY COVER
POSSIBLE SUNSHINE (PERCENT)   MM
AVERAGE SKY COVER           0.20
NUMBER OF DAYS FAIR           27
NUMBER OF DAYS PC              4
NUMBER OF DAYS CLOUDY          0

AVERAGE RH (PERCENT)     16

WEATHER CONDITIONS. NUMBER OF DAYS WITH
THUNDERSTORM              0     MIXED PRECIP               0
HEAVY RAIN                0     RAIN                       1
LIGHT RAIN                2     FREEZING RAIN              0
LT FREEZING RAIN          0     HAIL                       0
HEAVY SNOW                0     SNOW                       0
LIGHT SNOW                0     SLEET                      0
FOG                       0     FOG W/VIS <= 1/4 MILE      0
HAZE                      3

-  INDICATES NEGATIVE NUMBERS.
R  INDICATES RECORD WAS SET OR TIED.
MM INDICATES DATA IS MISSING.
T  INDICATES TRACE AMOUNT.

$$
