953
CXUS53 KLMK 011310
CLMLEX


CLIMATE REPORT
NATIONAL WEATHER SERVICE LOUISVILLE KY
855 AM EDT SAT JUL 1 2017

...................................

...THE LEXINGTON KY CLIMATE SUMMARY FOR THE MONTH OF JUNE 2017...

CLIMATE NORMAL PERIOD 1981 TO 2010
CLIMATE RECORD PERIOD 1872 TO 2017

WEATHER         OBSERVED          NORMAL  DEPART  LAST YEAR`S
                 VALUE   DATE(S)  VALUE   FROM    VALUE  DATE(S)
                                          NORMAL
................................................................
TEMPERATURE (F)
RECORD
 HIGH             104   06/29/1936
 LOW               39   06/01/1966
HIGHEST            92   06/12        MM      MM       93  06/16
LOWEST             50   06/08        MM      MM       52  06/09
AVG. MAXIMUM     83.6              82.9     0.7     86.2
AVG. MINIMUM     61.7              62.5    -0.8     64.1
MEAN             72.7              72.7     0.0     75.1
DAYS MAX >= 90      4               2.9     1.1        9
DAYS MAX <= 32      0               0.0     0.0        0
DAYS MIN <= 32      0               0.0     0.0        0
DAYS MIN <= 0       0               0.0     0.0        0

PRECIPITATION (INCHES)
RECORD
 MAXIMUM        11.69   1960
 MINIMUM         0.61   1988
TOTALS           5.78              4.44    1.34     4.56
DAILY AVG.       0.19              0.15    0.04     0.15
DAYS >= .01        11              10.9     0.1       10
DAYS >= .10         6               7.3    -1.3        6
DAYS >= .50         3               3.2    -0.2        4
DAYS >= 1.00        1               1.0     0.0        1
GREATEST
 24 HR. TOTAL    3.16   06/23 TO 06/23

SNOWFALL (INCHES)
RECORDS
 TOTAL             MM   5
TOTALS            0.0               0.0     0.0      0.0
SINCE 7/1         3.4              13.0    -9.6     15.3
SNOWDEPTH AVG.      0                MM      MM        0
DAYS >= 1.0         0               0.0     0.0        0
GREATEST
 SNOW DEPTH         0   MM                             0  MM
 24 HR TOTAL      0.0   06/30 TO 06/30

DEGREE_DAYS
HEATING TOTAL       5                11      -6        1
 SINCE 7/1       3476              4611   -1135     3765
COOLING TOTAL     244               242       2      313
 SINCE 1/1        441               349      92      427
.................................................................

WIND (MPH)
AVERAGE WIND SPEED              7.0
HIGHEST WIND SPEED/DIRECTION    26/290    DATE  06/30
HIGHEST GUST SPEED/DIRECTION    39/290    DATE  06/30

SKY COVER
POSSIBLE SUNSHINE (PERCENT)   MM
AVERAGE SKY COVER           0.20
NUMBER OF DAYS FAIR           24
NUMBER OF DAYS PC              5
NUMBER OF DAYS CLOUDY          1

AVERAGE RH (PERCENT)     65

WEATHER CONDITIONS. NUMBER OF DAYS WITH
THUNDERSTORM              6     MIXED PRECIP               0
HEAVY RAIN                6     RAIN                       5
LIGHT RAIN               11     FREEZING RAIN              0
LT FREEZING RAIN          0     HAIL                       0
HEAVY SNOW                0     SNOW                       0
LIGHT SNOW                0     SLEET                      0
FOG                      10     FOG W/VIS <= 1/4 MILE      4
HAZE                      2

-  INDICATES NEGATIVE NUMBERS.
R  INDICATES RECORD WAS SET OR TIED.
MM INDICATES DATA IS MISSING.
T  INDICATES TRACE AMOUNT.

$$
