000
CXUS53 KLMK 011144
CLMLEX


CLIMATE REPORT
NATIONAL WEATHER SERVICE LOUISVILLE KY
742 AM EDT FRI AUG 1 2014

...................................

...THE LEXINGTON KY CLIMATE SUMMARY FOR THE MONTH OF JULY 2014...

CLIMATE NORMAL PERIOD 1981 TO 2010
CLIMATE RECORD PERIOD 1872 TO 2014

WEATHER         OBSERVED          NORMAL  DEPART  LAST YEAR`S
                 VALUE   DATE(S)  VALUE   FROM    VALUE  DATE(S)
                                          NORMAL
................................................................
TEMPERATURE (F)
RECORD
 HIGH             108   07/15/1936
                        07/10/1936
 LOW               47   07/07/1972
                        07/23/1947
                        07/02/1937
HIGHEST            93   07/13        MM      MM       95  07/17
LOWEST             51   07/29        MM      MM       54  07/29
AVG. MAXIMUM     83.7              86.1    -2.4     83.2
AVG. MINIMUM     62.9              66.3    -3.4     65.9
MEAN             73.3              76.2    -2.9     74.5
DAYS MAX >= 90      6               7.2    -1.2        8
DAYS MAX <= 32      0               0.0     0.0        0
DAYS MIN <= 32      0               0.0     0.0        0
DAYS MIN <= 0       0               0.0     0.0        0

PRECIPITATION (INCHES)
RECORD
 MAXIMUM        10.64   1958
 MINIMUM         0.45   1930
TOTALS           3.23              4.65   -1.42     9.10
DAILY AVG.       0.10              0.15   -0.05     0.29
DAYS >= .01         9              10.4    -1.4       14
DAYS >= .10         6               7.5    -1.5        9
DAYS >= .50         2               3.2    -1.2        7
DAYS >= 1.00        1               1.5    -0.5        5
GREATEST
 24 HR. TOTAL    1.18   07/26 TO 07/27

SNOWFALL (INCHES)
RECORDS
 TOTAL             MM   5
TOTALS            0.0               0.0     0.0      0.0
SINCE 7/1         0.0               0.0     0.0      0.0
SNOWDEPTH AVG.      0                MM      MM        0
DAYS >= 1.0         0               0.0     0.0        0
GREATEST
 SNOW DEPTH         0   MM                             0  MM
 24 HR TOTAL      0.0   07/31 TO 07/31

DEGREE_DAYS
HEATING TOTAL       2                 0       2        0
 SINCE 7/1          2                 0       2        0
COOLING TOTAL     270               347     -77      301
 SINCE 1/1        736               696      40      723
.................................................................

WIND (MPH)
AVERAGE WIND SPEED              6.6
HIGHEST WIND SPEED/DIRECTION    31/050    DATE  07/27
HIGHEST GUST SPEED/DIRECTION    38/020    DATE  07/27

SKY COVER
POSSIBLE SUNSHINE (PERCENT)   MM
AVERAGE SKY COVER           0.30
NUMBER OF DAYS FAIR           18
NUMBER OF DAYS PC             12
NUMBER OF DAYS CLOUDY          1

AVERAGE RH (PERCENT)     68

WEATHER CONDITIONS. NUMBER OF DAYS WITH
THUNDERSTORM              7     MIXED PRECIP               0
HEAVY RAIN                6     RAIN                       6
LIGHT RAIN               14     FREEZING RAIN              0
LT FREEZING RAIN          0     HAIL                       0
HEAVY SNOW                0     SNOW                       0
LIGHT SNOW                0     SLEET                      0
FOG                      12     FOG W/VIS <= 1/4 MILE      1
HAZE                      4

-  INDICATES NEGATIVE NUMBERS.
R  INDICATES RECORD WAS SET OR TIED.
MM INDICATES DATA IS MISSING.
T  INDICATES TRACE AMOUNT.

$$
