000
CXUS51 KOKX 011744
CLMLGA

CLIMATE REPORT
NATIONAL WEATHER SERVICE NEW YORK NY
143 PM EDT FRI JUL 1 2016

...................................

...THE LAGUARDIA NY CLIMATE SUMMARY FOR THE MONTH OF JUNE 2016...

CLIMATE NORMAL PERIOD 1981 TO 2010
CLIMATE RECORD PERIOD 1939 TO 2016

WEATHER         OBSERVED          NORMAL  DEPART  LAST YEAR`S
                 VALUE   DATE(S)  VALUE   FROM    VALUE  DATE(S)
                                          NORMAL
................................................................
TEMPERATURE (F)
RECORD
 HIGH             101   06/26/1952
 LOW               46   06/11/1972
HIGHEST            90   06/11        MM      MM       92  06/23
                                                          06/11
LOWEST             55   06/08        MM      MM       50  06/02
AVG. MAXIMUM     81.9              80.5     1.4     78.4
AVG. MINIMUM     65.3              63.8     1.5     64.1
MEAN             73.6              72.2     1.4     71.3
DAYS MAX >= 90      1               3.8    -2.8        3
DAYS MAX <= 32      0               0.0     0.0        0
DAYS MIN <= 32      0               0.0     0.0        0
DAYS MIN <= 0       0               0.0     0.0        0

PRECIPITATION (INCHES)
RECORD
 MAXIMUM         9.88   2003
 MINIMUM         0.03   1949
TOTALS           2.24              3.94   -1.70     4.80
DAILY AVG.       0.07              0.13   -0.06     0.16
DAYS >= .01         9              10.5    -1.5       12
DAYS >= .10         7               6.6     0.4        9
DAYS >= .50         1               2.6    -1.6        5
DAYS >= 1.00        0               1.0    -1.0        1
GREATEST
 24 HR. TOTAL    0.87   06/04 TO 06/05           05/31 TO 06/01
                                                          06/30 TO 06/30
                                                          06/30 TO 06/30
 STORM TOTAL       MM                                 MM
 (MM/DD(HH))            MM                    06/01(00) TO 06/01(00)
                                                 06/30(00) TO 06/30(00)0
                                                 06/30(00) TO 06/30(00)0

SNOWFALL (INCHES)
RECORDS
 TOTAL             MM   5
 24 HR TOTAL       MM
TOTALS            0.0               0.0     0.0      0.0
 LIQUID EQUIV    0.00              0.00    0.00     0.00
SINCE 7/1        36.2              26.9     9.3     53.8
 LIQUID 7/1      3.62              2.70             5.38
DAYS >= TRACE       0               0.0     0.0        0
DAYS >= 1.0         0               0.0     0.0        0
GREATEST
 SNOW DEPTH         0   MM                             0  MM
 24 HR TOTAL      0.0   06/30 TO 06/30           06/30 TO 06/30
                                                          06/30 TO 06/30
                                                          06/30 TO 06/30
 STORM TOTAL       MM                                 MM
 (MM/DD(HH))            MM                    06/30(00) TO 06/30(00)
                                                 06/30(00) TO 06/30(00)0
                                                 06/30(00) TO 06/30(00)0

DEGREE_DAYS
HEATING TOTAL       2                16     -14       34
 SINCE 7/1       3654              4664   -1010     4984
COOLING TOTAL     270               231      39      228
 SINCE 1/1        389               297      92      350
.................................................

WIND (MPH)
AVERAGE WIND SPEED              10.1
HIGHEST WIND SPEED/DIRECTION    36/320    DATE  06/12
HIGHEST GUST SPEED/DIRECTION    46/330    DATE  06/12

SKY COVER
POSSIBLE SUNSHINE (PERCENT)   MM
AVERAGE SKY COVER           0.60
NUMBER OF DAYS FAIR            8
NUMBER OF DAYS PC             16
NUMBER OF DAYS CLOUDY          6

AVERAGE RH (PERCENT)     58

WEATHER CONDITIONS. NUMBER OF DAYS WITH
THUNDERSTORM              0     MIXED PRECIP               0
HEAVY RAIN                4     RAIN                       5
LIGHT RAIN               10     FREEZING RAIN              0
LT FREEZING RAIN          0     HAIL                       0
HEAVY SNOW                0     SNOW                       0
LIGHT SNOW                0     SLEET                      0
FOG                       8     FOG W/VIS <= 1/4 MILE      1
HAZE                      6

-  INDICATES NEGATIVE NUMBERS.
R  INDICATES RECORD WAS SET OR TIED.
MM INDICATES DATA IS MISSING.
T  INDICATES TRACE AMOUNT.

$$
