143
CXUS54 KLZK 020252
CLMLIT


CLIMATE REPORT
NATIONAL WEATHER SERVICE LITTLE ROCK AR
848 PM CST MON JAN 1 2018

...................................

...THE LITTLE ROCK ADAMS FIELD CLIMATE SUMMARY FOR THE MONTH OF DECEMBER 2017...

CLIMATE NORMAL PERIOD 1981 TO 2010
CLIMATE RECORD PERIOD 1874 TO 2017

WEATHER         OBSERVED          NORMAL  DEPART  LAST YEAR`S
                 VALUE   DATE(S)  VALUE   FROM    VALUE  DATE(S)
                                          NORMAL
................................................................
TEMPERATURE (F)
RECORD
 HIGH              81   12/26/2015
 LOW                    12/23/1989
                        12/24/1963
HIGHEST            73   12/03        53      20       77  12/17
LOWEST             15   12/28        34     -19       12  12/19
AVG. MAXIMUM     52.7              52.3     0.4     52.4
AVG. MINIMUM     33.4              33.7    -0.3     34.2
MEAN             43.0              43.0     0.0     43.3
DAYS MAX >= 90      0               0.0     0.0        0
DAYS MAX <= 32      2               1.4     0.6        1
DAYS MIN <= 32     15              14.0     1.0       12
DAYS MIN <= 0       0               0.0     0.0        0

PRECIPITATION (INCHES)
RECORD
 MAXIMUM        16.92   1884
 MINIMUM         0.14   1889
TOTALS           7.74              4.97    2.77     4.39
DAILY AVG.       0.25              0.16    0.09     0.14
DAYS >= .01         8               9.7    -1.7       14
DAYS >= .10         6                                  9
DAYS >= .50         4                                  2
DAYS >= 1.00        3               1.4     1.6        1
GREATEST
 24 HR. TOTAL    4.35   12/22 TO 12/23

SNOWFALL (INCHES)
RECORDS
 TOTAL           10.3   2012
 24 HR TOTAL     10.3   12/25/2012 TO 12/26/2012
 SNOW DEPTH        10   12/26/2012
TOTALS            0.0               0.2    -0.2        T
 LIQUID EQUIV    0.00              0.00    0.00        T
SINCE 7/1           T               0.2    -0.2        T
 LIQUID 7/1        MM                MM      MM       MM
SNOWDEPTH AVG.      0
DAYS >= TRACE       0               0.2    -0.2        1
DAYS >= 1.0         0                                  0
GREATEST
 SNOW DEPTH         0   MM
 24 HR TOTAL      0.0

DEGREE_DAYS
HEATING TOTAL     673               683     -10      667
 SINCE 7/1       1139              1197     -58     1006
COOLING TOTAL       0                 2      -2        2
 SINCE 1/1       2028              2206    -178     2652

FREEZE DATES
RECORD
 EARLIEST     10/20/1989
 LATEST       04/19/1983
EARLIEST                        11/13
LATEST                          03/19
.........................................................

WIND (MPH)
AVERAGE WIND SPEED              7.2
HIGHEST WIND SPEED/DIRECTION    24/230    DATE  12/13
HIGHEST GUST SPEED/DIRECTION    32/230    DATE  12/13

SKY COVER
POSSIBLE SUNSHINE (PERCENT)   MM
AVERAGE SKY COVER           0.70
NUMBER OF DAYS FAIR            7
NUMBER OF DAYS PC              6
NUMBER OF DAYS CLOUDY         18

AVERAGE RH (PERCENT)     67

WEATHER CONDITIONS. NUMBER OF DAYS WITH
THUNDERSTORM              0     MIXED PRECIP               0
HEAVY RAIN                3     RAIN                       7
LIGHT RAIN               10     FREEZING RAIN              0
LT FREEZING RAIN          0     HAIL                       0
HEAVY SNOW                0     SNOW                       0
LIGHT SNOW                0     SLEET                      0
FOG                      11     FOG W/VIS <= 1/4 MILE      4
HAZE                      0

-  INDICATES NEGATIVE NUMBERS.
R  INDICATES RECORD WAS SET OR TIED.
MM INDICATES DATA IS MISSING.
T  INDICATES TRACE AMOUNT.

&&

..Data for Little Rock for December 2017...

.Summary...
The month of December at Little Rock finished right at average. The
warmest periods were during the first five days of the month, and
during the 18th through 22nd, when daily temperatures were running
around five to ten degrees above average. This changed significantly,
with much colder air pushing in to the region around the 23rd and
24th, and the final eight days of the month were much colder.

Rainfall was above average for the first month since August. It was
also the wettest December in two years. Nearly all of the rain fell
from the 16th through the 23rd.

For the first time in two years, no snow fell during the month.

.Monthly Temperatures...
The average high temperature was the warmest since 2015. However,
the average low and monthly temperatures were the coolest since
2013.

.Daily Temperatures...
Daily temperatures were above average on 16 days, average on two
days, and below average on 13 days.

.Daily Record Temperatures Tied or Broken During the Month...
None.

.Monthly Rainfall...
Rainfall was above average. It was the wettest December since 2015.

.Daily Rainfall Records Tied or Broken During the Month...
Date    New Record      Previous Record
22nd   4.33 in 2017       2.54 in 1941

On the 22nd, the 4.33 inches of rain that fell marked the wettest
December day at Little Rock since 2009, and the 6th wettest calendar
day on record for the month.

.Monthly Snowfall...
For the first time since 2015, no snow fell during December.

$$

57
