000
CXUS55 KRIW 011257
CLMLND

CLIMATE REPORT
NATIONAL WEATHER SERVICE RIVERTON WY
330 AM MDT FRI JUL 1 2016

...PRELIMINARY MONTHLY CLIMATE SUMMARY FOR THE HUNT FIELD IN LANDER
FOR THE MONTH OF JUNE 2016...

...OFFICIAL CLIMATE DATA FOR THE MONTH OF JUNE 2016 WILL BE
AVAILABLE APPROXIMATELY IN AUGUST 2016 FROM THE NATIONAL CLIMATIC
DATA CENTER (HTTP://WWW.NCDC.NOAA.GOV/OL/CLIMATEDATA.HTML).
UNOFFICIAL ASOS DAILY SUMMARIES ARE AVAILABLE ON THE INTERNET AT
HTTP://WWW.WEATHER.GOV/CLIMATE/INDEX.PHP?WFO=RIW

...LANDER WAS MUCH WARMER AND DRIER THAN NORMAL IN JUNE...

THE AVERAGE TEMPERATURE FOR LANDER IN JUNE WAS 68.3 DEGREES...WHICH
WAS 5.3 DEGREES ABOVE NORMAL. THIS MAKES IT THE 4TH WARMEST JUNE ON
RECORD. THE WARMEST READING OF THE MONTH WAS 95 DEGREES ON THE
21ST...SETTING A NEW RECORD. THIS BROKE THE PREVIOUS RECORD OF 94
SET IN 2005. THE COLDEST READING OF THE MONTH WAS 38 DEGREES ON THE
1ST.

TOTAL PRECIPITATION FOR THE MONTH WAS 0.57 INCHES...WHICH WAS 45
PERCENT OF NORMAL. THE WETTEST 24 HOUR PERIOD OF THE MONTH WAS ON
THE 7TH...WHEN 0.24 OF AN INCH OF PRECIPITATION FELL. NO
PRECIPITATION RECORDS WERE SET DURING THE MONTH. THE HIGHEST WIND
GUST WAS 64 MPH ON THE 29TH.

...THE LANDER WY CLIMATE SUMMARY FOR THE MONTH OF JUNE 2016...

CLIMATE NORMAL PERIOD 1981 TO 2010
CLIMATE RECORD PERIOD 1891 TO 2016

WEATHER         OBSERVED          NORMAL  DEPART
                 VALUE   DATE(S)  VALUE   FROM
                                          NORMAL
................................................
TEMPERATURE (F)
RECORD
 HIGH             100   06/23/1954
 LOW               25   06/03/1951
HIGHEST            95   06/21
LOWEST             38   06/01
AVG. MAXIMUM     84.3              77.5     6.8
AVG. MINIMUM     52.4              48.4     4.0
MEAN             68.3              63.0     5.3
DAYS MAX >= 90      6
DAYS MAX <= 32      0
DAYS MIN <= 32      0
DAYS MIN <= 0       0

PRECIPITATION (INCHES)
RECORD
 MAXIMUM         6.88   1947
 MINIMUM         0.00   1971
                        1956
TOTALS           0.57              1.27   -0.70
DAILY AVG.       0.02              0.04   -0.02
DAYS >= .01         3
DAYS >= .10         3
DAYS >= .50         0
DAYS >= 1.00        0
GREATEST
 24 HR. TOTAL    0.24   06/07 TO 06/07

SNOWFALL (INCHES)
TOTALS            0.0               0.1    -0.1
SINCE 7/1        75.2              91.4   -16.2
SNOWDEPTH AVG.      0
DAYS >= 1.0         0

DEGREE_DAYS
HEATING TOTAL      22               126    -104
 SINCE 7/1       7015              7748    -733
COOLING TOTAL     128                64      64
 SINCE 1/1        128                69      59
.................................................

WIND (MPH)
AVERAGE WIND SPEED              7.7
RESULTANT WIND SPEED/DIRECTION   3/239
HIGHEST WIND SPEED/DIRECTION    46/200    DATE  06/12
HIGHEST GUST SPEED/DIRECTION    64/330    DATE  06/29

SKY COVER
POSSIBLE SUNSHINE (PERCENT)   MM
AVERAGE SKY COVER           0.10
NUMBER OF DAYS FAIR           30
NUMBER OF DAYS PC              0
NUMBER OF DAYS CLOUDY          0

AVERAGE RH (PERCENT)     39

WEATHER CONDITIONS. NUMBER OF DAYS WITH
THUNDERSTORM              0     MIXED PRECIP               0
HEAVY RAIN                2     RAIN                       1
LIGHT RAIN                6     FREEZING RAIN              0
LT FREEZING RAIN          0     HAIL                       0
HEAVY SNOW                0     SNOW                       0
LIGHT SNOW                0     SLEET                      0
FOG                       1     FOG W/VIS <= 1/4 MILE      0
HAZE                      0

-  INDICATES NEGATIVE NUMBERS.
R  INDICATES RECORD WAS SET OR TIED.
MM INDICATES DATA IS MISSING.
T  INDICATES TRACE AMOUNT.

LOOKING AHEAD TO JULY 2016...THE AVERAGE HIGH TEMPERATURE ON THE
FIRST OF THE MONTH IS 84 DEGREES...AND THE AVERAGE LOW TEMPERATURE
IS 51 DEGREES. THE AVERAGE HIGH BY THE END OF THE MONTH IS 86
DEGREES...AND THE AVERAGE LOW TEMPERATURE IS 55 DEGREES. THE AVERAGE
MONTHLY PRECIPITATION IS 0.75 INCHES.

$$
