000
CXUS53 KLMK 011636
CLMLOU


CLIMATE REPORT
NATIONAL WEATHER SERVICE LOUISVILLE KY
1127 AM EST THU FEB 1 2018

...................................

...THE LOUISVILLE BOWMAN KY CLIMATE SUMMARY FOR THE MONTH OF JANUARY 2018...

CLIMATE NORMAL PERIOD 1981 TO 2010
CLIMATE RECORD PERIOD 9999 TO 9999

WEATHER         OBSERVED          NORMAL  DEPART  LAST YEAR`S
                 VALUE   DATE(S)  VALUE   FROM    VALUE  DATE(S)
                                          NORMAL
................................................................
TEMPERATURE (F)
RECORD
 HIGH              MM   MM
 LOW               MM   MM
HIGHEST            64   01/11        MM      MM       70  01/12
LOWEST                  01/02        MM      MM        8  01/07
AVG. MAXIMUM     40.5              42.5    -2.0     48.6
AVG. MINIMUM     23.2              26.5    -3.3     33.7
MEAN             31.8              34.5    -2.7     41.1
DAYS MAX >= 90      0               0.0     0.0        0
DAYS MAX <= 32     12               6.2     5.8        4
DAYS MIN <= 32     21              21.8    -0.8       10
DAYS MIN <= 0       1               0.0     1.0        0

PRECIPITATION (INCHES)
RECORD
 MAXIMUM           MM   MM
 MINIMUM           MM   MM
TOTALS           1.73              3.38   -1.65     4.24
DAILY AVG.       0.06              0.11   -0.05     0.14
DAYS >= .01         8                MM      MM       15
DAYS >= .10         5                MM      MM       11
DAYS >= .50         1                MM      MM        2
DAYS >= 1.00        0                MM      MM        0
GREATEST
 24 HR. TOTAL    0.68   01/11 TO 01/12

SNOWFALL (INCHES)
RECORDS
 TOTAL             MM   MM
TOTALS             MM                MM      MM       MM
SINCE 7/1          MM                MM      MM       MM
SNOWDEPTH AVG.     MM                MM      MM       MM
DAYS >= 1.0         0                MM      MM        0
GREATEST
 SNOW DEPTH        MM                                 MM  MM
 24 HR TOTAL       MM

DEGREE_DAYS
HEATING TOTAL    1019               945      74      732
 SINCE 7/1       2674              2609      65     2100
COOLING TOTAL       0                 0       0        0
 SINCE 1/1          0                 0       0        0
.................................................................

WIND (MPH)
AVERAGE WIND SPEED              7.4
HIGHEST WIND SPEED/DIRECTION    35/210    DATE  01/22
HIGHEST GUST SPEED/DIRECTION    55/200    DATE  01/22

SKY COVER
POSSIBLE SUNSHINE (PERCENT)   MM
AVERAGE SKY COVER           0.50
NUMBER OF DAYS FAIR           10
NUMBER OF DAYS PC              8
NUMBER OF DAYS CLOUDY         13

AVERAGE RH (PERCENT)     68

WEATHER CONDITIONS. NUMBER OF DAYS WITH
THUNDERSTORM              1     MIXED PRECIP               0
HEAVY RAIN                1     RAIN                       3
LIGHT RAIN               11     FREEZING RAIN              1
LT FREEZING RAIN          1     HAIL                       0
HEAVY SNOW                0     SNOW                       0
LIGHT SNOW                8     SLEET                      0
FOG                      13     FOG W/VIS <= 1/4 MILE      2
HAZE                      5

-  INDICATES NEGATIVE NUMBERS.
R  INDICATES RECORD WAS SET OR TIED.
MM INDICATES DATA IS MISSING.
T  INDICATES TRACE AMOUNT.

$$
