000
CXUS53 KJKL 011742
CLMLOZ

CLIMATE REPORT
NATIONAL WEATHER SERVICE JACKSON KY
131 PM EDT THU SEP 1 2016
...................................

...THE LONDON KY CLIMATE SUMMARY FOR THE MONTH OF AUGUST 2016...

CLIMATE NORMAL PERIOD 1981 TO 2010
CLIMATE RECORD PERIOD 1954 TO 2016

WEATHER         OBSERVED          NORMAL  DEPART  LAST YEAR`S
                 VALUE   DATE(S)  VALUE   FROM    VALUE  DATE(S)
                                          NORMAL
................................................................
TEMPERATURE (F)
RECORD
 HIGH             102   08/16/2007
 LOW               44   08/29/1986
HIGHEST            93   08/27        MM      MM       92  08/04
LOWEST             56   08/23        MM      MM       54  08/25
AVG. MAXIMUM     87.3              85.7     1.6     84.3
AVG. MINIMUM     68.5              64.7     3.8     63.4
MEAN             77.9              75.2     2.7     73.9
DAYS MAX >= 90      8               6.4     1.6        3
DAYS MAX <= 32      0               0.0     0.0        0
DAYS MIN <= 32      0               0.0     0.0        0
DAYS MIN <= 0       0               0.0     0.0        0

PRECIPITATION (INCHES)
RECORD
 MAXIMUM         7.47   2003
 MINIMUM         0.45   2007
TOTALS           5.02              3.71    1.31     2.76
DAILY AVG.       0.16              0.12    0.04     0.09
DAYS >= .01        16               9.2     6.8        9
DAYS >= .10         6               6.0     0.0        6
DAYS >= .50         5               2.8     2.2        3
DAYS >= 1.00        1               0.9     0.1        0
GREATEST
 24 HR. TOTAL    1.74   08/20 TO 08/21              0.90

SNOWFALL (INCHES)
RECORDS
 TOTAL             MM   MM
TOTALS             MM               0.0      MM       MM
SINCE 7/1          MM               0.0      MM       MM
SNOWDEPTH AVG.     MM                MM      MM       MM
DAYS >= 1.0         0               0.0     0.0       MM
GREATEST
 SNOW DEPTH        MM                                 MM
 24 HR TOTAL       MM                                 MM

DEGREE_DAYS
HEATING TOTAL       0                 1      -1        0
 SINCE 7/1          0                 1      -1        0
COOLING TOTAL     407               317      90      280
 SINCE 1/1       1223              1024     199     1171
.................................................................

WIND (MPH)
AVERAGE WIND SPEED              3.3
HIGHEST WIND SPEED/DIRECTION    29/090    DATE  08/28
HIGHEST GUST SPEED/DIRECTION    39/090    DATE  08/28

SKY COVER
POSSIBLE SUNSHINE (PERCENT)   MM
AVERAGE SKY COVER           0.30
NUMBER OF DAYS FAIR           17
NUMBER OF DAYS PC             12
NUMBER OF DAYS CLOUDY          2

AVERAGE RH (PERCENT)     72

WEATHER CONDITIONS. NUMBER OF DAYS WITH
THUNDERSTORM             12     MIXED PRECIP               0
HEAVY RAIN                6     RAIN                       6
LIGHT RAIN               17     FREEZING RAIN              0
LT FREEZING RAIN          0     HAIL                       0
HEAVY SNOW                0     SNOW                       0
LIGHT SNOW                0     SLEET                      0
FOG                      19     FOG W/VIS <= 1/4 MILE      5
HAZE                      5

-  INDICATES NEGATIVE NUMBERS.
R  INDICATES RECORD WAS SET OR TIED.
MM INDICATES DATA IS MISSING.
T  INDICATES TRACE AMOUNT.

$$

TAB
