000
CXUS54 KCRP 011559
CLMLRD

CLIMATE REPORT
NATIONAL WEATHER SERVICE CORPUS CHRISTI TX
1030 AM CDT FRI APR 1 2016

...................................

...THE LAREDO CLIMATE SUMMARY FOR THE MONTH OF MARCH 2016...

CLIMATE NORMAL PERIOD 1981 TO 2010
CLIMATE RECORD PERIOD 1900 TO 2016

WEATHER         OBSERVED          NORMAL  DEPART  LAST YEAR`S
                 VALUE   DATE(S)  VALUE   FROM    VALUE  DATE(S)
                                          NORMAL
................................................................
TEMPERATURE (F)
RECORD
 HIGH             105   03/06/1991
                        03/27/1984
                        03/26/1950
 LOW               25   03/03/1922
                        03/15/1909
HIGHEST            97   03/14        86      11       89  03/29
LOWEST             46   03/21        53      -7       37  03/07
AVG. MAXIMUM     83.7              79.8     3.9     72.7
AVG. MINIMUM     61.2              56.9     4.3     54.5
MEAN             72.4              68.4     4.0     63.6
DAYS MAX >= 90     10               4.1     5.9        0
DAYS MAX <= 32      0               0.0     0.0        0
DAYS MIN <= 32      0               0.3    -0.3        0
DAYS MIN <= 0       0               0.0     0.0        0

PRECIPITATION (INCHES)
RECORD
 MAXIMUM         4.78   2004
 MINIMUM         0.00   1978
                        1977
                        1973
TOTALS           3.97              1.12    2.85     2.57
DAILY AVG.       0.13              0.04    0.09     0.08
DAYS >= .01         5               4.4     0.6       10
DAYS >= .10         3               1.9     1.1        5
DAYS >= .50         2               0.6     1.4        2
DAYS >= 1.00        2               0.2     1.8        1
GREATEST
 24 HR. TOTAL    3.24   03/10 TO 03/11           03/21 TO 03/21

SNOWFALL (INCHES)
RECORDS
 TOTAL             MM   MM
 24 HR TOTAL       MM
TOTALS            0.0                MM      MM      0.0
SINCE 7/1         0.0               0.0     0.0      0.0
SNOWDEPTH AVG.      0                MM      MM        0
DAYS >= 1.0         0                MM      MM
GREATEST
 SNOW DEPTH         0   MM                             0
 24 HR TOTAL      0.0   MM                           0.0

DEGREE_DAYS
HEATING TOTAL      18                69     -51      128
 SINCE 7/1        594               913    -319     1063
COOLING TOTAL     257               173      84       91
 SINCE 1/1        375               258     117      139
..................................................

WIND (MPH)
AVERAGE WIND SPEED              10.4
HIGHEST WIND SPEED/DIRECTION    30/150    DATE  03/07
HIGHEST GUST SPEED/DIRECTION    38/360    DATE  03/18

SKY COVER
AVERAGE SKY COVER           0.40

AVERAGE RH (PERCENT)     64

WEATHER CONDITIONS. NUMBER OF DAYS WITH
THUNDERSTORM              1     MIXED PRECIP               0
HEAVY RAIN                2     RAIN                       4
LIGHT RAIN                7     FREEZING RAIN              0
LT FREEZING RAIN          0     HAIL                       0
HEAVY SNOW                0     SNOW                       0
LIGHT SNOW                0     SLEET                      0
FOG                      12     FOG W/VIS <= 1/4 MILE      0
HAZE                      6

-  INDICATES NEGATIVE NUMBERS.
R  INDICATES RECORD WAS SET OR TIED.
MM INDICATES DATA IS MISSING.
T  INDICATES TRACE AMOUNT.

$$

88
