000
CXUS54 KCRP 022015
CLMLRD

CLIMATE REPORT
NATIONAL WEATHER SERVICE CORPUS CHRISTI TX
312 PM CDT THU JUL 2 2015

...................................

...THE LAREDO CLIMATE SUMMARY FOR THE MONTH OF JUNE 2015...

CLIMATE NORMAL PERIOD 1981 TO 2010
CLIMATE RECORD PERIOD 1900 TO 2015

WEATHER         OBSERVED          NORMAL  DEPART  LAST YEAR`S
                 VALUE   DATE(S)  VALUE   FROM    VALUE  DATE(S)
                                          NORMAL
................................................................
TEMPERATURE (F)
RECORD
 HIGH             115   06/11/1942
 LOW               48   06/22/2001
HIGHEST            99   06/13       101      -2      108  06/12
                        06/12
LOWEST             68   06/01        73      -5       74  06/02
AVG. MAXIMUM     94.8              98.1    -3.3    100.1
AVG. MINIMUM     74.8              75.9    -1.1     78.3
MEAN             84.8              87.0    -2.2     89.2
DAYS MAX >= 90     29              28.1     0.9       30
DAYS MAX <= 32      0               0.0     0.0        0
DAYS MIN <= 32      0               0.0     0.0        0
DAYS MIN <= 0       0               0.0     0.0        0

PRECIPITATION (INCHES)
RECORD
 MAXIMUM        12.29   1973
 MINIMUM           MM   MM
TOTALS           1.20              2.23   -1.03     0.55
DAILY AVG.       0.04              0.07   -0.03     0.02
DAYS >= .01         7               5.1     1.9        4
DAYS >= .10         1               3.1    -2.1        1
DAYS >= .50         1               1.5    -0.5        0
DAYS >= 1.00        1               0.7     0.3        0
GREATEST
 24 HR. TOTAL    1.00   06/21 TO 06/21           06/19 TO 06/19
                                                          06/19 TO 06/19
                                                          06/19 TO 06/19
 STORM TOTAL       MM                                 MM
 (MM/DD(HH))            MM                    06/19(00) TO 06/19(00)
                                                 06/19(00) TO 06/19(00)9
                                                 06/19(00) TO 06/19(00)9

SNOWFALL (INCHES)
RECORDS
 TOTAL             MM   MM
 24 HR TOTAL       MM
TOTALS            0.0                MM      MM      0.0
SINCE 7/1         0.0               0.0     0.0        T
SNOWDEPTH AVG.      0                MM      MM        0
DAYS >= 1.0         0                MM      MM
GREATEST
 SNOW DEPTH         0   MM                             0
 24 HR TOTAL      0.0   06/30 TO 06/30               0.0

DEGREE_DAYS
HEATING TOTAL       0                 0       0        0
 SINCE 7/1       1064               926     138     1095
COOLING TOTAL     600               660     -60      736
 SINCE 1/1       1542              1803    -261     1861
..........................................................

WIND (MPH)
AVERAGE WIND SPEED              10.2
HIGHEST WIND SPEED/DIRECTION    39/MM     DATE   MM
HIGHEST GUST SPEED/DIRECTION    43/MM     DATE   MM

SKY COVER
AVERAGE SKY COVER           0.20

AVERAGE RH (PERCENT)     68

WEATHER CONDITIONS. NUMBER OF DAYS WITH
THUNDERSTORM              0     MIXED PRECIP               0
HEAVY RAIN                2     RAIN                       2
LIGHT RAIN               10     FREEZING RAIN              0
LT FREEZING RAIN          0     HAIL                       0
HEAVY SNOW                0     SNOW                       0
LIGHT SNOW                0     SLEET                      0
FOG                       4     FOG W/VIS <= 1/4 MILE      1
HAZE                      8

-  INDICATES NEGATIVE NUMBERS.
R  INDICATES RECORD WAS SET OR TIED.
MM INDICATES DATA IS MISSING.
T  INDICATES TRACE AMOUNT.

$$
