000
CXUS55 KBYZ 011100
CLMLVM


CLIMATE REPORT
NATIONAL WEATHER SERVICE BILLINGS MT
458 AM MDT FRI JUL 1 2016

...................................

...THE LIVINGSTON MT CLIMATE SUMMARY FOR THE MONTH OF JUNE 2016...

CLIMATE NORMAL PERIOD 1981 TO 2010
CLIMATE RECORD PERIOD 1948 TO 2016

WEATHER         OBSERVED          NORMAL  DEPART
                 VALUE   DATE(S)  VALUE   FROM
                                          NORMAL
................................................
TEMPERATURE (F)
HIGHEST            96   06/23
LOWEST             33   06/01
AVG. MAXIMUM     83.1              73.4     9.7
AVG. MINIMUM     45.6              44.0     1.6
MEAN             64.4              58.7     5.7
DAYS MAX >= 90      7
DAYS MAX <= 32      0
DAYS MIN <= 32      0
DAYS MIN <= 0       0

PRECIPITATION (INCHES)
TOTALS           0.73              2.39   -1.66
DAYS >= .01         8
DAYS >= .10         2
DAYS >= .50         0
DAYS >= 1.00        0
GREATEST
 24 HR. TOTAL    0.35   06/15 TO 06/16

DEGREE_DAYS
HEATING TOTAL      78               207    -129
 SINCE 7/1       6398              7603   -1205
COOLING TOTAL      70                19      51
 SINCE 1/1         70                20      50
.................................................

WIND (MPH)
AVERAGE WIND SPEED              11.0
HIGHEST WIND SPEED/DIRECTION    45/230    DATE  06/16
HIGHEST GUST SPEED/DIRECTION    57/230    DATE  06/16

AVERAGE RH (PERCENT)     49

WEATHER CONDITIONS. NUMBER OF DAYS WITH
THUNDERSTORM              7     MIXED PRECIP               0
HEAVY RAIN                0     RAIN                       6
LIGHT RAIN               10     FREEZING RAIN              0
LT FREEZING RAIN          0     HAIL                       0
HEAVY SNOW                0     SNOW                       0
LIGHT SNOW                0     SLEET                      0
FOG                       2     FOG W/VIS <= 1/4 MILE      0
HAZE                      0

-  INDICATES NEGATIVE NUMBERS.
R  INDICATES RECORD WAS SET OR TIED.
MM INDICATES DATA IS MISSING.
T  INDICATES TRACE AMOUNT.

&&

...JUNE 2016 MONTH IN REVIEW FOR LIVINGSTON...

BELOW IS A SUMMARY OF THE TEMPERATURE AND PRECIPITATION
STATISTICS FOR LIVINGSTON FOR JUNE 2016. ALL TEMPERATURES ARE IN
DEGREES FAHRENHEIT AND ALL PRECIPITATION AMOUNTS ARE IN INCHES. NORMALS
ARE 30 YEAR AVERAGES CALCULATED FROM 1981 TO 2010. MONTHLY RANKINGS
FOR PRECIPITATION...SNOWFALL...AND TEMPERATURES USE A PERIOD
OF RECORD THAT STARTED IN JULY 1948 AT OR NEAR THE LIVINGSTON AIRPORT.

NUMBERS DENOTED WITH AN * IS MISSING DATA IN THE CALCULATION.

... MONTHLY PRECIPITATION...

 MONTH   2016 VALUES  NORMALS    DEPARTURE  RANKING

JUNE         0.73     2.39       -1.66      4TH DRIEST OUT OF 68 YEARS
                                            (RECORD DRIEST WAS 0.54 IN 1974)
                                            (DRIEST SINCE 0.71 IN 1991)

... JUNE 2016 BROKEN OR TIED DAILY PRECIPITATION RECORDS...

NONE

NOTE: SINCE THE LATE 1990S...LIVINGSTON BECAME AN AUTOMATED AND UNATTENDED
WEATHER STATION. PRECIPITATION AMOUNTS IN THE WINTER MAY BE UNDERESTIMATED.

... AVERAGE TEMPERATURES...

 MONTH   2016 VALUES  NORMALS   DEPARTURE  RANKING

JUNE         64.4      58.7      +5.7      4TH WARMEST OUT OF 68 YEARS
                                           (RECORD WARMEST WAS 68.4 IN 1988)
                                           (WARMEST SINCE 66.3 IN 2015)

... AVERAGE HIGH TEMPERATURES...

 MONTH   2016 VALUES  NORMALS   DEPARTURE  RANKING

JUNE         83.1      73.4      +9.7      3RD WARMEST OUT OF 68 YEARS
                                           (RECORD WARMEST WAS 85.6 IN 1988)
                                           (WARMEST SINCE 85.6 IN 1988)

... JUNE 2016 BROKEN OR TIED WARMEST DAILY HIGH TEMPERATURE RECORDS...

92 ON JUNE 10 (OLD RECORD 89 IN 1949)
92 ON JUNE 18 (TIED RECORD IN 1986)
96 ON JUNE 23 (OLD RECORD 95 IN 1988)

... JUNE 2016 BROKEN OR TIED COLDEST DAILY HIGH TEMPERATURE RECORDS...

NONE

... AVERAGE LOW TEMPERATURES...

 MONTH   2016 VALUES  NORMALS   DEPARTURE  RANKING

JUNE         45.6      44.0      +1.6      TIED FOR THE 33RD COLDEST OUT OF 68 YEARS
                                           (RECORD COLDEST WAS 40.9 IN 1951)
                                           (COLDEST SINCE 45.2 IN 2014)

... JUNE 2016 BROKEN OR TIED WARMEST DAILY LOW TEMPERATURE RECORDS...

55 ON JUNE  6 (TIED RECORD IN 1952)

... JUNE 2016 BROKEN OR TIED COLDEST DAILY LOW TEMPERATURE RECORDS...

34 ON JUNE 20 (TIED RECORD IN 1978)

$$
