000
CXUS46 KOTX 011906
CLMLWS

CLIMATE REPORT
NATIONAL WEATHER SERVICE SPOKANE, WA
1206 PM PDT MON AUG 1 2016

...................................

...THE LEWISTON ID AIRPORT CLIMATE SUMMARY FOR THE MONTH OF JULY 2016...

CLIMATE NORMAL PERIOD 1981 TO 2010
CLIMATE RECORD PERIOD 1881 TO 2016

WEATHER         OBSERVED          NORMAL  DEPART  LAST YEAR`S
                 VALUE   DATE(S)  VALUE   FROM    VALUE  DATE(S)
                                          NORMAL
................................................................
TEMPERATURE (F)
RECORD
 HIGH             117   07/27/1939
 LOW               41   07/02/1955
                        07/07/1895
HIGHEST           102   07/29        MM      MM      106  07/31
LOWEST             51   07/11        MM      MM       53  07/28
AVG. MAXIMUM     87.2              89.3    -2.1     93.2
AVG. MINIMUM     59.5              59.6    -0.1     64.2
MEAN             73.4              74.4    -1.0     78.7
DAYS MAX >= 90     12              16.1    -4.1       19
DAYS MAX <= 32      0               0.0     0.0        0
DAYS MIN <= 32      0               0.0     0.0        0
DAYS MIN <= 0       0               0.0     0.0        0

PRECIPITATION (INCHES)
RECORD
 MAXIMUM         2.60   1987
 MINIMUM            T   1883
TOTALS           1.57              0.66    0.91     0.02
DAILY AVG.       0.05              0.02    0.03     0.00
DAYS >= .01         7               4.6     2.4        1
DAYS >= .10         3               1.6     1.4        0
DAYS >= .50         1               0.3     0.7        0
DAYS >= 1.00        0               0.0     0.0        0
GREATEST
 24 HR. TOTAL    1.02   07/09 TO 07/10           07/11 TO 07/11

DEGREE_DAYS
HEATING TOTAL       9                 7       2        0
 SINCE 7/1          9                 7       2        0
COOLING TOTAL     274               300     -26      431
 SINCE 1/1        490               430      60      798
..................................................

WIND (MPH)
AVERAGE WIND SPEED              5.4
HIGHEST WIND SPEED/DIRECTION    33/260    DATE  07/19
HIGHEST GUST SPEED/DIRECTION    43/250    DATE  07/19

SKY COVER
POSSIBLE SUNSHINE (PERCENT)   MM
AVERAGE SKY COVER           0.20
NUMBER OF DAYS FAIR           27
NUMBER OF DAYS PC              2
NUMBER OF DAYS CLOUDY          2

AVERAGE RH (PERCENT)     45

WEATHER CONDITIONS. NUMBER OF DAYS WITH
THUNDERSTORM              3     MIXED PRECIP               0
HEAVY RAIN                1     RAIN                       2
LIGHT RAIN                8     FREEZING RAIN              0
LT FREEZING RAIN          0     HAIL                       0
HEAVY SNOW                0     SNOW                       0
LIGHT SNOW                0     SLEET                      0
FOG                       2     FOG W/VIS <= 1/4 MILE      0
HAZE                      2

-  INDICATES NEGATIVE NUMBERS.
R  INDICATES RECORD WAS SET OR TIED.
MM INDICATES DATA IS MISSING.
T  INDICATES TRACE AMOUNT.

$$

JULY 2016 OVERALL WAS AN ACTIVE MONTH ACROSS THE REGION WITH
SEVERAL ROUNDS OF SHOWERS AND THUNDERSTORMS.  HOWEVER THE MAJORITY
OF THESE STORMS TRACKED ACROSS NORTH CENTRAL AND NORTHEAST
WASHINGTON INTO THE NORTH IDAHO PANHANDLE.  FOR SOUTHEAST WASHINGTON
AND THE SOUTH IDAHO PANHANDLE THE MONTH FINISHED WITH TEMPERATURES
NEAR TO SLIGHTLY BELOW NORMAL WITH ABOVE NORMAL RAINFALL.  MOST OF
THIS RAIN FELL ON THE 9TH AND 10TH AS A LOW PRESSURE SYSTEM TRACKED
ACROSS NE OREGON AND CENTRAL IDAHO SENT A BAND OF RAIN SHOWERS AND
ISOLATED THUNDERSTORMS INTO THE AREA. UNSEASONABLY COOL AND WET
WEATHER OCCURRED ON THE 10TH WITH LEWISTON ONLY MAKING IT TO 60
DEGREES FOR A HIGH TEMPERATURE.  THIS WAS THE 3RD COLDEST HIGH
TEMPERATURE EVER RECORDED IN LEWISTON FOR THE MONTH OF JULY DATING
BACK TO 1881.  OVER THE TWO DAY PERIOD THE LEWISTON AIRPORT PICKED
UP 1.26 INCHES OF RAIN. ON THE 19TH A THUNDERSTORM CLIPPED THE
NORTHWEST EDGE OF LEWISTON PRODUCING HEAVY RAIN AND A WIND GUST TO
43 MPH.

ONE RECORD WAS SET DURING THE MONTH AT THE LEWISTON AIRPORT.  ON THE
9TH 0.97 INCHES OF RAIN WAS RECORDED SETTING A RECORD FOR THE DATE.
