000
CXUS53 KILX 011445
CLMLWV
CLIMATE REPORT
NATIONAL WEATHER SERVICE LINCOLN IL
845 AM CST FRI MAR 01 2024
...................................
...THE LAWRENCEVILLE IL AIRPORT CLIMATE SUMMARY FOR THE MONTH OF FEBRUARY 2024...
CLIMATE NORMAL PERIOD 1991 TO 2020
CLIMATE RECORD PERIOD 9999 TO 9999
WEATHER OBSERVED NORMAL DEPART LAST YEAR`S
VALUE DATE(S) VALUE FROM VALUE
NORMAL
..............................................................
TEMPERATURE (F)
RECORD
HIGH MM MM
LOW -6 02/17/2021
HIGHEST 77 02/26 MM MM 74
LOWEST 6 02/17 MM MM 14
AVG. MAXIMUM 55.9 44.2 11.7 53.5
AVG. MINIMUM 30.4 26.5 3.9 31.3
MEAN 43.1 35.4 7.7 42.4
DAYS MAX >= 90 0 0.0 0.0 0
DAYS MAX <= 32 1 4.7 -3.7 2
DAYS MIN <= 32 17 20.7 -3.7 16
DAYS MIN <= 0 0 0.5 -0.5 0
PRECIPITATION (INCHES)
RECORD
MAXIMUM 2.91 2021
MINIMUM 2.91 2021
TOTALS 0.56R 2.16 -1.60 MM
DAILY AVG. 0.02 NAN NAN MM
DAYS >= .01 4 8.0 -4.0 MM
DAYS >= .10 2 4.4 -2.4 MM
DAYS >= .50 0 1.4 -1.4 MM
DAYS >= 1.00 0 0.5 -0.5 MM
GREATEST
24 HR. TOTAL 0.33 02/10 TO 02/10 MM
DEGREE DAYS
HEATING TOTAL 632 830 -198 624
SINCE 7/1 2948 3758 -810 MM
COOLING TOTAL 3 0 3 0
SINCE 1/1 3 0 3 MM
..............................................................
WIND (MPH)
AVERAGE WIND SPEED 9.9
HIGHEST WIND SPEED/DIRECTION 38/300 DATE 02/28
HIGHEST GUST SPEED/DIRECTION 49/280 DATE 02/28
AVERAGE RH (PERCENT) 63
WEATHER CONDITIONS. NUMBER OF DAYS WITH
THUNDERSTORM 3 MIXED PRECIP 0
HEAVY RAIN 1 RAIN 1
LIGHT RAIN 6 FREEZING RAIN 0
LT FREEZING RAIN 1 HAIL 0
HEAVY SNOW 1 SNOW 1
LIGHT SNOW 2 SLEET 0
FOG 8 FOG W/VIS <= 1/4 MILE 3
HAZE 3
- INDICATES NEGATIVE NUMBERS.
R INDICATES RECORD WAS SET OR TIED.
MM INDICATES DATA IS MISSING.
T INDICATES TRACE AMOUNT.
$$