000
CXUS54 KLZK 020148 CCA
CLMLZK

CLIMATE REPORT
NATIONAL WEATHER SERVICE LITTLE ROCK AR
703 PM CDT THU SEP 1 2016

...................................

...THE NORTH LITTLE ROCK CLIMATE SUMMARY FOR THE MONTH OF AUGUST 2016...

CLIMATE NORMAL PERIOD 1981 TO 2010
CLIMATE RECORD PERIOD 1975 TO 2016

WEATHER         OBSERVED          NORMAL  DEPART  LAST YEAR`S
                 VALUE   DATE(S)  VALUE   FROM    VALUE  DATE(S)
                                          NORMAL
................................................................
TEMPERATURE (F)
RECORD
 HIGH             111   08/03/2011
                        08/30/2000
 LOW               53   08/29/1986
HIGHEST            97   08/02        93       4      101  08/08
                                                          08/07
LOWEST             66   08/22        72      -6       62  08/20
AVG. MAXIMUM     88.3              92.0    -3.7     92.3
AVG. MINIMUM     73.7              72.0     1.7     70.5
MEAN             81.0              82.0    -1.0     81.4
DAYS MAX >= 90     19              20.6    -1.6       20
DAYS MAX <= 32      0               0.0     0.0        0
DAYS MIN <= 32      0               0.0     0.0        0
DAYS MIN <= 0       0               0.0     0.0        0

PRECIPITATION (INCHES)
RECORD
 MAXIMUM         8.43   1991
 MINIMUM         0.01   2007
TOTALS           7.63              2.80    4.83     2.72
DAILY AVG.       0.25              0.09    0.16     0.09
DAYS >= .01        11               6.7     4.3        5
DAYS >= .10         8                                  3
DAYS >= .50         6                                  2
DAYS >= 1.00        2               0.8     1.2        1
GREATEST
 24 HR. TOTAL    2.17   08/07 TO 08/07

SNOWFALL (INCHES)
TOTALS            0.0               0.0     0.0      0.0
 LIQUID EQUIV    0.00              0.00    0.00     0.00
SINCE 7/1           T               0.0     0.0      0.0
 LIQUID 7/1        MM              0.00      MM     0.00
SNOWDEPTH AVG.      0
DAYS >= TRACE       0               0.0     0.0        0
DAYS >= 1.0         0                                  0
GREATEST
 SNOW DEPTH         0   MM
 24 HR TOTAL      0.0

DEGREE_DAYS
HEATING TOTAL       0                 0       0        0
 SINCE 7/1          0                 0       0        0
COOLING TOTAL     503               527     -24      517
 SINCE 1/1       1795              1777      18     1850

FREEZE DATES
RECORD
 EARLIEST     10/20/1989
 LATEST       04/19/1983
EARLIEST                        11/13
LATEST                          03/19
..................................................

WIND (MPH)
AVERAGE WIND SPEED              3.1
HIGHEST WIND SPEED/DIRECTION    10/MM     DATE   MM
HIGHEST GUST SPEED/DIRECTION    27/360    DATE  08/07

SKY COVER
POSSIBLE SUNSHINE (PERCENT)   MM
AVERAGE SKY COVER             MM
NUMBER OF DAYS FAIR          MM
NUMBER OF DAYS PC            MM
NUMBER OF DAYS CLOUDY        MM

AVERAGE RH (PERCENT)     MM

WEATHER CONDITIONS. NUMBER OF DAYS WITH
THUNDERSTORM              0     MIXED PRECIP               0
HEAVY RAIN                3     RAIN                       6
LIGHT RAIN               10     FREEZING RAIN              0
LT FREEZING RAIN          0     HAIL                       0
HEAVY SNOW                0     SNOW                       0
LIGHT SNOW                0     SLEET                      0
FOG                       5     FOG W/VIS <= 1/4 MILE      0
HAZE                      0

-  INDICATES NEGATIVE NUMBERS.
R  INDICATES RECORD WAS SET OR TIED.
MM INDICATES DATA IS MISSING.
T  INDICATES TRACE AMOUNT.

&&

...DATA FOR NORTH LITTLE ROCK FOR AUGUST 2016...

.SUMMARY...
THE MEAN TEMPERATURE FOR THE MONTH OF AUGUST WAS ACTUALLY A DEGREE BELOW
THE 30-YEAR AVERAGE.  HIGH TEMPERATURES WERE THE COOLEST IN SEVEN YEARS.
HOWEVER...THE AVERAGE LOW TEMPERATURES WERE THE WARMEST IN FIVE YEARS.

WITH THE EXCEPTION OF TWO DAYS...AUGUST 21ST AND 22ND...TEMPERATURES WERE
ABOVE 70 DEGREES EVERY OTHER DAY OF THE MONTH. THERE WERE 11 DAYS WITH LOWS AT OR
ABOVE 75 DEGREES...WHICH WAS THE HIGHEST SINCE 2012. THERE WAS ONE DAY WITH LOWS
AT OR ABOVE 80 DEGREES...WHICH WAS THE MOST SINCE 2012.

RAINFALL WAS WELL ABOVE AVERAGE. IT WAS THE WETTEST AUGUST IN 25 YEARS AND ONE
OF THE WETTEST EVER RECORDED.

.MONTHLY TEMPERATURES...
THE AVERAGE MONTHLY TEMPERATURE WAS THE COOLEST SINCE 20009...AND THE 6TH COOLEST
ON RECORD. HOWEVER...THE AVERAGE LOW TEMPERATURE WAS THE WARMEST SINCE 2011...
AND THE 10TH WARMEST ON RECORD. THE AVERAGE MONTHLY TEMPERATURE WAS THE COOLEST
SINCE 2014.

.DAILY TEMPERATURES...
AVERAGE ON ONE DAY...ABOVE AVERAGE ON 16 DAYS...AND BELOW AVERAGE ON 14 DAYS.

.TEMPERATURE RECORDS TIED OR BROKEN DURING THE MONTH...

DATE  RECORD TYPE                  NEW RECORD         PREVIOUS RECORD
11TH  WARMEST LOW TEMPERATURE      78 IN 2016      78 IN 2007...1999...1980
14TH  COOLEST HIGH TEMPERATURE     76 IN 2016      79 IN 1992
18TH  COOLEST HIGH TEMPERATURE     78 IN 2016      78 IN 1981
20TH  COOLEST HIGH TEMPERATURE     76 IN 2016      76 IN 2008...1994

.MONTHLY RAINFALL...
IT WAS THE WETTEST AUGUST SINCE 1991...AND THE 2ND WETTEST ON RECORD. THERE WERE
SIX CONSECUTIVE DAYS WITH MEASURABLE RAINFALL FROM AUGUST 13TH-18TH...WHICH WAS
THE MOST IN AUGUST SINCE 2011...AND TIED AUGUST 8TH-13TH 2011 FOR THE MOST ON
RECORD DURING THE MONTH.

ADDITIONAL/MISCELLANEOUS INFORMATION...
ON THE 7TH...THE 2.17 INCHES OF RAIN THAT FELL WAS THE HIGHEST DAILY RAINFALL
IN THE MONTH OF AUGUST SINCE 1997...AND THE 7TH HIGHEST CALENDAR DAY RAINFALL
ON RECORD IN THE MONTH OF AUGUST.

.DAILY RAINFALL RECORDS TIED OR BROKEN...

DATE   NEW RECORD         PREVIOUS RECORD
 7TH  2.17 IN 2016         0.43 IN 1981
14TH  1.08 IN 2016         0.56 IN 2006
16TH  0.98 IN 2016         0.52 IN 1986

$$

57
