000
CXUS53 KABR 011332
CLMMBG


CLIMATE REPORT
NATIONAL WEATHER SERVICE ABERDEEN SD
827 AM CDT WED NOV 1 2017

...................................

...THE MOBRIDGE SD CLIMATE SUMMARY FOR THE MONTH OF OCTOBER 2017...

CLIMATE NORMAL PERIOD 1981 TO 2010
CLIMATE RECORD PERIOD 1911 TO 2017

WEATHER         OBSERVED          NORMAL  DEPART  LAST YEAR`S
                 VALUE   DATE(S)  VALUE   FROM    VALUE  DATE(S)
                                          NORMAL
................................................................
TEMPERATURE (F)
RECORD
 HIGH              94   10/10/2015
                        10/04/1963
                        10/05/1947
 LOW                1   10/30/1991
HIGHEST            83   10/17        60      23       85  10/02
LOWEST             17   10/28        MM      MM       27  10/13
AVG. MAXIMUM     63.4              59.8     3.6     64.5
AVG. MINIMUM     36.9              34.6     2.3     41.5
MEAN             50.2              47.2     3.0     53.0
DAYS MAX >= 90      0               0.2    -0.2        0
DAYS MAX <= 32      0               0.2    -0.2        0
DAYS MIN <= 32     10              11.8    -1.8        2
DAYS MIN <= 0       0               0.0     0.0        0

PRECIPITATION (INCHES)
RECORD
 MAXIMUM         5.69   2013
 MINIMUM            T   1952
                        1945
TOTALS           0.25              1.50   -1.25     0.51
DAYS >= .01         6                MM      MM        6
DAYS >= .10         1                MM      MM        2
DAYS >= .50         0                MM      MM        0
DAYS >= 1.00        0                MM      MM        0

SNOWFALL (INCHES)
RECORDS
 TOTAL            8.0   5

 SNOW DEPTH        MM   MM
TOTALS              T                MM      MM      0.0
SINCE 7/1           T                MM      MM      0.0
SNOWDEPTH AVG.      0                MM      MM        0
DAYS >= TRACE       1
DAYS >= 1.0         0
GREATEST
 SNOW DEPTH         0   MM                             0  MM

DEGREE_DAYS
HEATING TOTAL     454               554    -100      380
 SINCE 7/1        599               774    -175      493
COOLING TOTAL       2                 3      -1       17
 SINCE 1/1        791               644     147      961

FREEZE DATES
RECORD
 EARLIEST     MM
 LATEST       MM
EARLIEST      10/09             MM
LATEST                          MM
.................................................................

WIND (MPH)
AVERAGE WIND SPEED              11.7
RESULTANT WIND SPEED/DIRECTION   3/293
HIGHEST WIND SPEED/DIRECTION    40/330    DATE  10/26
HIGHEST GUST SPEED/DIRECTION    52/340    DATE  10/26

SKY COVER
POSSIBLE SUNSHINE (PERCENT)   MM
AVERAGE SKY COVER           0.30
NUMBER OF DAYS FAIR           20
NUMBER OF DAYS PC             10
NUMBER OF DAYS CLOUDY          1

AVERAGE RH (PERCENT)     57

WEATHER CONDITIONS. NUMBER OF DAYS WITH
THUNDERSTORM              0     MIXED PRECIP               0
HEAVY RAIN                0     RAIN                       1
LIGHT RAIN               10     FREEZING RAIN              0
LT FREEZING RAIN          0     HAIL                       0
HEAVY SNOW                0     SNOW                       0
LIGHT SNOW                1     SLEET                      0
FOG                       1     FOG W/VIS <= 1/4 MILE      0
HAZE                      1

-  INDICATES NEGATIVE NUMBERS.
R  INDICATES RECORD WAS SET OR TIED.
MM INDICATES DATA IS MISSING.
T  INDICATES TRACE AMOUNT.

$$
