000
CXUS53 KEAX 010721
CLMMCI

STLCLMWRK 000
TTAA00 KEAX 010720


CLIMATE REPORT
NATIONAL WEATHER SERVICE KANSAS CITY/PLEASANT HILL MO
218 AM CDT SAT NOV 1 2014

...................................

...THE KANSAS CITY INTERNATIONAL MO CLIMATE SUMMARY FOR THE MONTH OF OCTOBER 2014...

CLIMATE NORMAL PERIOD 1981 TO 2010
CLIMATE RECORD PERIOD 1888 TO 2014

WEATHER         OBSERVED          NORMAL  DEPART  LAST YEAR`S
                 VALUE   DATE(S)  VALUE   FROM    VALUE  DATE(S)
                                          NORMAL
................................................................
TEMPERATURE (F)
RECORD
 HIGH              98   10/07/1939
 LOW               17   10/31/1993
                        10/30/1925
HIGHEST            85   10/26        85       0       86  10/04
LOWEST             31   10/31        29       2       28  10/27
AVG. MAXIMUM     67.9              66.9     1.0     65.9
AVG. MINIMUM     47.2              45.9     1.3     44.3
MEAN             57.6              56.4     1.2     55.1
DAYS MAX >= 90      0               0.2    -0.2        0
DAYS MAX <= 32      0               0.0     0.0        0
DAYS MIN <= 32      1               2.1    -1.1        3
DAYS MIN <= 0       0               0.0     0.0        0

PRECIPITATION (INCHES)
RECORD
 MAXIMUM        11.94   1941
 MINIMUM         0.12   1895
TOTALS           9.29              3.16    6.13     4.74
DAILY AVG.       0.30              0.10    0.20     0.15
DAYS >= .01         9               8.2     0.8        9
DAYS >= .10         5               5.5    -0.5        8
DAYS >= .50         4               2.0     2.0        4
DAYS >= 1.00        4               0.8     3.2        1
GREATEST
 24 HR. TOTAL    3.21   10/09 TO 10/09

SNOWFALL (INCHES)
RECORDS
 TOTAL            6.5   1996
                        0
                        0
TOTALS            0.0               0.2    -0.2      0.0
SINCE 7/1         0.0               0.2    -0.2      0.0
SNOWDEPTH AVG.      0                MM      MM        0
DAYS >= 1.0         0               0.1    -0.1        0
GREATEST
 SNOW DEPTH         0   MM                             0  MM
 24 HR TOTAL      0.0   10/31 TO 10/31

DEGREE_DAYS
HEATING TOTAL     235               293     -58      329
 SINCE 7/1        302               360     -58      348
COOLING TOTAL      14                26     -12       28
 SINCE 1/1       1263              1358     -95     1345
.................................................................

WIND (MPH)
AVERAGE WIND SPEED              9.9
HIGHEST WIND SPEED/DIRECTION    38/300    DATE  10/01
HIGHEST GUST SPEED/DIRECTION    55/300    DATE  10/01

SKY COVER
POSSIBLE SUNSHINE (PERCENT)   MM
AVERAGE SKY COVER           0.50
NUMBER OF DAYS FAIR           12
NUMBER OF DAYS PC             12
NUMBER OF DAYS CLOUDY          7

AVERAGE RH (PERCENT)     69

WEATHER CONDITIONS. NUMBER OF DAYS WITH
THUNDERSTORM              0     MIXED PRECIP               0
HEAVY RAIN                4     RAIN                       6
LIGHT RAIN               12     FREEZING RAIN              0
LT FREEZING RAIN          0     HAIL                       1
HEAVY SNOW                0     SNOW                       0
LIGHT SNOW                0     SLEET                      0
FOG                      11     FOG W/VIS <= 1/4 MILE      1
HAZE                      5

-  INDICATES NEGATIVE NUMBERS.
R  INDICATES RECORD WAS SET OR TIED.
MM INDICATES DATA IS MISSING.
T  INDICATES TRACE AMOUNT.

$$
