000
CXUS51 KCTP 010855
CLMMDT

PHLCLMMDT 000
TTAA00 KCTP 010850


CLIMATE REPORT
NATIONAL WEATHER SERVICE STATE COLLEGE PA
450 AM EDT SUN MAY 1 2016

...................................

...THE HARRISBURG PA CLIMATE SUMMARY FOR THE MONTH OF APRIL 2016...

CLIMATE NORMAL PERIOD 1981 TO 2010
CLIMATE RECORD PERIOD 1888 TO 2016

WEATHER         OBSERVED          NORMAL  DEPART  LAST YEAR`S
                 VALUE   DATE(S)  VALUE   FROM    VALUE  DATE(S)
                                          NORMAL
................................................................
TEMPERATURE (F)
RECORD
 HIGH              93   04/22/1985
                        04/25/1915
 LOW               11   04/01/1923
HIGHEST            82   04/26                         82  04/18
LOWEST             26   04/06                         28  04/02
                        04/05
AVG. MAXIMUM     62.7              62.4     0.3     64.7
AVG. MINIMUM     41.3              41.9    -0.6     41.9
MEAN             52.0              52.2    -0.2     53.3
DAYS MAX >= 90      0               0.1    -0.1        0
DAYS MAX <= 32      0               0.0     0.0        0
DAYS MIN <= 32      6               2.4     3.6        3
DAYS MIN <= 0       0               0.0     0.0        0

PRECIPITATION (INCHES)
RECORD
 MAXIMUM         9.46   2011
 MINIMUM         0.45   1985
TOTALS           2.51              3.10   -0.59     2.07
DAILY AVG.       0.08              0.10   -0.02     0.07
DAYS >= .01        14              10.8     3.2       13
DAYS >= .10         8               6.5     1.5        3
DAYS >= .50         1               2.3    -1.3        1
DAYS >= 1.00        1               0.9     0.1        1
GREATEST
 24 HR. TOTAL    1.06   04/06 TO 04/07

SNOWFALL (INCHES)
RECORDS
 TOTAL           18.0   1894
TOTALS            1.2               0.4     0.8        T
SINCE 7/1        39.1              30.6     8.5     39.2
SNOWDEPTH AVG.      0                MM      MM        0
DAYS >= 1.0         1               0.1     0.9        0
GREATEST
 SNOW DEPTH         T   04/09                          0  MM
 24 HR TOTAL      1.2   04/09

DEGREE_DAYS
HEATING TOTAL     391               392      -1      345
 SINCE 7/1       4283              5103    -820     5542
COOLING TOTAL      11                 6       5        0
 SINCE 1/1         12                 7       5        0
.....................................................

WIND (MPH)
AVERAGE WIND SPEED              7.2
HIGHEST WIND SPEED/DIRECTION    45/300    DATE  04/03
HIGHEST GUST SPEED/DIRECTION    57/300    DATE  04/03

SKY COVER
POSSIBLE SUNSHINE (PERCENT)   MM
AVERAGE SKY COVER           0.60
NUMBER OF DAYS FAIR            8
NUMBER OF DAYS PC              9
NUMBER OF DAYS CLOUDY         13

AVERAGE RH (PERCENT)     56

WEATHER CONDITIONS. NUMBER OF DAYS WITH
THUNDERSTORM              2     MIXED PRECIP               0
HEAVY RAIN                3     RAIN                       5
LIGHT RAIN               16     FREEZING RAIN              0
LT FREEZING RAIN          0     HAIL                       0
HEAVY SNOW                0     SNOW                       1
LIGHT SNOW                3     SLEET                      0
FOG                      12     FOG W/VIS <= 1/4 MILE      0
HAZE                      8

-  INDICATES NEGATIVE NUMBERS.
R  INDICATES RECORD WAS SET OR TIED.
MM INDICATES DATA IS MISSING.
T  INDICATES TRACE AMOUNT.

$$
