000
CXUS53 KLOT 011249
CLMMDW


CLIMATE REPORT
NATIONAL WEATHER SERVICE CHICAGO IL
630 AM CST THU DEC 1 2016

...................................

...THE CHICAGO-MIDWAY CLIMATE SUMMARY FOR THE MONTH OF NOVEMBER 2016...

CLIMATE NORMAL PERIOD 1981 TO 2010
CLIMATE RECORD PERIOD 1928 TO 2016

WEATHER         OBSERVED          NORMAL  DEPART  LAST YEAR`S
                 VALUE   DATE(S)  VALUE   FROM    VALUE
                                          NORMAL
.............................................................
TEMPERATURE (F)
RECORD
 HIGH              81   11/1/1950
 LOW               12   11/24/2013
HIGHEST            77   11/01                         74
LOWEST             24   11/21                         13
AVG. MAXIMUM     56.3              48.6     7.7     55.5
AVG. MINIMUM     41.1              34.5     6.6     39.3
MEAN             48.7              41.5     7.2     47.4

PRECIPITATION (INCHES)
RECORD
 MAXIMUM         7.63   1985
 MINIMUM         0.55   1976
TOTALS           1.66              3.42   -1.76     4.14

DEGREE_DAYS
HEATING TOTAL     486               704    -218      522
 SINCE 7/1        712              1135    -423      810
COOLING TOTAL       5                 0       5        1
 SINCE 1/1       1465              1045     420     1152
..............................................................

WIND (MPH)
AVERAGE WIND SPEED              9.1
HIGHEST WIND SPEED/DIRECTION    32/300    DATE  11/19
HIGHEST GUST SPEED/DIRECTION    43/290    DATE  11/19

AVERAGE RH (PERCENT)     66


-  INDICATES NEGATIVE NUMBERS.
R  INDICATES RECORD WAS SET OR TIED.
MM INDICATES DATA IS MISSING.
T  INDICATES TRACE AMOUNT.

$$
