000
CXUS54 KMEG 011718
CLMMEG


CLIMATE REPORT
NATIONAL WEATHER SERVICE MEMPHIS TN
1216 PM CDT SAT APR 1 2017

...................................

...THE MEMPHIS/GERMANTOWN WFO CLIMATE SUMMARY FOR THE MONTH OF MARCH 2017...

CLIMATE NORMAL PERIOD 1981 TO 2010
CLIMATE RECORD PERIOD 1988 TO 2017

WEATHER         OBSERVED          NORMAL  DEPART  LAST YEAR`S
                 VALUE   DATE(S)  VALUE   FROM    VALUE  DATE(S)
                                          NORMAL
................................................................
TEMPERATURE (F)
RECORD
 HIGH              89   03/29/2007
 LOW               10   03/06/2015
HIGHEST            85   03/20        MM      MM       83  03/15
LOWEST             25   03/15        MM      MM       30  03/02
AVG. MAXIMUM     66.7              62.5     4.2     67.7
AVG. MINIMUM     45.2              40.1     5.1     46.3
MEAN             56.0              51.3     4.7     57.0
DAYS MAX >= 90      0               0.0     0.0        0
DAYS MAX <= 32      0               0.2    -0.2        0
DAYS MIN <= 32      6               7.3    -1.3        2
DAYS MIN <= 0       0               0.0     0.0        0

PRECIPITATION (INCHES)
RECORD
 MAXIMUM           MM   MM
 MINIMUM           MM   MM
TOTALS           4.73              4.95   -0.22    16.69
DAILY AVG.       0.15              0.16   -0.01     0.54
DAYS >= .01        15              11.2     3.8       13
DAYS >= .10        11               7.7     3.3       12
DAYS >= .50         3               3.7    -0.7        7
DAYS >= 1.00        1               1.4    -0.4        6
GREATEST
 24 HR. TOTAL    1.17   03/07 TO 03/07

SNOWFALL (INCHES)
RECORDS
 TOTAL             MM   5
TOTALS            0.4               0.8    -0.4        T
SINCE 7/1         1.4               2.4    -1.0      0.9
SNOWDEPTH AVG.      0                MM      MM        0
DAYS >= 1.0         0               0.1    -0.1        0
GREATEST
 SNOW DEPTH         0   MM                             0  MM
 24 HR TOTAL      0.4   03/11 TO 03/11

DEGREE_DAYS
HEATING TOTAL     307               436    -129      254
 SINCE 7/1       2148              3182   -1034     2341
COOLING TOTAL      33                11      22       13
 SINCE 1/1         47                12      35       13
.................................................................



-  INDICATES NEGATIVE NUMBERS.
R  INDICATES RECORD WAS SET OR TIED.
MM INDICATES DATA IS MISSING.
T  INDICATES TRACE AMOUNT.

$$
