000
CXUS54 KMEG 011707
CLMMEM


CLIMATE REPORT
NATIONAL WEATHER SERVICE MEMPHIS TN
1157 AM CDT WED NOV 1 2017

...................................

...THE MEMPHIS CLIMATE SUMMARY FOR THE MONTH OF OCTOBER 2017...

CLIMATE NORMAL PERIOD 1981 TO 2010
CLIMATE RECORD PERIOD 1872 TO 2017

WEATHER         OBSERVED          NORMAL  DEPART  LAST YEAR`S
                 VALUE   DATE(S)  VALUE   FROM    VALUE  DATE(S)
                                          NORMAL
................................................................
TEMPERATURE (F)
RECORD
 HIGH              95   10/08/2007
                        10/05/1954
                        10/01/1953
 LOW               25   10/29/1952
HIGHEST            92   10/09        74      18       92  10/07
LOWEST             31   10/29        52     -21       44  10/22
AVG. MAXIMUM     75.8              74.4     1.4     81.9
AVG. MINIMUM     54.6              53.8     0.8     59.5
MEAN             65.2              64.1     1.1     70.7
DAYS MAX >= 90      1               0.3     0.7        1
DAYS MAX <= 32      0               0.0     0.0        0
DAYS MIN <= 32      1               0.1     0.9        0
DAYS MIN <= 0       0               0.0     0.0        0

PRECIPITATION (INCHES)
RECORD
 MAXIMUM        10.56   2009
 MINIMUM         0.00   1963
TOTALS           4.04              3.98    0.06     1.22
DAILY AVG.       0.13              0.13    0.00     0.04
DAYS >= .01         7               7.5    -0.5        5
DAYS >= .10         4               5.4    -1.4        1
DAYS >= .50         2               2.6    -0.6        1
DAYS >= 1.00        2               1.3     0.7        1
GREATEST
 24 HR. TOTAL    2.50   10/10 TO 10/10

SNOWFALL (INCHES)
RECORDS
 TOTAL            0.0   2002
                        2001
                        1993
TOTALS            0.0               0.0     0.0      0.0
SINCE 7/1         0.0               0.0     0.0      0.0
SNOWDEPTH AVG.      0                MM      MM        0
DAYS >= 1.0         0               0.0     0.0        0
GREATEST
 SNOW DEPTH         0   MM                             0  MM
 24 HR TOTAL      0.0   10/31 TO 10/31

DEGREE_DAYS
HEATING TOTAL     128               120       8       18
 SINCE 7/1        131               131       0       18
COOLING TOTAL     143                92      51      203
 SINCE 1/1       2280              2243      37     2774
.................................................................

WIND (MPH)
AVERAGE WIND SPEED              7.9
HIGHEST WIND SPEED/DIRECTION    25/300    DATE  10/24
HIGHEST GUST SPEED/DIRECTION    32/300    DATE  10/24

SKY COVER
POSSIBLE SUNSHINE (PERCENT)   MM
AVERAGE SKY COVER           0.40
NUMBER OF DAYS FAIR           12
NUMBER OF DAYS PC             18
NUMBER OF DAYS CLOUDY          1

AVERAGE RH (PERCENT)     64

WEATHER CONDITIONS. NUMBER OF DAYS WITH
THUNDERSTORM              0     MIXED PRECIP               0
HEAVY RAIN                2     RAIN                       2
LIGHT RAIN                8     FREEZING RAIN              0
LT FREEZING RAIN          0     HAIL                       0
HEAVY SNOW                0     SNOW                       0
LIGHT SNOW                0     SLEET                      0
FOG                       7     FOG W/VIS <= 1/4 MILE      1
HAZE                      2

-  INDICATES NEGATIVE NUMBERS.
R  INDICATES RECORD WAS SET OR TIED.
MM INDICATES DATA IS MISSING.
T  INDICATES TRACE AMOUNT.

$$
