000
CXUS54 KBMX 021113
CLMMGM


CLIMATE REPORT
NATIONAL WEATHER SERVICE BIRMINGHAM, AL
612 AM CDT SAT JUL 2 2016

...................................

...THE MONTGOMERY CLIMATE SUMMARY FOR THE MONTH OF JUNE 2016...

CLIMATE NORMAL PERIOD 1981 TO 2010
CLIMATE RECORD PERIOD 1872 TO 2016

WEATHER         OBSERVED          NORMAL  DEPART  LAST YEAR`S
                 VALUE   DATE(S)  VALUE   FROM    VALUE  DATE(S)
                                          NORMAL
................................................................
TEMPERATURE (F)
RECORD
 HIGH             106   06/27/1881
 LOW               48   06/01/1889
HIGHEST           100   06/26        MM      MM       98  06/23
                                                          06/22
LOWEST             62   06/09        MM      MM       65  06/04
AVG. MAXIMUM     93.3              89.8     3.5     91.3
AVG. MINIMUM     70.8              68.1     2.7     71.4
MEAN             82.1                               81.4
DAYS MAX >= 90     25              15.9     9.1       21
DAYS MAX <= 32      0               0.0     0.0        0
DAYS MIN <= 32      0               0.0     0.0        0
DAYS MIN <= 0       0               0.0     0.0        0

PRECIPITATION (INCHES)
RECORD
 MAXIMUM        15.59   1928
 MINIMUM         0.33   1979
TOTALS           2.73              4.07   -1.34     3.99
DAILY AVG.       0.09              0.14   -0.05     0.13
DAYS >= .01        10               9.7     0.3        9
DAYS >= .10         6               6.2    -0.2        7
DAYS >= .50         2               2.8    -0.8        3
DAYS >= 1.00        0               1.1    -1.1        1

DEGREE_DAYS
HEATING TOTAL       0                 0       0        0
 SINCE 7/1       1488              2236    -748     2136
COOLING TOTAL     518               419      99      497
 SINCE 1/1        979               758     221     1035
.................................................................

WIND (MPH)
AVERAGE WIND SPEED              4.5
HIGHEST WIND SPEED/DIRECTION    40/310    DATE  06/17
HIGHEST GUST SPEED/DIRECTION    54/290    DATE  06/17

AVERAGE RH (PERCENT)     65

WEATHER CONDITIONS. NUMBER OF DAYS WITH
THUNDERSTORM              0     MIXED PRECIP               0
HEAVY RAIN                4     RAIN                       6
LIGHT RAIN               11     FREEZING RAIN              0
LT FREEZING RAIN          0     HAIL                       0
HEAVY SNOW                0     SNOW                       0
LIGHT SNOW                0     SLEET                      0
FOG                      11     FOG W/VIS <= 1/4 MILE      0
HAZE                      4

-  INDICATES NEGATIVE NUMBERS.
R  INDICATES RECORD WAS SET OR TIED.
MM INDICATES DATA IS MISSING.
T  INDICATES TRACE AMOUNT.

$$
