000
CXUS54 KBMX 011636
CLMMGM


CLIMATE REPORT
NATIONAL WEATHER SERVICE BIRMINGHAM, AL
1035 AM CST FRI DEC 1 2017

...................................

...THE MONTGOMERY CLIMATE SUMMARY FOR THE MONTH OF NOVEMBER 2017...

CLIMATE NORMAL PERIOD 1981 TO 2010
CLIMATE RECORD PERIOD 1872 TO 2017

WEATHER         OBSERVED          NORMAL  DEPART  LAST YEAR`S
                 VALUE   DATE(S)  VALUE   FROM    VALUE  DATE(S)
                                          NORMAL
................................................................
TEMPERATURE (F)
RECORD
 HIGH              91   11/01/2016
 LOW               13   11/25/1950
HIGHEST            82   11/05        MM      MM       91  11/01
                        11/03
LOWEST             28   11/20        MM      MM       27  11/27
                                                          11/21
AVG. MAXIMUM     69.0              69.0     0.0     76.3
AVG. MINIMUM     44.1              43.9     0.2     45.1
MEAN             56.3                               60.7
DAYS MAX >= 90      0               0.0     0.0        1
DAYS MAX <= 32      0               0.0     0.0        0
DAYS MIN <= 32      4               3.7     0.3        3
DAYS MIN <= 0       0               0.0     0.0        0

PRECIPITATION (INCHES)
RECORD
 MAXIMUM        21.32   1948
 MINIMUM         0.00   2017
TOTALS           1.15              4.61   -3.46     1.99
DAILY AVG.       0.04              0.15   -0.11     0.07
DAYS >= .01         5               7.5    -2.5        2
DAYS >= .10         3               5.5    -2.5        2
DAYS >= .50         0               3.3    -3.3        2
DAYS >= 1.00        0               1.6    -1.6        1

DEGREE_DAYS
HEATING TOTAL     265               280     -15      163
 SINCE 7/1        335               371     -36      175
COOLING TOTAL      23                23       0       43
 SINCE 1/1       2805              2268     537     3015
.................................................................

WIND (MPH)
AVERAGE WIND SPEED              4.2
HIGHEST WIND SPEED/DIRECTION    30/300    DATE  11/18
HIGHEST GUST SPEED/DIRECTION    42/270    DATE  11/18

AVERAGE RH (PERCENT)     69

WEATHER CONDITIONS. NUMBER OF DAYS WITH
THUNDERSTORM              0     MIXED PRECIP               0
HEAVY RAIN                2     RAIN                       2
LIGHT RAIN                4     FREEZING RAIN              0
LT FREEZING RAIN          0     HAIL                       0
HEAVY SNOW                0     SNOW                       0
LIGHT SNOW                0     SLEET                      0
FOG                      20     FOG W/VIS <= 1/4 MILE      9
HAZE                      9

-  INDICATES NEGATIVE NUMBERS.
R  INDICATES RECORD WAS SET OR TIED.
MM INDICATES DATA IS MISSING.
T  INDICATES TRACE AMOUNT.

$$
