030
CXUS53 KTOP 011440
CLMMHK


CLIMATE REPORT
NATIONAL WEATHER SERVICE TOPEKA KS
828 AM CST MON FEB 1 2016

...................................

...THE MANHATTAN KS CLIMATE SUMMARY FOR THE MONTH OF JANUARY 2016...

CLIMATE NORMAL PERIOD 1981 TO 2010
CLIMATE RECORD PERIOD 9999 TO 9999

WEATHER         OBSERVED          NORMAL  DEPART  LAST YEAR`S
                 VALUE   DATE(S)  VALUE   FROM    VALUE
                                          NORMAL
.............................................................
TEMPERATURE (F)
HIGHEST            68   01/29                         72
LOWEST              1   01/10                         -4
AVG. MAXIMUM     41.2              40.6     0.6     44.7
AVG. MINIMUM     20.2              16.8     3.4     15.5
MEAN             30.7              28.7     2.0     30.1
DAYS MAX >= 90      0               0.0     0.0        0
DAYS MAX <= 32      9               8.7     0.3        7
DAYS MIN <= 32     26              29.7    -3.7       30
DAYS MIN <= 0       0               2.0    -2.0        3

PRECIPITATION (INCHES)
TOTALS           0.56              0.65   -0.09     0.92
DAILY AVG.       0.02                               0.03
DAYS >= .01         4                                  4
DAYS >= .10         3                                  1
DAYS >= .50         0                                  1
DAYS >= 1.00        0                                  0
GREATEST
 24 HR. TOTAL    0.32   01/07 TO 01/07              0.84

DEGREE_DAYS
HEATING TOTAL     987              1125    -138     1076
 SINCE 7/1       2561              3266    -705     3147
COOLING TOTAL       0                 0       0        0
 SINCE 1/1          0                 0       0        0
..............................................................

WIND (MPH)
AVERAGE WIND SPEED              6.0
HIGHEST WIND SPEED/DIRECTION    22/230    DATE  01/14
HIGHEST GUST SPEED/DIRECTION    30/220    DATE  01/14

SKY COVER
POSSIBLE SUNSHINE (PERCENT)   MM
AVERAGE SKY COVER           0.40
NUMBER OF DAYS FAIR           15
NUMBER OF DAYS PC              6
NUMBER OF DAYS CLOUDY         10

AVERAGE RH (PERCENT)     72

WEATHER CONDITIONS. NUMBER OF DAYS WITH
THUNDERSTORM              0     MIXED PRECIP               0
HEAVY RAIN                0     RAIN                       1
LIGHT RAIN                3     FREEZING RAIN              0
LT FREEZING RAIN          1     HEAVY SNOW                 0
SNOW                      3     LIGHT SNOW                 5
FOG                      11     FOG W/VIS <= 1/4 MILE      0
HAZE                      2

-  INDICATES NEGATIVE NUMBERS.
R  INDICATES RECORD WAS SET OR TIED.
MM INDICATES DATA IS MISSING.
T  INDICATES TRACE AMOUNT.

$$
