000
CXUS52 KMFL 011156
CLMMIA


CLIMATE REPORT
NATIONAL WEATHER SERVICE MIAMI, FL
753 AM EDT THU JUN 1 2017

...................................

...THE MIAMI CLIMATE SUMMARY FOR THE MONTH OF MAY 2017...

CLIMATE NORMAL PERIOD 1981 TO 2010
CLIMATE RECORD PERIOD 1895 TO 2017

WEATHER         OBSERVED          NORMAL  DEPART  LAST YEAR`S
                 VALUE   DATE(S)  VALUE   FROM    VALUE
                                          NORMAL
.............................................................
TEMPERATURE (F)
RECORD
 HIGH              98   05/28/2017
 LOW               50   05/05/1921
HIGHEST            98R  05/28                         93
LOWEST             66   05/07                         63
AVG. MAXIMUM     89.5              87.0     2.5     86.5
AVG. MINIMUM     74.9              72.9     2.0     73.5
MEAN             82.2              79.9     2.3     80.0
DAYS MAX >= 90     11                                  6
DAYS MAX <= 32      0                                  0
DAYS MIN <= 32      0                                  0
DAYS MIN <= 0       0                                  0

PRECIPITATION (INCHES)
RECORD
 MAXIMUM        18.66   1925
 MINIMUM         0.44   1965
TOTALS           2.69              5.34   -2.65     8.27
DAILY AVG.       0.09              0.17   -0.08
DAYS >= .01         9                                  9
DAYS >= .10         7                                  5
DAYS >= .50         1                                  4
DAYS >= 1.00        0                                  3
GREATEST
 24 HR. TOTAL    0.89   05/18 TO 05/18              3.45

DEGREE_DAYS
HEATING TOTAL       0                 0       0        0
 SINCE 7/1         17               128    -111       67
COOLING TOTAL     543               463      80      474
 SINCE 1/1       1704              1356     348     1462
..............................................................

WIND (MPH)
AVERAGE WIND SPEED              9.1
HIGHEST WIND SPEED/DIRECTION    31/250    DATE  05/24
HIGHEST GUST SPEED/DIRECTION    42/260    DATE  05/24

SKY COVER
POSSIBLE SUNSHINE (PERCENT)   65
AVERAGE SKY COVER           0.50
NUMBER OF DAYS FAIR            8
NUMBER OF DAYS PC             20
NUMBER OF DAYS CLOUDY          3

AVERAGE RH (PERCENT)     64

WEATHER CONDITIONS. NUMBER OF DAYS WITH
THUNDERSTORM              8     MIXED PRECIP               0
HEAVY RAIN                4     RAIN                       5
LIGHT RAIN               10     FREEZING RAIN              0
LT FREEZING RAIN          0     HAIL                       0
HEAVY SNOW                0     SNOW                       0
LIGHT SNOW                0     SLEET                      0
FOG                       4     FOG W/VIS <= 1/4 MILE      0
HAZE                      3

-  INDICATES NEGATIVE NUMBERS.
R  INDICATES RECORD WAS SET OR TIED.
MM INDICATES DATA IS MISSING.
T  INDICATES TRACE AMOUNT.

..................................................................


...............DATA FOR MIAMI BEACH.....MAY 2017.............

...TEMPERATURE DATA...

AVERAGE FOR THE MONTH .... 79.1 OR 0.7 DEGREES ABOVE NORMAL.
AVERAGE MAXIMUM .......... 84.3 OR 1.5 DEGREES ABOVE NORMAL.
AVERAGE MINIMUM .......... 73.8 OR 0.1 DEGREES BELOW NORMAL.

HIGHEST TEMPERATURE FOR THE MONTH: 91 DEGREES ON THE 29TH.
LOWEST TEMPERATURE FOR THE MONTH: 65 DEGREES ON THE 7TH.


...PRECIPITATION...

TOTAL FOR THE MONTH 2.22 INCHES OR 2.76 INCHES BELOW NORMAL.
TOTAL FOR THE YEAR  8.82 INCHES OR 6.78 INCHES BELOW NORMAL.
GREATEST 24-HOUR PERIOD RAINFALL 1.15 INCHES ON THE 19TH.

NUMBER OF DAYS HAVING 0.01 INCHES OR MORE ...   6.
NUMBER OF DAYS HAVING 0.10 INCHES OR MORE ...   6.
NUMBER OF DAYS HAVING 0.50 INCHES OR MORE ...   1.
NUMBER OF DAYS HAVING 1.00 INCHES OR MORE ...   1.


..................................................................


.........DATA FOR NWS MIAMI (WEST MIAMI).....MAY 2017.......

...TEMPERATURE DATA...

AVERAGE FOR THE MONTH .... 81.3 OR 2.9 DEGREES ABOVE NORMAL.
AVERAGE MAXIMUM .......... 89.5 OR 3.5 DEGREES ABOVE NORMAL.
AVERAGE MINIMUM .......... 73.1 OR 2.4 DEGREES ABOVE NORMAL.

HIGHEST TEMPERATURE FOR THE MONTH: 97 DEGREES ON THE 29TH.
LOWEST  TEMPERATURE FOR THE MONTH: 63 DEGREES ON THE 7TH.


...PRECIPITATION...

TOTAL FOR THE MONTH 1.62 INCHES OR 4.03 INCHES BELOW NORMAL.
TOTAL FOR THE YEAR 12.95 INCHES OR 2.96 INCHES BELOW NORMAL.
GREATEST 24-HOUR PERIOD RAINFALL 0.61 INCHES ON THE 25TH.

NUMBER OF DAYS HAVING 0.01 INCHES OR MORE ... 6.
NUMBER OF DAYS HAVING 0.10 INCHES OR MORE ... 6.
NUMBER OF DAYS HAVING 0.50 INCHES OR MORE ... 1.
NUMBER OF DAYS HAVING 1.00 INCHES OR MORE ... 0.


..................................................................
$$
