000
CXUS54 KMEG 011351
CLMMKL


CLIMATE REPORT
NATIONAL WEATHER SERVICE MEMPHIS TN
843 AM CDT MON JUN 1 2015

...................................

...THE JACKSON CLIMATE SUMMARY FOR THE MONTH OF MAY 2015...

CLIMATE NORMAL PERIOD 1981 TO 2010
CLIMATE RECORD PERIOD 1948 TO 2015

WEATHER         OBSERVED          NORMAL  DEPART  LAST YEAR`S
                 VALUE   DATE(S)  VALUE   FROM    VALUE  DATE(S)
                                          NORMAL
................................................................
TEMPERATURE (F)
RECORD
 HIGH              94   05/28/2012
 LOW               34   05/04/2013
HIGHEST            90   05/10        80      10       89  05/12
LOWEST             40   05/01        58     -18       40  05/02
AVG. MAXIMUM     80.3              79.9     0.4     80.4
AVG. MINIMUM     57.6              57.2     0.4     59.1
MEAN             69.0              68.6     0.4     69.7
DAYS MAX >= 90      1               1.2    -0.2        0
DAYS MAX <= 32      0               0.0     0.0        0
DAYS MIN <= 32      0               0.0     0.0        0
DAYS MIN <= 0       0               0.0     0.0        0

PRECIPITATION (INCHES)
RECORD
 MAXIMUM        14.91   2010
 MINIMUM         0.42   2005
TOTALS           5.89              5.69    0.20     3.82
DAILY AVG.       0.19              0.18    0.01     0.12
DAYS >= .01        11              10.9     0.1       12
DAYS >= .10         9               7.1     1.9        7
DAYS >= .50         4               3.7     0.3        1
DAYS >= 1.00        2               1.9     0.1        1
GREATEST
 24 HR. TOTAL    1.69   05/15 TO 05/16

SNOWFALL (INCHES)
RECORDS
 TOTAL             MM   MM
TOTALS            0.0               0.0     0.0      0.0
SINCE 7/1         5.9               4.6     1.3      1.3
SNOWDEPTH AVG.      0                MM      MM        0
DAYS >= 1.0         0               0.0     0.0        0
GREATEST
 SNOW DEPTH         0   MM                             0  MM
 24 HR TOTAL      0.0   05/31 TO 05/31

DEGREE_DAYS
HEATING TOTAL      39                46      -7       59
 SINCE 7/1       3837              3572     265     4147
COOLING TOTAL     170               156      14      213
 SINCE 1/1        231               215      16      250
.................................................................

WIND (MPH)
AVERAGE WIND SPEED              5.5
HIGHEST WIND SPEED/DIRECTION    25/280    DATE  05/08
HIGHEST GUST SPEED/DIRECTION    35/170    DATE  05/30

SKY COVER
POSSIBLE SUNSHINE (PERCENT)   MM
AVERAGE SKY COVER           0.30
NUMBER OF DAYS FAIR           17
NUMBER OF DAYS PC             10
NUMBER OF DAYS CLOUDY          4

AVERAGE RH (PERCENT)     71

WEATHER CONDITIONS. NUMBER OF DAYS WITH
THUNDERSTORM              0     MIXED PRECIP               0
HEAVY RAIN                6     RAIN                       8
LIGHT RAIN               12     FREEZING RAIN              0
LT FREEZING RAIN          0     HAIL                       0
HEAVY SNOW                0     SNOW                       0
LIGHT SNOW                0     SLEET                      0
FOG                      17     FOG W/VIS <= 1/4 MILE      1
HAZE                      2

-  INDICATES NEGATIVE NUMBERS.
R  INDICATES RECORD WAS SET OR TIED.
MM INDICATES DATA IS MISSING.
T  INDICATES TRACE AMOUNT.

$$
