000
CXUS54 KMEG 031321
CLMMKL


CLIMATE REPORT
NATIONAL WEATHER SERVICE MEMPHIS TN
817 AM CDT WED MAY 3 2017

...................................

...THE JACKSON CLIMATE SUMMARY FOR THE MONTH OF APRIL 2017...

CLIMATE NORMAL PERIOD 1981 TO 2010
CLIMATE RECORD PERIOD 1948 TO 2017

WEATHER         OBSERVED          NORMAL  DEPART  LAST YEAR`S
                 VALUE   DATE(S)  VALUE   FROM    VALUE  DATE(S)
                                          NORMAL
................................................................
TEMPERATURE (F)
RECORD
 HIGH              95   04/21/1987
 LOW               21   04/08/2007
HIGHEST            87   04/29        72      15       84  04/26
LOWEST             34   04/08        49     -15       37  04/03
AVG. MAXIMUM     76.1              72.1     4.0     72.7
AVG. MINIMUM     54.2              47.9     6.3     50.4
MEAN             65.1              60.0     5.1     61.5
DAYS MAX >= 90      0               0.3    -0.3        0
DAYS MAX <= 32      0               0.0     0.0        0
DAYS MIN <= 32      0               1.7    -1.7        0
DAYS MIN <= 0       0               0.0     0.0        0

PRECIPITATION (INCHES)
RECORD
 MAXIMUM        11.35   1983
 MINIMUM         1.15   2012
TOTALS           5.78              4.86    0.92     3.20
DAILY AVG.       0.19              0.16    0.03     0.11
DAYS >= .01        14              10.1     3.9       12
DAYS >= .10        10               6.9     3.1        6
DAYS >= .50         5               3.3     1.7        4
DAYS >= 1.00        1               1.6    -0.6        0
GREATEST
 24 HR. TOTAL    1.60   04/22 TO 04/22

SNOWFALL (INCHES)
RECORDS
 TOTAL            3.5   2004
TOTALS            0.0               0.0     0.0      0.0
SINCE 7/1           T               4.6    -4.6      1.5
SNOWDEPTH AVG.      0                MM      MM        0
DAYS >= 1.0         0               0.0     0.0        0
GREATEST
 SNOW DEPTH         0   MM                             0  MM
 24 HR TOTAL      0.0   04/30 TO 04/30

DEGREE_DAYS
HEATING TOTAL      79               198    -119      134
 SINCE 7/1       2478              3526   -1048     2815
COOLING TOTAL      89                48      41       38
 SINCE 1/1        104                59      45       44
.................................................................

WIND (MPH)
AVERAGE WIND SPEED              7.8
HIGHEST WIND SPEED/DIRECTION    32/260    DATE  04/05
HIGHEST GUST SPEED/DIRECTION    43/160    DATE  04/02

SKY COVER
POSSIBLE SUNSHINE (PERCENT)   MM
AVERAGE SKY COVER           0.40
NUMBER OF DAYS FAIR           14
NUMBER OF DAYS PC             12
NUMBER OF DAYS CLOUDY          4

AVERAGE RH (PERCENT)     71

WEATHER CONDITIONS. NUMBER OF DAYS WITH
THUNDERSTORM              0     MIXED PRECIP               0
HEAVY RAIN                9     RAIN                       8
LIGHT RAIN               15     FREEZING RAIN              0
LT FREEZING RAIN          0     HAIL                       0
HEAVY SNOW                0     SNOW                       0
LIGHT SNOW                0     SLEET                      0
FOG                      15     FOG W/VIS <= 1/4 MILE      2
HAZE                      2

-  INDICATES NEGATIVE NUMBERS.
R  INDICATES RECORD WAS SET OR TIED.
MM INDICATES DATA IS MISSING.
T  INDICATES TRACE AMOUNT.

$$
