000
CXUS51 KCAR 151219
CLMMLT


CLIMATE REPORT
NATIONAL WEATHER SERVICE CARIBOU, ME
719 AM EST THU FEB 15 2018

...................................

...THE MILLINOCKET ME CLIMATE SUMMARY FOR THE MONTH OF JANUARY 2018...

CLIMATE NORMAL PERIOD 1981 TO 2010
CLIMATE RECORD PERIOD 1903 TO 2018

WEATHER         OBSERVED          NORMAL  DEPART  LAST YEAR`S
                 VALUE   DATE(S)  VALUE   FROM    VALUE  DATE(S)
                                          NORMAL
................................................................
TEMPERATURE (F)
RECORD
 HIGH              57   01/05/1950
 LOW              -41   01/19/1925
HIGHEST            51   01/13        MM      MM       48  01/11
                        01/12
LOWEST            -12   01/03        MM      MM      -11  01/10
                        01/02
AVG. MAXIMUM     24.8              23.7     1.1     29.3
AVG. MINIMUM      6.5               4.3     2.2     13.5
MEAN             15.7              14.0     1.7     21.4
DAYS MAX >= 90      0               0.0     0.0        0
DAYS MAX <= 32     22              24.3    -2.3       15
DAYS MIN <= 32     30              30.8    -0.8       29
DAYS MIN <= 0      11              11.9    -0.9        5

PRECIPITATION (INCHES)
RECORD
 MAXIMUM           MM   MM
 MINIMUM           MM   MM
TOTALS           3.70                      0.77
DAILY AVG.       0.12              0.09    0.03     0.09
DAYS >= .01         8                MM      MM       12
DAYS >= .10         4                MM      MM        6
DAYS >= .50         3                MM      MM        2
DAYS >= 1.00        2                MM      MM        1

SNOWFALL (INCHES)
RECORDS
 TOTAL             MM   MM
TOTALS             MM                MM      MM       MM
SINCE 7/1          MM                MM      MM       MM
SNOWDEPTH AVG.     MM                MM      MM       MM
DAYS >= 1.0         0                MM      MM        0
GREATEST
 SNOW DEPTH        MM                                 MM  MM
 24 HR TOTAL       MM                                 MM

DEGREE_DAYS
HEATING TOTAL    1522              1581     -59     1303
 SINCE 7/1       4553              4746    -193     4255
COOLING TOTAL       0                 0       0        0
 SINCE 1/1          0                 0       0        0
.................................................................

WIND (MPH)
AVERAGE WIND SPEED              7.6
HIGHEST WIND SPEED/DIRECTION    31/300    DATE  01/06
HIGHEST GUST SPEED/DIRECTION    45/280    DATE  01/06

SKY COVER
POSSIBLE SUNSHINE (PERCENT)   MM
AVERAGE SKY COVER           0.60
NUMBER OF DAYS FAIR            9
NUMBER OF DAYS PC             12
NUMBER OF DAYS CLOUDY         10

AVERAGE RH (PERCENT)     73

WEATHER CONDITIONS. NUMBER OF DAYS WITH
  0
  4
  2
  0
  5
  0
  5
HAZE                     13

-  INDICATES NEGATIVE NUMBERS.
R  INDICATES RECORD WAS SET OR TIED.
MM INDICATES DATA IS MISSING.
T  INDICATES TRACE AMOUNT.

$$
