000
CXUS51 KCAR 231332
CLMMLT

CLIMATE REPORT
NATIONAL WEATHER SERVICE CARIBOU, ME
306 AM EST SAT JAN 3 2015

...................................

...THE MILLINOCKET ME CLIMATE SUMMARY FOR THE MONTH OF DECEMBER 2014...

CLIMATE NORMAL PERIOD 1981 TO 2010
CLIMATE RECORD PERIOD 1903 TO 2015

WEATHER         OBSERVED          NORMAL  DEPART  LAST YEAR`S
                 VALUE   DATE(S)  VALUE   FROM    VALUE  DATE(S)
                                          NORMAL
................................................................
TEMPERATURE (F)
RECORD
 HIGH              62   12/11/1907
 LOW              -35   12/31/1917
HIGHEST            47   12/25        MM      MM       41  12/06
LOWEST             -9   12/08        MM      MM      -11  12/31
                                                          12/17
AVG. MAXIMUM     32.6              30.3     2.3     24.8
AVG. MINIMUM     20.1              14.4     5.7     10.2
MEAN             26.4              22.4     4.0     17.5
DAYS MAX >= 90      0               0.0     0.0        0
DAYS MAX <= 32     12              17.2    -5.2       24
DAYS MIN <= 32     25              29.9    -4.9       29
DAYS MIN <= 0       4               3.1     0.9        8

PRECIPITATION (INCHES)
RECORD
 MAXIMUM         5.94   2003
 MINIMUM         1.91   2001
TOTALS           6.00                      2.47
DAILY AVG.       0.19              0.11    0.08     0.07
DAYS >= .01        14                MM      MM       15
DAYS >= .10        10                MM      MM        8
DAYS >= .50         4                MM      MM        1
DAYS >= 1.00        2                MM      MM        0

SNOWFALL (INCHES)
RECORDS
 TOTAL             MM   MM
TOTALS             MM                MM      MM       MM
SINCE 7/1          MM                MM      MM       MM
SNOWDEPTH AVG.     MM                MM      MM        0
DAYS >= 1.0         0                MM      MM        0
GREATEST
 SNOW DEPTH        MM                                  0  MM
 24 HR TOTAL       MM                                 MM

DEGREE_DAYS
HEATING TOTAL    1189              1322    -133     1464
 SINCE 7/1       2785              3165    -380     3156
COOLING TOTAL       0                 0       0        0
 SINCE 1/1        375               268     107      380
.................................................................

WIND (MPH)
AVERAGE WIND SPEED              5.0
HIGHEST WIND SPEED/DIRECTION    28/300    DATE  12/26
HIGHEST GUST SPEED/DIRECTION    43/290    DATE  12/25

SKY COVER
POSSIBLE SUNSHINE (PERCENT)   MM
AVERAGE SKY COVER           0.70
NUMBER OF DAYS FAIR            7
NUMBER OF DAYS PC              5
NUMBER OF DAYS CLOUDY         19

AVERAGE RH (PERCENT)     78

WEATHER CONDITIONS. NUMBER OF DAYS WITH
THUNDERSTORM              0     MIXED PRECIP               0
HEAVY RAIN                1     RAIN                       4
LIGHT RAIN                8     FREEZING RAIN              1
LT FREEZING RAIN          4     HAIL                       0
HEAVY SNOW                1     SNOW                       3
LIGHT SNOW               13     SLEET                      0
FOG                      24     FOG W/VIS <= 1/4 MILE      6
HAZE                      7

-  INDICATES NEGATIVE NUMBERS.
R  INDICATES RECORD WAS SET OR TIED.
MM INDICATES DATA IS MISSING.
T  INDICATES TRACE AMOUNT.

$$
