000
CXUS51 KBTV 011457
CLMMPV


CLIMATE REPORT
NATIONAL WEATHER SERVICE BURLINGTON VT
957 AM EST MON FEB 1 2016

...................................

...THE MONTPELIER VT CLIMATE SUMMARY FOR THE MONTH OF JANUARY 2016...

CLIMATE NORMAL PERIOD 1981 TO 2010
CLIMATE RECORD PERIOD 1948 TO 2016

WEATHER         OBSERVED          NORMAL  DEPART  LAST YEAR`S
                 VALUE   DATE(S)  VALUE   FROM    VALUE  DATE(S)
                                          NORMAL
................................................................
TEMPERATURE (F)
RECORD
 HIGH              66   01/04/1950
 LOW              -34   01/04/1981
HIGHEST            49   01/31        MM      MM       50  01/04
LOWEST            -10   01/05        MM      MM      -20  01/08
AVG. MAXIMUM     28.9              26.4     2.5     22.7
AVG. MINIMUM     11.7               7.0     4.7      0.3
MEAN             20.3              16.7     3.6     11.5
DAYS MAX >= 90      0               0.0     0.0        0
DAYS MAX <= 32     18              20.7    -2.7       27
DAYS MIN <= 32     30              30.0     0.0       31
DAYS MIN <= 0       5              10.2    -5.2       15

PRECIPITATION (INCHES)
RECORD
 MAXIMUM         6.88   1978
 MINIMUM         0.21   1981
TOTALS           1.26              2.45   -1.19     1.78
DAILY AVG.       0.04              0.08   -0.04     0.06
DAYS >= .01         9              13.0    -4.0       11
DAYS >= .10         3               5.0    -2.0        4
DAYS >= .50         1               1.4    -0.4        1
DAYS >= 1.00        0               0.3    -0.3        0
GREATEST
 24 HR. TOTAL    0.84   01/10 TO 01/10           01/18 TO 01/19
                        01/09 TO 01/10                    01/26 TO 01/26
                        01/10 TO 01/10                    01/26 TO 01/26
 STORM TOTAL       MM                                 MM
 (MM/DD(HH))            MM                    01/19(00) TO 01/19(00)
                                                 01/26(00) TO 01/26(00)6
                                                 01/26(00) TO 01/26(00)6

DEGREE_DAYS
HEATING TOTAL    1376              1497    -121     1651
 SINCE 7/1       3947              4645    -698     4668
.......................................................

WIND (MPH)
AVERAGE WIND SPEED              6.2
HIGHEST WIND SPEED/DIRECTION    28/220    DATE  01/26
HIGHEST GUST SPEED/DIRECTION    45/210    DATE  01/26

SKY COVER
POSSIBLE SUNSHINE (PERCENT)   MM
AVERAGE SKY COVER           0.60
NUMBER OF DAYS FAIR            7
NUMBER OF DAYS PC             11
NUMBER OF DAYS CLOUDY         13

AVERAGE RH (PERCENT)     71

WEATHER CONDITIONS. NUMBER OF DAYS WITH
THUNDERSTORM              0     MIXED PRECIP               0
HEAVY RAIN                1     RAIN                       1
LIGHT RAIN                2     FREEZING RAIN              0
LT FREEZING RAIN          0     HAIL                       0
HEAVY SNOW                1     SNOW                       5
LIGHT SNOW               18     SLEET                      0
FOG                      19     FOG W/VIS <= 1/4 MILE      2
HAZE                     14

-  INDICATES NEGATIVE NUMBERS.
R  INDICATES RECORD WAS SET OR TIED.
MM INDICATES DATA IS MISSING.
T  INDICATES TRACE AMOUNT.

$$
