000
CXUS53 KMPX 011040
CLMMPX


CLIMATE REPORT
NATIONAL WEATHER SERVICE CHANHASSEN MN
440 AM CST FRI DEC 1 2017

...................................

...THE CHANHASSEN MN CLIMATE SUMMARY FOR THE MONTH OF NOVEMBER 2017...

CLIMATE NORMAL PERIOD 1981 TO 2010
CLIMATE RECORD PERIOD 1995 TO 2017

WEATHER         OBSERVED          NORMAL  DEPART  LAST YEAR`S
                 VALUE   DATE(S)  VALUE   FROM    VALUE  DATE(S)
                                          NORMAL
................................................................
TEMPERATURE (F)
RECORD
 HIGH              MM   MM
 LOW               -5   11/27/2014
HIGHEST            60   11/27        MM      MM       71  11/05
LOWEST             10   11/10        MM      MM       20  11/19
AVG. MAXIMUM     40.4              40.3     0.1     50.3
AVG. MINIMUM     23.8              25.0    -1.2     32.9
MEAN             32.1              32.7    -0.6     41.6
DAYS MAX >= 90      0                                  0
DAYS MAX <= 32      4                                  2
DAYS MIN <= 32     27                                 15
DAYS MIN <= 0       0                                  0

PRECIPITATION (INCHES)
RECORD
 MAXIMUM           MM   MM
 MINIMUM           MM   MM
TOTALS           0.24              1.97   -1.73     1.71
DAILY AVG.       0.01                               0.06
DAYS >= .01         7                                  8
DAYS >= .10         0                                  3
DAYS >= .50         0                                  2
DAYS >= 1.00        0                                  0
GREATEST
 24 HR. TOTAL    0.06   11/05 TO 11/05              0.66

SNOWFALL (INCHES)
RECORDS
 TOTAL             MM   MM
TOTALS            1.1               5.4    -4.3      5.1
SINCE 7/1         1.8               5.8    -4.0      5.1
SNOWDEPTH AVG.      0                                  0
DAYS >= 1.0         0                                  1
GREATEST
 SNOW DEPTH         T   11/11                          4  11/23
 24 HR TOTAL      0.8   11/03 TO 11/03

DEGREE_DAYS
HEATING TOTAL     981               971      10      696
 SINCE 7/1       1613              1707     -94     1223
COOLING TOTAL       0                 0       0        0
 SINCE 1/1        478               605    -127      631
.................................................................

WIND (MPH)
AVERAGE WIND SPEED              MM
RESULTANT WIND SPEED/DIRECTION  MM
HIGHEST WIND SPEED/DIRECTION    MM        DATE   MM
HIGHEST GUST SPEED/DIRECTION    MM        DATE   MM

SKY COVER
POSSIBLE SUNSHINE (PERCENT)   MM
AVERAGE SKY COVER             MM
NUMBER OF DAYS FAIR            0
NUMBER OF DAYS PC              0
NUMBER OF DAYS CLOUDY          0

AVERAGE RH (PERCENT)     MM

WEATHER CONDITIONS. NUMBER OF DAYS WITH
THUNDERSTORM              0     MIXED PRECIP               0
HEAVY RAIN                0     RAIN                       0
LIGHT RAIN                0     FREEZING RAIN              0
LT FREEZING RAIN          0     HAIL                       0
HEAVY SNOW                0     SNOW                       0
LIGHT SNOW                0     SLEET                      0
FOG                       0     FOG W/VIS <= 1/4 MILE      0
HAZE                      0

-  INDICATES NEGATIVE NUMBERS.
R  INDICATES RECORD WAS SET OR TIED.
MM INDICATES DATA IS MISSING.
T  INDICATES TRACE AMOUNT.

$$
