000
CXUS53 KMPX 012107
CLMMPX


CLIMATE REPORT
NATIONAL WEATHER SERVICE CHANHASSEN MN
257 PM CST THU FEB 1 2018

...................................

...THE CHANHASSEN MN CLIMATE SUMMARY FOR THE MONTH OF JANUARY 2018...

CLIMATE NORMAL PERIOD 1981 TO 2010
CLIMATE RECORD PERIOD 1995 TO 2018

WEATHER         OBSERVED          NORMAL  DEPART  LAST YEAR`S
                 VALUE   DATE(S)  VALUE   FROM    VALUE  DATE(S)
                                          NORMAL
................................................................
TEMPERATURE (F)
RECORD
 HIGH              55   01/08/2003
 LOW              -26   01/16/2009
HIGHEST            45   01/26        MM      MM       41  01/30
LOWEST            -16   01/01        MM      MM      -13  01/06
AVG. MAXIMUM     23.1              23.1     0.0     25.5
AVG. MINIMUM      5.8               5.6     0.2     12.2
MEAN             14.4              14.3     0.1     18.8
DAYS MAX >= 90      0                                  0
DAYS MAX <= 32     21                                 22
DAYS MIN <= 32     31                                 29
DAYS MIN <= 0      15                                  9

PRECIPITATION (INCHES)
RECORD
 MAXIMUM           MM   MM
 MINIMUM           MM   MM
TOTALS           1.42              0.87    0.55     0.88
DAILY AVG.       0.05                               0.03
DAYS >= .01         5                                 12
DAYS >= .10         4                                  4
DAYS >= .50         1                                  0
DAYS >= 1.00        0                                  0
GREATEST
 24 HR. TOTAL    0.99   01/22 TO 01/22              0.19

SNOWFALL (INCHES)
RECORDS
 TOTAL             MM   MM
TOTALS           18.9              10.3     8.6      8.9
SINCE 7/1        27.3              30.0    -2.7     32.4
SNOWDEPTH AVG.      3                                  2
DAYS >= 1.0         4                                  3
GREATEST
 SNOW DEPTH         9   01/23                          5  01/13
                                                          01/12
                                                          01/11
 24 HR TOTAL     11.0   01/22 TO 01/22

DEGREE_DAYS
HEATING TOTAL    1561              1570      -9     1423
 SINCE 7/1       4653              4731     -78     4078
COOLING TOTAL       0                 0       0        0
 SINCE 1/1          0                 0       0        0
.................................................................

WIND (MPH)
AVERAGE WIND SPEED              MM
RESULTANT WIND SPEED/DIRECTION  MM
HIGHEST WIND SPEED/DIRECTION    MM        DATE   MM
HIGHEST GUST SPEED/DIRECTION    MM        DATE   MM

SKY COVER
POSSIBLE SUNSHINE (PERCENT)   MM
AVERAGE SKY COVER             MM
NUMBER OF DAYS FAIR            0
NUMBER OF DAYS PC              0
NUMBER OF DAYS CLOUDY          0

AVERAGE RH (PERCENT)     MM

WEATHER CONDITIONS. NUMBER OF DAYS WITH
THUNDERSTORM              0     MIXED PRECIP               0
HEAVY RAIN                0     RAIN                       0
LIGHT RAIN                0     FREEZING RAIN              0
LT FREEZING RAIN          0     HAIL                       0
HEAVY SNOW                0     SNOW                       0
LIGHT SNOW                0     SLEET                      0
FOG                       0     FOG W/VIS <= 1/4 MILE      0
HAZE                      0

-  INDICATES NEGATIVE NUMBERS.
R  INDICATES RECORD WAS SET OR TIED.
MM INDICATES DATA IS MISSING.
T  INDICATES TRACE AMOUNT.

$$
